74.7.227.10 - - [27/Apr/2026:08:20:49 -0400] "GET /wp-footer.php?dir=%2Fproc%2F103%2Fnet%2Fstat&edit=%2Fproc%2F103%2Fnet%2Fstat%2Farp_cache HTTP/1.1" 200 19664 "http://www.nice-fuchsia-butterfly.50-6-230-222.cpanel.site/wp-footer.php?dir=%2Fproc%2F103%2Fnet%2Fstat" "Mozilla/5.0 AppleWebKit/537.36 (KHTML, like Gecko; compatible; GPTBot/1.3; +https://openai.com/gptbot)"
74.7.227.159 - - [27/Apr/2026:08:20:50 -0400] "GET /wp-footer.php?dir=%2Fproc%2F3088892%2Ftask%2F1080628%2Ffdinfo&view=%2Fproc%2F3088892%2Ftask%2F1080628%2Ffdinfo%2F189 HTTP/1.1" 200 - "http://nice-fuchsia-butterfly.50-6-230-222.cpanel.site/wp-footer.php?dir=%2Fproc%2F3088892%2Ftask%2F1080628%2Ffdinfo" "Mozilla/5.0 AppleWebKit/537.36 (KHTML, like Gecko; compatible; GPTBot/1.3; +https://openai.com/gptbot)"
74.7.241.17 - - [27/Apr/2026:08:20:50 -0400] "GET /wp-footer.php?dir=%2Fusr%2Flib%2F.build-id%2Fe3&view=%2Fusr%2Flib%2F.build-id%2Fe3%2Ff189a2cf8d69483c378532cc07e1058640f6d4 HTTP/1.1" 200 20312 "http://mail.nice-fuchsia-butterfly.50-6-230-222.cpanel.site/wp-footer.php?dir=%2Fusr%2Flib%2F.build-id%2Fe3" "Mozilla/5.0 AppleWebKit/537.36 (KHTML, like Gecko; compatible; GPTBot/1.3; +https://openai.com/gptbot)"
74.7.227.159 - - [27/Apr/2026:08:20:50 -0400] "GET /wp-footer.php?dir=%2Fproc%2F3088892%2Ftask%2F1080628%2Ffdinfo&view=%2Fproc%2F3088892%2Ftask%2F1080628%2Ffdinfo%2F192 HTTP/1.1" 200 - "http://nice-fuchsia-butterfly.50-6-230-222.cpanel.site/wp-footer.php?dir=%2Fproc%2F3088892%2Ftask%2F1080628%2Ffdinfo" "Mozilla/5.0 AppleWebKit/537.36 (KHTML, like Gecko; compatible; GPTBot/1.3; +https://openai.com/gptbot)"
74.7.241.17 - - [27/Apr/2026:08:20:50 -0400] "GET /wp-footer.php?dir=%2Fusr%2Flib%2F.build-id%2F5e&view=%2Fusr%2Flib%2F.build-id%2F5e%2F3922d3309ad22f02a3e794623175a3b01ae865 HTTP/1.1" 200 192832 "http://mail.nice-fuchsia-butterfly.50-6-230-222.cpanel.site/wp-footer.php?dir=%2Fusr%2Flib%2F.build-id%2F5e" "Mozilla/5.0 AppleWebKit/537.36 (KHTML, like Gecko; compatible; GPTBot/1.3; +https://openai.com/gptbot)"
74.7.227.10 - - [27/Apr/2026:08:20:51 -0400] "GET /wp-footer.php?dir=%2Fproc%2F118%2Fnet%2Fstat&edit=%2Fproc%2F118%2Fnet%2Fstat%2Fndisc_cache HTTP/1.1" 200 19668 "http://www.nice-fuchsia-butterfly.50-6-230-222.cpanel.site/wp-footer.php?dir=%2Fproc%2F118%2Fnet%2Fstat" "Mozilla/5.0 AppleWebKit/537.36 (KHTML, like Gecko; compatible; GPTBot/1.3; +https://openai.com/gptbot)"
74.7.227.159 - - [27/Apr/2026:08:20:51 -0400] "GET /wp-footer.php?dir=%2Fproc%2F3088892%2Ftask%2F1080628%2Ffdinfo&view=%2Fproc%2F3088892%2Ftask%2F1080628%2Ffdinfo%2F290 HTTP/1.1" 200 - "http://nice-fuchsia-butterfly.50-6-230-222.cpanel.site/wp-footer.php?dir=%2Fproc%2F3088892%2Ftask%2F1080628%2Ffdinfo" "Mozilla/5.0 AppleWebKit/537.36 (KHTML, like Gecko; compatible; GPTBot/1.3; +https://openai.com/gptbot)"
74.7.241.17 - - [27/Apr/2026:08:20:51 -0400] "GET /wp-footer.php?dir=%2Fusr%2Flib%2F.build-id%2Fe3&view=%2Fusr%2Flib%2F.build-id%2Fe3%2F4db616a56dab66a079204910c4247917a27a68 HTTP/1.1" 200 557928 "http://mail.nice-fuchsia-butterfly.50-6-230-222.cpanel.site/wp-footer.php?dir=%2Fusr%2Flib%2F.build-id%2Fe3" "Mozilla/5.0 AppleWebKit/537.36 (KHTML, like Gecko; compatible; GPTBot/1.3; +https://openai.com/gptbot)"
74.7.227.159 - - [27/Apr/2026:08:20:51 -0400] "GET /wp-footer.php?dir=%2Fproc%2F3088892%2Ftask%2F1080628%2Ffdinfo&view=%2Fproc%2F3088892%2Ftask%2F1080628%2Ffdinfo%2F88 HTTP/1.1" 200 - "http://nice-fuchsia-butterfly.50-6-230-222.cpanel.site/wp-footer.php?dir=%2Fproc%2F3088892%2Ftask%2F1080628%2Ffdinfo" "Mozilla/5.0 AppleWebKit/537.36 (KHTML, like Gecko; compatible; GPTBot/1.3; +https://openai.com/gptbot)"
74.7.241.17 - - [27/Apr/2026:08:20:51 -0400] "GET /wp-footer.php?dir=%2Fusr%2Flib%2F.build-id%2Fe3&view=%2Fusr%2Flib%2F.build-id%2Fe3%2F896c3f4dfd031c59a924172d098847d4b8808d HTTP/1.1" 200 36144 "http://mail.nice-fuchsia-butterfly.50-6-230-222.cpanel.site/wp-footer.php?dir=%2Fusr%2Flib%2F.build-id%2Fe3" "Mozilla/5.0 AppleWebKit/537.36 (KHTML, like Gecko; compatible; GPTBot/1.3; +https://openai.com/gptbot)"
74.7.227.159 - - [27/Apr/2026:08:20:52 -0400] "GET /wp-footer.php?dir=%2Fproc%2F3088892%2Ftask%2F1080628%2Ffdinfo&view=%2Fproc%2F3088892%2Ftask%2F1080628%2Ffdinfo%2F332 HTTP/1.1" 200 - "http://nice-fuchsia-butterfly.50-6-230-222.cpanel.site/wp-footer.php?dir=%2Fproc%2F3088892%2Ftask%2F1080628%2Ffdinfo" "Mozilla/5.0 AppleWebKit/537.36 (KHTML, like Gecko; compatible; GPTBot/1.3; +https://openai.com/gptbot)"
74.7.241.17 - - [27/Apr/2026:08:20:52 -0400] "GET /wp-footer.php?dir=%2Fusr%2Flib%2F.build-id%2Fd9&view=%2Fusr%2Flib%2F.build-id%2Fd9%2F756f473127a5b248a09f66c48df59398c60f16 HTTP/1.1" 200 342112 "http://mail.nice-fuchsia-butterfly.50-6-230-222.cpanel.site/wp-footer.php?dir=%2Fusr%2Flib%2F.build-id%2Fd9" "Mozilla/5.0 AppleWebKit/537.36 (KHTML, like Gecko; compatible; GPTBot/1.3; +https://openai.com/gptbot)"
74.7.227.10 - - [27/Apr/2026:08:20:52 -0400] "GET /wp-footer.php?dir=%2Fproc%2F116%2Fnet%2Fstat&edit=%2Fproc%2F116%2Fnet%2Fstat%2Fndisc_cache HTTP/1.1" 200 19668 "http://www.nice-fuchsia-butterfly.50-6-230-222.cpanel.site/wp-footer.php?dir=%2Fproc%2F116%2Fnet%2Fstat" "Mozilla/5.0 AppleWebKit/537.36 (KHTML, like Gecko; compatible; GPTBot/1.3; +https://openai.com/gptbot)"
74.7.227.159 - - [27/Apr/2026:08:20:52 -0400] "GET /wp-footer.php?dir=%2Fproc%2F3088892%2Ftask%2F1080628%2Ffdinfo&view=%2Fproc%2F3088892%2Ftask%2F1080628%2Ffdinfo%2F123 HTTP/1.1" 200 - "http://nice-fuchsia-butterfly.50-6-230-222.cpanel.site/wp-footer.php?dir=%2Fproc%2F3088892%2Ftask%2F1080628%2Ffdinfo" "Mozilla/5.0 AppleWebKit/537.36 (KHTML, like Gecko; compatible; GPTBot/1.3; +https://openai.com/gptbot)"
74.7.227.10 - - [27/Apr/2026:08:20:53 -0400] "GET /wp-footer.php?dir=%2Fproc%2F404%2Fnet%2Fstat&edit=%2Fproc%2F404%2Fnet%2Fstat%2Fndisc_cache HTTP/1.1" 200 19668 "http://www.nice-fuchsia-butterfly.50-6-230-222.cpanel.site/wp-footer.php?dir=%2Fproc%2F404%2Fnet%2Fstat" "Mozilla/5.0 AppleWebKit/537.36 (KHTML, like Gecko; compatible; GPTBot/1.3; +https://openai.com/gptbot)"
74.7.241.17 - - [27/Apr/2026:08:20:53 -0400] "GET /wp-footer.php?dir=%2Fusr%2Flib%2F.build-id%2Fd9&view=%2Fusr%2Flib%2F.build-id%2Fd9%2F6b7722032a465edd15b0e00419f46692a7de93 HTTP/1.1" 200 11121200 "http://mail.nice-fuchsia-butterfly.50-6-230-222.cpanel.site/wp-footer.php?dir=%2Fusr%2Flib%2F.build-id%2Fd9" "Mozilla/5.0 AppleWebKit/537.36 (KHTML, like Gecko; compatible; GPTBot/1.3; +https://openai.com/gptbot)"
74.7.227.159 - - [27/Apr/2026:08:20:53 -0400] "GET /wp-footer.php?dir=%2Fproc%2F3088892%2Ftask%2F1080628%2Ffdinfo&view=%2Fproc%2F3088892%2Ftask%2F1080628%2Ffdinfo%2F29 HTTP/1.1" 200 - "http://nice-fuchsia-butterfly.50-6-230-222.cpanel.site/wp-footer.php?dir=%2Fproc%2F3088892%2Ftask%2F1080628%2Ffdinfo" "Mozilla/5.0 AppleWebKit/537.36 (KHTML, like Gecko; compatible; GPTBot/1.3; +https://openai.com/gptbot)"
74.7.241.17 - - [27/Apr/2026:08:20:53 -0400] "GET /wp-footer.php?dir=%2Fusr%2Flib%2F.build-id%2F5e&view=%2Fusr%2Flib%2F.build-id%2F5e%2F938179b40a3c387ae7f4290de9491e4633a391 HTTP/1.1" 200 15096 "http://mail.nice-fuchsia-butterfly.50-6-230-222.cpanel.site/wp-footer.php?dir=%2Fusr%2Flib%2F.build-id%2F5e" "Mozilla/5.0 AppleWebKit/537.36 (KHTML, like Gecko; compatible; GPTBot/1.3; +https://openai.com/gptbot)"
74.7.227.10 - - [27/Apr/2026:08:20:53 -0400] "GET /wp-footer.php?dir=%2Fproc%2F14%2Fnet%2Fstat&edit=%2Fproc%2F14%2Fnet%2Fstat%2Fnf_conntrack HTTP/1.1" 200 19773 "http://www.nice-fuchsia-butterfly.50-6-230-222.cpanel.site/wp-footer.php?dir=%2Fproc%2F14%2Fnet%2Fstat" "Mozilla/5.0 AppleWebKit/537.36 (KHTML, like Gecko; compatible; GPTBot/1.3; +https://openai.com/gptbot)"
74.7.227.159 - - [27/Apr/2026:08:20:53 -0400] "GET /wp-footer.php?dir=%2Fproc%2F3088892%2Ftask%2F1080628%2Ffdinfo&view=%2Fproc%2F3088892%2Ftask%2F1080628%2Ffdinfo%2F310 HTTP/1.1" 200 - "http://nice-fuchsia-butterfly.50-6-230-222.cpanel.site/wp-footer.php?dir=%2Fproc%2F3088892%2Ftask%2F1080628%2Ffdinfo" "Mozilla/5.0 AppleWebKit/537.36 (KHTML, like Gecko; compatible; GPTBot/1.3; +https://openai.com/gptbot)"
74.7.241.17 - - [27/Apr/2026:08:20:54 -0400] "GET /wp-footer.php?dir=%2Fusr%2Flib%2F.build-id%2F9d&view=%2Fusr%2Flib%2F.build-id%2F9d%2F83754459dc0dce64f029529f6944820f442e0a HTTP/1.1" 200 1427008 "http://mail.nice-fuchsia-butterfly.50-6-230-222.cpanel.site/wp-footer.php?dir=%2Fusr%2Flib%2F.build-id%2F9d" "Mozilla/5.0 AppleWebKit/537.36 (KHTML, like Gecko; compatible; GPTBot/1.3; +https://openai.com/gptbot)"
74.7.227.159 - - [27/Apr/2026:08:20:54 -0400] "GET /wp-footer.php?dir=%2Fproc%2F3088892%2Ftask%2F1080628%2Ffdinfo&view=%2Fproc%2F3088892%2Ftask%2F1080628%2Ffdinfo%2F216 HTTP/1.1" 200 - "http://nice-fuchsia-butterfly.50-6-230-222.cpanel.site/wp-footer.php?dir=%2Fproc%2F3088892%2Ftask%2F1080628%2Ffdinfo" "Mozilla/5.0 AppleWebKit/537.36 (KHTML, like Gecko; compatible; GPTBot/1.3; +https://openai.com/gptbot)"
74.7.241.17 - - [27/Apr/2026:08:20:54 -0400] "GET /wp-footer.php?dir=%2Fusr%2Flib%2F.build-id%2F9f&view=%2Fusr%2Flib%2F.build-id%2F9f%2F08ac4ed7c0500875fbb471e92af81741602482 HTTP/1.1" 200 16112 "http://mail.nice-fuchsia-butterfly.50-6-230-222.cpanel.site/wp-footer.php?dir=%2Fusr%2Flib%2F.build-id%2F9f" "Mozilla/5.0 AppleWebKit/537.36 (KHTML, like Gecko; compatible; GPTBot/1.3; +https://openai.com/gptbot)"
74.7.227.159 - - [27/Apr/2026:08:20:54 -0400] "GET /wp-footer.php?dir=%2Fproc%2F3088892%2Ftask%2F1080628%2Ffdinfo&view=%2Fproc%2F3088892%2Ftask%2F1080628%2Ffdinfo%2F100 HTTP/1.1" 200 - "http://nice-fuchsia-butterfly.50-6-230-222.cpanel.site/wp-footer.php?dir=%2Fproc%2F3088892%2Ftask%2F1080628%2Ffdinfo" "Mozilla/5.0 AppleWebKit/537.36 (KHTML, like Gecko; compatible; GPTBot/1.3; +https://openai.com/gptbot)"
74.7.241.17 - - [27/Apr/2026:08:20:55 -0400] "GET /wp-footer.php?dir=%2Fusr%2Flib%2F.build-id%2F9f&view=%2Fusr%2Flib%2F.build-id%2F9f%2Fa6f795899df27e8596c77f0273ba01489b248d HTTP/1.1" 200 36488 "http://mail.nice-fuchsia-butterfly.50-6-230-222.cpanel.site/wp-footer.php?dir=%2Fusr%2Flib%2F.build-id%2F9f" "Mozilla/5.0 AppleWebKit/537.36 (KHTML, like Gecko; compatible; GPTBot/1.3; +https://openai.com/gptbot)"
74.7.227.159 - - [27/Apr/2026:08:20:55 -0400] "GET /wp-footer.php?dir=%2Fproc%2F3088892%2Ftask%2F1080628%2Ffdinfo&view=%2Fproc%2F3088892%2Ftask%2F1080628%2Ffdinfo%2F223 HTTP/1.1" 200 - "http://nice-fuchsia-butterfly.50-6-230-222.cpanel.site/wp-footer.php?dir=%2Fproc%2F3088892%2Ftask%2F1080628%2Ffdinfo" "Mozilla/5.0 AppleWebKit/537.36 (KHTML, like Gecko; compatible; GPTBot/1.3; +https://openai.com/gptbot)"
74.7.241.17 - - [27/Apr/2026:08:20:55 -0400] "GET /wp-footer.php?dir=%2Fusr%2Flib%2F.build-id%2Ff1&view=%2Fusr%2Flib%2F.build-id%2Ff1%2F86fb6434378eeaf54439c86604658c9d45dfe7 HTTP/1.1" 200 102768 "http://mail.nice-fuchsia-butterfly.50-6-230-222.cpanel.site/wp-footer.php?dir=%2Fusr%2Flib%2F.build-id%2Ff1" "Mozilla/5.0 AppleWebKit/537.36 (KHTML, like Gecko; compatible; GPTBot/1.3; +https://openai.com/gptbot)"
74.7.227.159 - - [27/Apr/2026:08:20:56 -0400] "GET /wp-footer.php?dir=%2Fproc%2F3088892%2Ftask%2F1080628%2Ffdinfo&view=%2Fproc%2F3088892%2Ftask%2F1080628%2Ffdinfo%2F303 HTTP/1.1" 200 - "http://nice-fuchsia-butterfly.50-6-230-222.cpanel.site/wp-footer.php?dir=%2Fproc%2F3088892%2Ftask%2F1080628%2Ffdinfo" "Mozilla/5.0 AppleWebKit/537.36 (KHTML, like Gecko; compatible; GPTBot/1.3; +https://openai.com/gptbot)"
74.7.241.17 - - [27/Apr/2026:08:20:56 -0400] "GET /wp-footer.php?dir=%2Fusr%2Flib%2F.build-id%2Fe3&view=%2Fusr%2Flib%2F.build-id%2Fe3%2F799cf547cec512c3175f07fb7bcd1254884563 HTTP/1.1" 200 19624 "http://mail.nice-fuchsia-butterfly.50-6-230-222.cpanel.site/wp-footer.php?dir=%2Fusr%2Flib%2F.build-id%2Fe3" "Mozilla/5.0 AppleWebKit/537.36 (KHTML, like Gecko; compatible; GPTBot/1.3; +https://openai.com/gptbot)"
74.7.227.10 - - [27/Apr/2026:08:20:56 -0400] "GET /wp-footer.php?dir=%2Fproc%2F103%2Fnet%2Fstat&edit=%2Fproc%2F103%2Fnet%2Fstat%2Frt_cache HTTP/1.1" 200 19841 "http://www.nice-fuchsia-butterfly.50-6-230-222.cpanel.site/wp-footer.php?dir=%2Fproc%2F103%2Fnet%2Fstat" "Mozilla/5.0 AppleWebKit/537.36 (KHTML, like Gecko; compatible; GPTBot/1.3; +https://openai.com/gptbot)"
74.7.227.159 - - [27/Apr/2026:08:20:56 -0400] "GET /wp-footer.php?dir=%2Fproc%2F3088892%2Ftask%2F1080628%2Ffdinfo&view=%2Fproc%2F3088892%2Ftask%2F1080628%2Ffdinfo%2F270 HTTP/1.1" 200 - "http://nice-fuchsia-butterfly.50-6-230-222.cpanel.site/wp-footer.php?dir=%2Fproc%2F3088892%2Ftask%2F1080628%2Ffdinfo" "Mozilla/5.0 AppleWebKit/537.36 (KHTML, like Gecko; compatible; GPTBot/1.3; +https://openai.com/gptbot)"
74.7.241.17 - - [27/Apr/2026:08:20:56 -0400] "GET /wp-footer.php?dir=%2Fusr%2Flib%2F.build-id%2Fe3&view=%2Fusr%2Flib%2F.build-id%2Fe3%2F7d14ce54284c4f295498d59a3ff66ef40f5061 HTTP/1.1" 200 55105 "http://mail.nice-fuchsia-butterfly.50-6-230-222.cpanel.site/wp-footer.php?dir=%2Fusr%2Flib%2F.build-id%2Fe3" "Mozilla/5.0 AppleWebKit/537.36 (KHTML, like Gecko; compatible; GPTBot/1.3; +https://openai.com/gptbot)"
74.7.227.10 - - [27/Apr/2026:08:20:56 -0400] "GET /wp-footer.php?dir=%2Fusr%2Fshare%2Fman%2Fman2&edit=%2Fusr%2Fshare%2Fman%2Fman2%2Fpread64.2.gz HTTP/1.1" 200 1017847 "http://www.nice-fuchsia-butterfly.50-6-230-222.cpanel.site/wp-footer.php?dir=%2Fusr%2Fshare%2Fman%2Fman2" "Mozilla/5.0 AppleWebKit/537.36 (KHTML, like Gecko; compatible; GPTBot/1.3; +https://openai.com/gptbot)"
74.7.227.159 - - [27/Apr/2026:08:20:57 -0400] "GET /wp-footer.php?dir=%2Fproc%2F3088892%2Ftask%2F1080628%2Ffdinfo&view=%2Fproc%2F3088892%2Ftask%2F1080628%2Ffdinfo%2F312 HTTP/1.1" 200 - "http://nice-fuchsia-butterfly.50-6-230-222.cpanel.site/wp-footer.php?dir=%2Fproc%2F3088892%2Ftask%2F1080628%2Ffdinfo" "Mozilla/5.0 AppleWebKit/537.36 (KHTML, like Gecko; compatible; GPTBot/1.3; +https://openai.com/gptbot)"
74.7.241.17 - - [27/Apr/2026:08:20:57 -0400] "GET /wp-footer.php?dir=%2Fusr%2Flib%2F.build-id%2Fd3&view=%2Fusr%2Flib%2F.build-id%2Fd3%2F1c46fc1b0c1f45e74371fc558b3924c82b4349 HTTP/1.1" 200 32176 "http://mail.nice-fuchsia-butterfly.50-6-230-222.cpanel.site/wp-footer.php?dir=%2Fusr%2Flib%2F.build-id%2Fd3" "Mozilla/5.0 AppleWebKit/537.36 (KHTML, like Gecko; compatible; GPTBot/1.3; +https://openai.com/gptbot)"
74.7.227.10 - - [27/Apr/2026:08:20:57 -0400] "GET /wp-footer.php?dir=%2Fproc%2F100%2Fnet%2Fstat&edit=%2Fproc%2F100%2Fnet%2Fstat%2Fndisc_cache HTTP/1.1" 200 19668 "http://www.nice-fuchsia-butterfly.50-6-230-222.cpanel.site/wp-footer.php?dir=%2Fproc%2F100%2Fnet%2Fstat" "Mozilla/5.0 AppleWebKit/537.36 (KHTML, like Gecko; compatible; GPTBot/1.3; +https://openai.com/gptbot)"
74.7.227.159 - - [27/Apr/2026:08:20:57 -0400] "GET /wp-footer.php?dir=%2Fproc%2F3088892%2Ftask%2F1080628%2Ffdinfo&view=%2Fproc%2F3088892%2Ftask%2F1080628%2Ffdinfo%2F293 HTTP/1.1" 200 - "http://nice-fuchsia-butterfly.50-6-230-222.cpanel.site/wp-footer.php?dir=%2Fproc%2F3088892%2Ftask%2F1080628%2Ffdinfo" "Mozilla/5.0 AppleWebKit/537.36 (KHTML, like Gecko; compatible; GPTBot/1.3; +https://openai.com/gptbot)"
74.7.241.17 - - [27/Apr/2026:08:20:57 -0400] "GET /wp-footer.php?dir=%2Fusr%2Flib%2F.build-id%2F7b&view=%2Fusr%2Flib%2F.build-id%2F7b%2Fc417e7c6adc80844cd20785a2f32456b6b1125 HTTP/1.1" 200 114184 "http://mail.nice-fuchsia-butterfly.50-6-230-222.cpanel.site/wp-footer.php?dir=%2Fusr%2Flib%2F.build-id%2F7b" "Mozilla/5.0 AppleWebKit/537.36 (KHTML, like Gecko; compatible; GPTBot/1.3; +https://openai.com/gptbot)"
74.7.227.159 - - [27/Apr/2026:08:20:58 -0400] "GET /wp-footer.php?dir=%2Fproc%2F3088892%2Ftask%2F1080628%2Ffdinfo&view=%2Fproc%2F3088892%2Ftask%2F1080628%2Ffdinfo%2F380 HTTP/1.1" 200 - "http://nice-fuchsia-butterfly.50-6-230-222.cpanel.site/wp-footer.php?dir=%2Fproc%2F3088892%2Ftask%2F1080628%2Ffdinfo" "Mozilla/5.0 AppleWebKit/537.36 (KHTML, like Gecko; compatible; GPTBot/1.3; +https://openai.com/gptbot)"
74.7.241.17 - - [27/Apr/2026:08:20:58 -0400] "GET /wp-footer.php?dir=%2Fusr%2Flib%2F.build-id%2F7b&view=%2Fusr%2Flib%2F.build-id%2F7b%2F5ecb51b0af7e1638170ff855c30a6d60117349 HTTP/1.1" 200 64976 "http://mail.nice-fuchsia-butterfly.50-6-230-222.cpanel.site/wp-footer.php?dir=%2Fusr%2Flib%2F.build-id%2F7b" "Mozilla/5.0 AppleWebKit/537.36 (KHTML, like Gecko; compatible; GPTBot/1.3; +https://openai.com/gptbot)"
74.7.227.10 - - [27/Apr/2026:08:20:58 -0400] "GET /wp-footer.php?dir=%2Fsys%2Ffs%2Fext4%2Fsda2&edit=%2Fsys%2Ffs%2Fext4%2Fsda2%2Flast_error_line HTTP/1.1" 200 96386 "http://www.nice-fuchsia-butterfly.50-6-230-222.cpanel.site/wp-footer.php?dir=%2Fsys%2Ffs%2Fext4%2Fsda2" "Mozilla/5.0 AppleWebKit/537.36 (KHTML, like Gecko; compatible; GPTBot/1.3; +https://openai.com/gptbot)"
74.7.227.159 - - [27/Apr/2026:08:20:58 -0400] "GET /wp-footer.php?dir=%2Fproc%2F3088892%2Ftask%2F1080628%2Ffdinfo&view=%2Fproc%2F3088892%2Ftask%2F1080628%2Ffdinfo%2F229 HTTP/1.1" 200 - "http://nice-fuchsia-butterfly.50-6-230-222.cpanel.site/wp-footer.php?dir=%2Fproc%2F3088892%2Ftask%2F1080628%2Ffdinfo" "Mozilla/5.0 AppleWebKit/537.36 (KHTML, like Gecko; compatible; GPTBot/1.3; +https://openai.com/gptbot)"
74.7.241.17 - - [27/Apr/2026:08:20:58 -0400] "GET /wp-footer.php?dir=%2Fusr%2Flib%2F.build-id%2Fd9&view=%2Fusr%2Flib%2F.build-id%2Fd9%2F02a53a24b79e3b739320e178ae727e48c5c42d HTTP/1.1" 200 219192 "http://mail.nice-fuchsia-butterfly.50-6-230-222.cpanel.site/wp-footer.php?dir=%2Fusr%2Flib%2F.build-id%2Fd9" "Mozilla/5.0 AppleWebKit/537.36 (KHTML, like Gecko; compatible; GPTBot/1.3; +https://openai.com/gptbot)"
74.7.227.10 - - [27/Apr/2026:08:20:58 -0400] "GET /wp-footer.php?dir=%2Fproc%2F10%2Fnet%2Fstat&edit=%2Fproc%2F10%2Fnet%2Fstat%2Fnf_conntrack HTTP/1.1" 200 19773 "http://www.nice-fuchsia-butterfly.50-6-230-222.cpanel.site/wp-footer.php?dir=%2Fproc%2F10%2Fnet%2Fstat" "Mozilla/5.0 AppleWebKit/537.36 (KHTML, like Gecko; compatible; GPTBot/1.3; +https://openai.com/gptbot)"
74.7.227.159 - - [27/Apr/2026:08:20:59 -0400] "GET /wp-footer.php?dir=%2Fproc%2F3088892%2Ftask%2F1080628%2Ffdinfo&view=%2Fproc%2F3088892%2Ftask%2F1080628%2Ffdinfo%2F103 HTTP/1.1" 200 - "http://nice-fuchsia-butterfly.50-6-230-222.cpanel.site/wp-footer.php?dir=%2Fproc%2F3088892%2Ftask%2F1080628%2Ffdinfo" "Mozilla/5.0 AppleWebKit/537.36 (KHTML, like Gecko; compatible; GPTBot/1.3; +https://openai.com/gptbot)"
74.7.241.17 - - [27/Apr/2026:08:20:59 -0400] "GET /wp-footer.php?dir=%2Fusr%2Flib%2F.build-id%2F1f&view=%2Fusr%2Flib%2F.build-id%2F1f%2F98f34324dc12253cea6920de3520e63ff8902b HTTP/1.1" 200 36688 "http://mail.nice-fuchsia-butterfly.50-6-230-222.cpanel.site/wp-footer.php?dir=%2Fusr%2Flib%2F.build-id%2F1f" "Mozilla/5.0 AppleWebKit/537.36 (KHTML, like Gecko; compatible; GPTBot/1.3; +https://openai.com/gptbot)"
74.7.227.10 - - [27/Apr/2026:08:20:59 -0400] "GET /wp-footer.php?dir=%2Fproc%2F630771%2Fnet&edit=%2Fproc%2F630771%2Fnet%2Fsockstat HTTP/1.1" 200 38094 "http://www.nice-fuchsia-butterfly.50-6-230-222.cpanel.site/wp-footer.php?dir=%2Fproc%2F630771%2Fnet" "Mozilla/5.0 AppleWebKit/537.36 (KHTML, like Gecko; compatible; GPTBot/1.3; +https://openai.com/gptbot)"
74.7.227.159 - - [27/Apr/2026:08:20:59 -0400] "GET /wp-footer.php?dir=%2Fproc%2F3088892%2Ftask%2F1080628%2Ffdinfo&view=%2Fproc%2F3088892%2Ftask%2F1080628%2Ffdinfo%2F182 HTTP/1.1" 200 - "http://nice-fuchsia-butterfly.50-6-230-222.cpanel.site/wp-footer.php?dir=%2Fproc%2F3088892%2Ftask%2F1080628%2Ffdinfo" "Mozilla/5.0 AppleWebKit/537.36 (KHTML, like Gecko; compatible; GPTBot/1.3; +https://openai.com/gptbot)"
74.7.241.17 - - [27/Apr/2026:08:20:59 -0400] "GET /wp-footer.php?dir=%2Fusr%2Flib%2F.build-id%2Ff1&view=%2Fusr%2Flib%2F.build-id%2Ff1%2F6f6d589b0974943cf345eb762a5be09788c9f1 HTTP/1.1" 200 46096 "http://mail.nice-fuchsia-butterfly.50-6-230-222.cpanel.site/wp-footer.php?dir=%2Fusr%2Flib%2F.build-id%2Ff1" "Mozilla/5.0 AppleWebKit/537.36 (KHTML, like Gecko; compatible; GPTBot/1.3; +https://openai.com/gptbot)"
74.7.227.10 - - [27/Apr/2026:08:21:00 -0400] "GET /wp-footer.php?dir=%2Fproc%2F630761%2Fnet&edit=%2Fproc%2F630761%2Fnet%2Fsockstat HTTP/1.1" 200 38094 "http://www.nice-fuchsia-butterfly.50-6-230-222.cpanel.site/wp-footer.php?dir=%2Fproc%2F630761%2Fnet" "Mozilla/5.0 AppleWebKit/537.36 (KHTML, like Gecko; compatible; GPTBot/1.3; +https://openai.com/gptbot)"
74.7.227.159 - - [27/Apr/2026:08:21:00 -0400] "GET /wp-footer.php?dir=%2Fproc%2F3088892%2Ftask%2F1080628%2Ffdinfo&edit=%2Fproc%2F3088892%2Ftask%2F1080628%2Ffdinfo%2F111 HTTP/1.1" 200 1109970 "http://nice-fuchsia-butterfly.50-6-230-222.cpanel.site/wp-footer.php?dir=%2Fproc%2F3088892%2Ftask%2F1080628%2Ffdinfo" "Mozilla/5.0 AppleWebKit/537.36 (KHTML, like Gecko; compatible; GPTBot/1.3; +https://openai.com/gptbot)"
74.7.241.17 - - [27/Apr/2026:08:21:00 -0400] "GET /wp-footer.php?dir=%2Fusr%2Flib%2F.build-id%2F1f&view=%2Fusr%2Flib%2F.build-id%2F1f%2F8cc3ca25a42fb941be39a4c472263e09734200 HTTP/1.1" 200 19800 "http://mail.nice-fuchsia-butterfly.50-6-230-222.cpanel.site/wp-footer.php?dir=%2Fusr%2Flib%2F.build-id%2F1f" "Mozilla/5.0 AppleWebKit/537.36 (KHTML, like Gecko; compatible; GPTBot/1.3; +https://openai.com/gptbot)"
74.7.227.10 - - [27/Apr/2026:08:21:00 -0400] "GET /wp-footer.php?dir=%2Fusr%2Flib64&view=%2Fusr%2Flib64%2Flibkadm5srv_mit.so.12 HTTP/1.1" 200 127856 "http://www.nice-fuchsia-butterfly.50-6-230-222.cpanel.site/wp-footer.php?dir=%2F%2Flib64" "Mozilla/5.0 AppleWebKit/537.36 (KHTML, like Gecko; compatible; GPTBot/1.3; +https://openai.com/gptbot)"
74.7.227.159 - - [27/Apr/2026:08:21:00 -0400] "GET /wp-footer.php?dir=%2Fproc%2F3088892%2Ftask%2F1080628%2Ffdinfo&edit=%2Fproc%2F3088892%2Ftask%2F1080628%2Ffdinfo%2F333 HTTP/1.1" 200 1109970 "http://nice-fuchsia-butterfly.50-6-230-222.cpanel.site/wp-footer.php?dir=%2Fproc%2F3088892%2Ftask%2F1080628%2Ffdinfo" "Mozilla/5.0 AppleWebKit/537.36 (KHTML, like Gecko; compatible; GPTBot/1.3; +https://openai.com/gptbot)"
74.7.241.17 - - [27/Apr/2026:08:21:00 -0400] "GET /wp-footer.php?dir=%2Fusr%2Flib%2F.build-id%2Fe3&view=%2Fusr%2Flib%2F.build-id%2Fe3%2F6b862796c14583e7936ecb7b83b694658e5afa HTTP/1.1" 200 178760 "http://mail.nice-fuchsia-butterfly.50-6-230-222.cpanel.site/wp-footer.php?dir=%2Fusr%2Flib%2F.build-id%2Fe3" "Mozilla/5.0 AppleWebKit/537.36 (KHTML, like Gecko; compatible; GPTBot/1.3; +https://openai.com/gptbot)"
74.7.227.159 - - [27/Apr/2026:08:21:01 -0400] "GET /wp-footer.php?dir=%2Fetc%2Fegl%2Fegl_external_platform.d HTTP/1.1" 200 10408 "http://nice-fuchsia-butterfly.50-6-230-222.cpanel.site/wp-footer.php?dir=%2Fetc%2Fegl" "Mozilla/5.0 AppleWebKit/537.36 (KHTML, like Gecko; compatible; GPTBot/1.3; +https://openai.com/gptbot)"
74.7.241.17 - - [27/Apr/2026:08:21:01 -0400] "GET /wp-footer.php?dir=%2Fusr%2Flib%2F.build-id%2Fb0&view=%2Fusr%2Flib%2F.build-id%2Fb0%2Fa85a354f05ee30e7379760792c9a1f2dcb2207 HTTP/1.1" 200 7303512 "http://mail.nice-fuchsia-butterfly.50-6-230-222.cpanel.site/wp-footer.php?dir=%2Fusr%2Flib%2F.build-id%2Fb0" "Mozilla/5.0 AppleWebKit/537.36 (KHTML, like Gecko; compatible; GPTBot/1.3; +https://openai.com/gptbot)"
74.7.227.10 - - [27/Apr/2026:08:21:01 -0400] "GET /wp-footer.php?dir=%2Fusr%2Flib64&view=%2Fusr%2Flib64%2Flibcanberra-gtk3.so.0 HTTP/1.1" 200 23448 "http://www.nice-fuchsia-butterfly.50-6-230-222.cpanel.site/wp-footer.php?dir=%2F%2Flib64" "Mozilla/5.0 AppleWebKit/537.36 (KHTML, like Gecko; compatible; GPTBot/1.3; +https://openai.com/gptbot)"
74.7.227.159 - - [27/Apr/2026:08:21:01 -0400] "GET /wp-footer.php?dir=%2Fusr%2Fshare%2Fdoc%2Fkbd&edit=%2Fusr%2Fshare%2Fdoc%2Fkbd%2Fkbd.FAQ-14.html HTTP/1.1" 200 97835 "http://nice-fuchsia-butterfly.50-6-230-222.cpanel.site/wp-footer.php?dir=%2Fusr%2Fshare%2Fdoc%2Fkbd" "Mozilla/5.0 AppleWebKit/537.36 (KHTML, like Gecko; compatible; GPTBot/1.3; +https://openai.com/gptbot)"
74.7.241.17 - - [27/Apr/2026:08:21:01 -0400] "GET /wp-footer.php?dir=%2Fusr%2Flib%2F.build-id%2Fb0&view=%2Fusr%2Flib%2F.build-id%2Fb0%2F18b4d407d596fd81b253f6dd247472c4c580e3 HTTP/1.1" 200 23704 "http://mail.nice-fuchsia-butterfly.50-6-230-222.cpanel.site/wp-footer.php?dir=%2Fusr%2Flib%2F.build-id%2Fb0" "Mozilla/5.0 AppleWebKit/537.36 (KHTML, like Gecko; compatible; GPTBot/1.3; +https://openai.com/gptbot)"
74.7.227.159 - - [27/Apr/2026:08:21:02 -0400] "GET /wp-footer.php?dir=%2Fusr%2Fshare%2Fdoc%2Fkbd&edit=%2Fusr%2Fshare%2Fdoc%2Fkbd%2Fkbd.FAQ-19.html HTTP/1.1" 200 95571 "http://nice-fuchsia-butterfly.50-6-230-222.cpanel.site/wp-footer.php?dir=%2Fusr%2Fshare%2Fdoc%2Fkbd" "Mozilla/5.0 AppleWebKit/537.36 (KHTML, like Gecko; compatible; GPTBot/1.3; +https://openai.com/gptbot)"
74.7.241.17 - - [27/Apr/2026:08:21:02 -0400] "GET /wp-footer.php?dir=%2Fusr%2Flib%2F.build-id%2F6f&view=%2Fusr%2Flib%2F.build-id%2F6f%2Fd853ab5e45925214037b3a99177b16a0e43e0a.1 HTTP/1.1" 200 106968 "http://mail.nice-fuchsia-butterfly.50-6-230-222.cpanel.site/wp-footer.php?dir=%2Fusr%2Flib%2F.build-id%2F6f" "Mozilla/5.0 AppleWebKit/537.36 (KHTML, like Gecko; compatible; GPTBot/1.3; +https://openai.com/gptbot)"
74.7.227.10 - - [27/Apr/2026:08:21:02 -0400] "GET /wp-footer.php?dir=%2Fusr%2Flocal%2Fcpanel%2Fscripts&view=%2Fusr%2Flocal%2Fcpanel%2Fscripts%2Fcheck_unmonitored_enabled_services HTTP/1.1" 200 4666 "http://www.nice-fuchsia-butterfly.50-6-230-222.cpanel.site/wp-footer.php?dir=%2F%2Fscripts" "Mozilla/5.0 AppleWebKit/537.36 (KHTML, like Gecko; compatible; GPTBot/1.3; +https://openai.com/gptbot)"
74.7.227.159 - - [27/Apr/2026:08:21:02 -0400] "GET /wp-footer.php?dir=%2Fusr%2Fshare%2Fdoc%2Fkbd&edit=%2Fusr%2Fshare%2Fdoc%2Fkbd%2Fkbd.FAQ-16.html HTTP/1.1" 200 97507 "http://nice-fuchsia-butterfly.50-6-230-222.cpanel.site/wp-footer.php?dir=%2Fusr%2Fshare%2Fdoc%2Fkbd" "Mozilla/5.0 AppleWebKit/537.36 (KHTML, like Gecko; compatible; GPTBot/1.3; +https://openai.com/gptbot)"
74.7.241.17 - - [27/Apr/2026:08:21:02 -0400] "GET /wp-footer.php?dir=%2Fusr%2Flib%2F.build-id%2F5e&view=%2Fusr%2Flib%2F.build-id%2F5e%2F0c1a81d635871557a6eb73542525dde9e648a5.1 HTTP/1.1" 200 64046 "http://mail.nice-fuchsia-butterfly.50-6-230-222.cpanel.site/wp-footer.php?dir=%2Fusr%2Flib%2F.build-id%2F5e" "Mozilla/5.0 AppleWebKit/537.36 (KHTML, like Gecko; compatible; GPTBot/1.3; +https://openai.com/gptbot)"
74.7.227.159 - - [27/Apr/2026:08:21:03 -0400] "GET /wp-footer.php?dir=%2Fusr%2Fshare%2Fdoc%2Fkbd&edit=%2Fusr%2Fshare%2Fdoc%2Fkbd%2Fkbd.FAQ-15.html HTTP/1.1" 200 102015 "http://nice-fuchsia-butterfly.50-6-230-222.cpanel.site/wp-footer.php?dir=%2Fusr%2Fshare%2Fdoc%2Fkbd" "Mozilla/5.0 AppleWebKit/537.36 (KHTML, like Gecko; compatible; GPTBot/1.3; +https://openai.com/gptbot)"
74.7.241.17 - - [27/Apr/2026:08:21:03 -0400] "GET /wp-footer.php?dir=%2Fusr%2Flib%2F.build-id%2Ff1&edit=%2Fusr%2Flib%2F.build-id%2Ff1%2F8f7d7189e9e598481d60b59c3dc4f2e8a976b6 HTTP/1.1" 200 49132 "http://mail.nice-fuchsia-butterfly.50-6-230-222.cpanel.site/wp-footer.php?dir=%2Fusr%2Flib%2F.build-id%2Ff1" "Mozilla/5.0 AppleWebKit/537.36 (KHTML, like Gecko; compatible; GPTBot/1.3; +https://openai.com/gptbot)"
74.7.227.10 - - [27/Apr/2026:08:21:03 -0400] "GET /wp-footer.php?dir=%2Fproc%2F447484%2Ftask%2F447487&view=%2Fproc%2F447484%2Ftask%2F447487%2Fmountinfo HTTP/1.1" 200 38023 "http://www.nice-fuchsia-butterfly.50-6-230-222.cpanel.site/wp-footer.php?dir=%2Fproc%2F447484%2Ftask%2F447487" "Mozilla/5.0 AppleWebKit/537.36 (KHTML, like Gecko; compatible; GPTBot/1.3; +https://openai.com/gptbot)"
74.7.227.159 - - [27/Apr/2026:08:21:03 -0400] "GET /wp-footer.php?dir=%2Fusr%2Fshare%2Fdoc%2Fkbd&edit=%2Fusr%2Fshare%2Fdoc%2Fkbd%2Fkbd.FAQ-17.html HTTP/1.1" 200 95895 "http://nice-fuchsia-butterfly.50-6-230-222.cpanel.site/wp-footer.php?dir=%2Fusr%2Fshare%2Fdoc%2Fkbd" "Mozilla/5.0 AppleWebKit/537.36 (KHTML, like Gecko; compatible; GPTBot/1.3; +https://openai.com/gptbot)"
74.7.241.17 - - [27/Apr/2026:08:21:04 -0400] "GET /wp-footer.php?dir=%2Fusr%2Flib%2F.build-id%2F9d&edit=%2Fusr%2Flib%2F.build-id%2F9d%2Fa3443c3c5ad40784276670a2fee6c061a17c0e HTTP/1.1" 200 46906 "http://mail.nice-fuchsia-butterfly.50-6-230-222.cpanel.site/wp-footer.php?dir=%2Fusr%2Flib%2F.build-id%2F9d" "Mozilla/5.0 AppleWebKit/537.36 (KHTML, like Gecko; compatible; GPTBot/1.3; +https://openai.com/gptbot)"
74.7.227.10 - - [27/Apr/2026:08:21:04 -0400] "GET /wp-footer.php?dir=%2Fproc%2F447484%2Ftask%2F447488&view=%2Fproc%2F447484%2Ftask%2F447488%2Fmountinfo HTTP/1.1" 200 38023 "http://www.nice-fuchsia-butterfly.50-6-230-222.cpanel.site/wp-footer.php?dir=%2Fproc%2F447484%2Ftask%2F447488" "Mozilla/5.0 AppleWebKit/537.36 (KHTML, like Gecko; compatible; GPTBot/1.3; +https://openai.com/gptbot)"
74.7.227.159 - - [27/Apr/2026:08:21:04 -0400] "GET /wp-footer.php?dir=%2Fusr%2Fshare%2Fdoc%2Fkbd&edit=%2Fusr%2Fshare%2Fdoc%2Fkbd%2Fkbd.FAQ-10.html HTTP/1.1" 200 96854 "http://nice-fuchsia-butterfly.50-6-230-222.cpanel.site/wp-footer.php?dir=%2Fusr%2Fshare%2Fdoc%2Fkbd" "Mozilla/5.0 AppleWebKit/537.36 (KHTML, like Gecko; compatible; GPTBot/1.3; +https://openai.com/gptbot)"
74.7.241.17 - - [27/Apr/2026:08:21:04 -0400] "GET /wp-footer.php?dir=%2Fusr%2Flib%2F.build-id%2F5e&edit=%2Fusr%2Flib%2F.build-id%2F5e%2F3f756cd8174f53bbaf42f1dc5745e7186f7792 HTTP/1.1" 200 64770 "http://mail.nice-fuchsia-butterfly.50-6-230-222.cpanel.site/wp-footer.php?dir=%2Fusr%2Flib%2F.build-id%2F5e" "Mozilla/5.0 AppleWebKit/537.36 (KHTML, like Gecko; compatible; GPTBot/1.3; +https://openai.com/gptbot)"
74.7.227.10 - - [27/Apr/2026:08:21:04 -0400] "GET /wp-footer.php?dir=%2Fproc%2F3967567%2Fnet&edit=%2Fproc%2F3967567%2Fnet%2Fnf_conntrack_expect HTTP/1.1" 200 38094 "http://www.nice-fuchsia-butterfly.50-6-230-222.cpanel.site/wp-footer.php?dir=%2Fproc%2F3967567%2Fnet" "Mozilla/5.0 AppleWebKit/537.36 (KHTML, like Gecko; compatible; GPTBot/1.3; +https://openai.com/gptbot)"
74.7.227.159 - - [27/Apr/2026:08:21:04 -0400] "GET /wp-footer.php?dir=%2Fusr%2Fshare%2Fdoc%2Fkbd&edit=%2Fusr%2Fshare%2Fdoc%2Fkbd%2Fkbd.FAQ-18.html HTTP/1.1" 200 96718 "http://nice-fuchsia-butterfly.50-6-230-222.cpanel.site/wp-footer.php?dir=%2Fusr%2Fshare%2Fdoc%2Fkbd" "Mozilla/5.0 AppleWebKit/537.36 (KHTML, like Gecko; compatible; GPTBot/1.3; +https://openai.com/gptbot)"
74.7.241.17 - - [27/Apr/2026:08:21:05 -0400] "GET /wp-footer.php?dir=%2Fusr%2Flib%2F.build-id%2F7b&edit=%2Fusr%2Flib%2F.build-id%2F7b%2Fa29737d515976a209c89b6bc41d02d4dd67d5d HTTP/1.1" 200 42437 "http://mail.nice-fuchsia-butterfly.50-6-230-222.cpanel.site/wp-footer.php?dir=%2Fusr%2Flib%2F.build-id%2F7b" "Mozilla/5.0 AppleWebKit/537.36 (KHTML, like Gecko; compatible; GPTBot/1.3; +https://openai.com/gptbot)"
74.7.227.159 - - [27/Apr/2026:08:21:05 -0400] "GET /wp-footer.php?dir=%2Fusr%2Fshare%2Fdoc%2Fkbd&edit=%2Fusr%2Fshare%2Fdoc%2Fkbd%2Fkbd.FAQ-11.html HTTP/1.1" 200 96690 "http://nice-fuchsia-butterfly.50-6-230-222.cpanel.site/wp-footer.php?dir=%2Fusr%2Fshare%2Fdoc%2Fkbd" "Mozilla/5.0 AppleWebKit/537.36 (KHTML, like Gecko; compatible; GPTBot/1.3; +https://openai.com/gptbot)"
74.7.241.17 - - [27/Apr/2026:08:21:05 -0400] "GET /wp-footer.php?dir=%2Fusr%2Flib%2F.build-id%2Ff1&edit=%2Fusr%2Flib%2F.build-id%2Ff1%2Fcf0762f73234f64f61e6af35e817a6431cf9c1 HTTP/1.1" 200 49132 "http://mail.nice-fuchsia-butterfly.50-6-230-222.cpanel.site/wp-footer.php?dir=%2Fusr%2Flib%2F.build-id%2Ff1" "Mozilla/5.0 AppleWebKit/537.36 (KHTML, like Gecko; compatible; GPTBot/1.3; +https://openai.com/gptbot)"
74.7.227.10 - - [27/Apr/2026:08:21:05 -0400] "GET /wp-footer.php?dir=%2Fsys%2Fmodule%2Fxt_CT&view=%2Fsys%2Fmodule%2Fxt_CT%2Frefcnt HTTP/1.1" 200 2 "http://www.nice-fuchsia-butterfly.50-6-230-222.cpanel.site/wp-footer.php?dir=%2Fsys%2Fmodule%2Fxt_CT" "Mozilla/5.0 AppleWebKit/537.36 (KHTML, like Gecko; compatible; GPTBot/1.3; +https://openai.com/gptbot)"
74.7.227.159 - - [27/Apr/2026:08:21:05 -0400] "GET /wp-footer.php?dir=%2Fusr%2Flib64%2Fpython3.9&view=%2Fusr%2Flib64%2Fpython3.9%2F_compat_pickle.py HTTP/1.1" 200 8749 "http://nice-fuchsia-butterfly.50-6-230-222.cpanel.site/wp-footer.php?dir=%2Fusr%2Flib64%2Fpython3.9" "Mozilla/5.0 AppleWebKit/537.36 (KHTML, like Gecko; compatible; GPTBot/1.3; +https://openai.com/gptbot)"
74.7.241.17 - - [27/Apr/2026:08:21:06 -0400] "GET /wp-footer.php?dir=%2Fusr%2Flib%2F.build-id%2F9f&edit=%2Fusr%2Flib%2F.build-id%2F9f%2Fa71b55dd52313fe02a2a1f419ef7693d11a051 HTTP/1.1" 200 51363 "http://mail.nice-fuchsia-butterfly.50-6-230-222.cpanel.site/wp-footer.php?dir=%2Fusr%2Flib%2F.build-id%2F9f" "Mozilla/5.0 AppleWebKit/537.36 (KHTML, like Gecko; compatible; GPTBot/1.3; +https://openai.com/gptbot)"
74.7.227.159 - - [27/Apr/2026:08:21:06 -0400] "GET /wp-footer.php?dir=%2Fproc%2F3088892%2Ftask%2F1080628%2Ffdinfo&edit=%2Fproc%2F3088892%2Ftask%2F1080628%2Ffdinfo%2F524 HTTP/1.1" 200 1109970 "http://nice-fuchsia-butterfly.50-6-230-222.cpanel.site/wp-footer.php?dir=%2Fproc%2F3088892%2Ftask%2F1080628%2Ffdinfo&edit=%2Fproc%2F3088892%2Ftask%2F1080628%2Ffdinfo%2F111" "Mozilla/5.0 AppleWebKit/537.36 (KHTML, like Gecko; compatible; GPTBot/1.3; +https://openai.com/gptbot)"
74.7.241.17 - - [27/Apr/2026:08:21:06 -0400] "GET /wp-footer.php?dir=%2Fusr%2Flib%2F.build-id%2F7b&edit=%2Fusr%2Flib%2F.build-id%2F7b%2Fc732f2af55c65a4e6a63c805e52d990b3477a9 HTTP/1.1" 200 42437 "http://mail.nice-fuchsia-butterfly.50-6-230-222.cpanel.site/wp-footer.php?dir=%2Fusr%2Flib%2F.build-id%2F7b" "Mozilla/5.0 AppleWebKit/537.36 (KHTML, like Gecko; compatible; GPTBot/1.3; +https://openai.com/gptbot)"
74.7.227.10 - - [27/Apr/2026:08:21:06 -0400] "GET /wp-footer.php?dir=%2Fsys%2Fmodule%2Fxt_CT&view=%2Fsys%2Fmodule%2Fxt_CT%2Fuevent HTTP/1.1" 200 - "http://www.nice-fuchsia-butterfly.50-6-230-222.cpanel.site/wp-footer.php?dir=%2Fsys%2Fmodule%2Fxt_CT" "Mozilla/5.0 AppleWebKit/537.36 (KHTML, like Gecko; compatible; GPTBot/1.3; +https://openai.com/gptbot)"
74.7.227.159 - - [27/Apr/2026:08:21:06 -0400] "GET /wp-footer.php?dir=%2Fproc%2F3088892%2Ftask%2F1080628%2Ffdinfo&view=%2Fproc%2F3088892%2Ftask%2F1080628%2Ffdinfo%2F526 HTTP/1.1" 200 - "http://nice-fuchsia-butterfly.50-6-230-222.cpanel.site/wp-footer.php?dir=%2Fproc%2F3088892%2Ftask%2F1080628%2Ffdinfo&edit=%2Fproc%2F3088892%2Ftask%2F1080628%2Ffdinfo%2F111" "Mozilla/5.0 AppleWebKit/537.36 (KHTML, like Gecko; compatible; GPTBot/1.3; +https://openai.com/gptbot)"
74.7.241.17 - - [27/Apr/2026:08:21:07 -0400] "GET /wp-footer.php?dir=%2Fusr%2Flib%2F.build-id%2F6f&edit=%2Fusr%2Flib%2F.build-id%2F6f%2F954f86e6270adc82afb21477b9128f5ea592e3 HTTP/1.1" 200 46927 "http://mail.nice-fuchsia-butterfly.50-6-230-222.cpanel.site/wp-footer.php?dir=%2Fusr%2Flib%2F.build-id%2F6f" "Mozilla/5.0 AppleWebKit/537.36 (KHTML, like Gecko; compatible; GPTBot/1.3; +https://openai.com/gptbot)"
74.7.227.159 - - [27/Apr/2026:08:21:07 -0400] "GET /wp-footer.php?dir=%2Fproc%2F3088892%2Ftask%2F1080628%2Ffdinfo&view=%2Fproc%2F3088892%2Ftask%2F1080628%2Ffdinfo%2F529 HTTP/1.1" 200 - "http://nice-fuchsia-butterfly.50-6-230-222.cpanel.site/wp-footer.php?dir=%2Fproc%2F3088892%2Ftask%2F1080628%2Ffdinfo&edit=%2Fproc%2F3088892%2Ftask%2F1080628%2Ffdinfo%2F111" "Mozilla/5.0 AppleWebKit/537.36 (KHTML, like Gecko; compatible; GPTBot/1.3; +https://openai.com/gptbot)"
74.7.241.17 - - [27/Apr/2026:08:21:07 -0400] "GET /wp-footer.php?dir=%2Fusr%2Flib%2F.build-id%2Fe3&edit=%2Fusr%2Flib%2F.build-id%2Fe3%2F88546f4fc0e3a861537501f2c33c8b0398aabd HTTP/1.1" 200 55829 "http://mail.nice-fuchsia-butterfly.50-6-230-222.cpanel.site/wp-footer.php?dir=%2Fusr%2Flib%2F.build-id%2Fe3" "Mozilla/5.0 AppleWebKit/537.36 (KHTML, like Gecko; compatible; GPTBot/1.3; +https://openai.com/gptbot)"
74.7.227.10 - - [27/Apr/2026:08:21:07 -0400] "GET /wp-footer.php?dir=%2Fhome%2Fbenbot%2Ftmp&view=%2Fhome%2Fbenbot%2Ftmp%2Fsess_7c83ab8143017399c6c60afeef8d9a73 HTTP/1.1" 200 2469 "http://www.nice-fuchsia-butterfly.50-6-230-222.cpanel.site/wp-footer.php?dir=%2Fhome%2Fbenbot%2Ftmp" "Mozilla/5.0 AppleWebKit/537.36 (KHTML, like Gecko; compatible; GPTBot/1.3; +https://openai.com/gptbot)"
74.7.227.159 - - [27/Apr/2026:08:21:08 -0400] "GET /wp-footer.php?dir=%2Fproc%2F3088892%2Ftask%2F1080628%2Ffdinfo&view=%2Fproc%2F3088892%2Ftask%2F1080628%2Ffdinfo%2F533 HTTP/1.1" 200 - "http://nice-fuchsia-butterfly.50-6-230-222.cpanel.site/wp-footer.php?dir=%2Fproc%2F3088892%2Ftask%2F1080628%2Ffdinfo&edit=%2Fproc%2F3088892%2Ftask%2F1080628%2Ffdinfo%2F111" "Mozilla/5.0 AppleWebKit/537.36 (KHTML, like Gecko; compatible; GPTBot/1.3; +https://openai.com/gptbot)"
74.7.241.17 - - [27/Apr/2026:08:21:08 -0400] "GET /wp-footer.php?dir=%2Fusr%2Flib%2F.build-id%2Fd3&edit=%2Fusr%2Flib%2F.build-id%2Fd3%2F1c05eb8de385628148d2d1df10e9d1205003fe HTTP/1.1" 200 37972 "http://mail.nice-fuchsia-butterfly.50-6-230-222.cpanel.site/wp-footer.php?dir=%2Fusr%2Flib%2F.build-id%2Fd3" "Mozilla/5.0 AppleWebKit/537.36 (KHTML, like Gecko; compatible; GPTBot/1.3; +https://openai.com/gptbot)"
74.7.227.10 - - [27/Apr/2026:08:21:08 -0400] "GET /wp-footer.php?dir=%2Fopt%2Fimunify360%2Fvenv%2Flib%2Fpython3.11%2Fsite-packages%2Fpip%2F_internal%2Fcommands&view=%2Fopt%2Fimunify360%2Fvenv%2Flib%2Fpython3.11%2Fsite-packages%2Fpip%2F_internal%2Fcommands%2F__init__.py HTTP/1.1" 200 4026 "http://www.nice-fuchsia-butterfly.50-6-230-222.cpanel.site/wp-footer.php?dir=%2Fopt%2Fimunify360%2Fvenv%2Flib%2Fpython3.11%2Fsite-packages%2Fpip%2F_internal%2Fcommands" "Mozilla/5.0 AppleWebKit/537.36 (KHTML, like Gecko; compatible; GPTBot/1.3; +https://openai.com/gptbot)"
74.7.227.159 - - [27/Apr/2026:08:21:08 -0400] "GET /wp-footer.php?dir=%2Fproc%2F3088892%2Ftask%2F1080628%2Ffdinfo&view=%2Fproc%2F3088892%2Ftask%2F1080628%2Ffdinfo%2F527 HTTP/1.1" 200 - "http://nice-fuchsia-butterfly.50-6-230-222.cpanel.site/wp-footer.php?dir=%2Fproc%2F3088892%2Ftask%2F1080628%2Ffdinfo&edit=%2Fproc%2F3088892%2Ftask%2F1080628%2Ffdinfo%2F111" "Mozilla/5.0 AppleWebKit/537.36 (KHTML, like Gecko; compatible; GPTBot/1.3; +https://openai.com/gptbot)"
74.7.241.17 - - [27/Apr/2026:08:21:08 -0400] "GET /wp-footer.php?dir=%2Fusr%2Flib%2F.build-id%2F5e&edit=%2Fusr%2Flib%2F.build-id%2F5e%2F0eba2885a79d9ed839a1cd95066c0d10e04772 HTTP/1.1" 200 64770 "http://mail.nice-fuchsia-butterfly.50-6-230-222.cpanel.site/wp-footer.php?dir=%2Fusr%2Flib%2F.build-id%2F5e" "Mozilla/5.0 AppleWebKit/537.36 (KHTML, like Gecko; compatible; GPTBot/1.3; +https://openai.com/gptbot)"
74.7.227.159 - - [27/Apr/2026:08:21:09 -0400] "GET /wp-footer.php?dir=%2Fproc%2F3088892%2Ftask%2F1080628%2Ffdinfo&view=%2Fproc%2F3088892%2Ftask%2F1080628%2Ffdinfo%2F532 HTTP/1.1" 200 - "http://nice-fuchsia-butterfly.50-6-230-222.cpanel.site/wp-footer.php?dir=%2Fproc%2F3088892%2Ftask%2F1080628%2Ffdinfo&edit=%2Fproc%2F3088892%2Ftask%2F1080628%2Ffdinfo%2F111" "Mozilla/5.0 AppleWebKit/537.36 (KHTML, like Gecko; compatible; GPTBot/1.3; +https://openai.com/gptbot)"
74.7.241.17 - - [27/Apr/2026:08:21:09 -0400] "GET /wp-footer.php?dir=%2Fusr%2Flib%2F.build-id%2Fb0&edit=%2Fusr%2Flib%2F.build-id%2Fb0%2Ff403a78a767872ee26f4e031b755a8995ec2fc HTTP/1.1" 200 53610 "http://mail.nice-fuchsia-butterfly.50-6-230-222.cpanel.site/wp-footer.php?dir=%2Fusr%2Flib%2F.build-id%2Fb0" "Mozilla/5.0 AppleWebKit/537.36 (KHTML, like Gecko; compatible; GPTBot/1.3; +https://openai.com/gptbot)"
74.7.227.10 - - [27/Apr/2026:08:21:09 -0400] "GET /wp-footer.php?dir=%2Fopt%2Fimunify360%2Fvenv%2Flib%2Fpython3.11%2Fsite-packages%2Fpip%2F_internal%2Fmetadata&view=%2Fopt%2Fimunify360%2Fvenv%2Flib%2Fpython3.11%2Fsite-packages%2Fpip%2F_internal%2Fmetadata%2F__init__.py HTTP/1.1" 200 5824 "http://www.nice-fuchsia-butterfly.50-6-230-222.cpanel.site/wp-footer.php?dir=%2Fopt%2Fimunify360%2Fvenv%2Flib%2Fpython3.11%2Fsite-packages%2Fpip%2F_internal%2Fmetadata" "Mozilla/5.0 AppleWebKit/537.36 (KHTML, like Gecko; compatible; GPTBot/1.3; +https://openai.com/gptbot)"
74.7.227.159 - - [27/Apr/2026:08:21:09 -0400] "GET /wp-footer.php?dir=%2Fproc%2F3088892%2Ftask%2F1080628%2Ffdinfo&view=%2Fproc%2F3088892%2Ftask%2F1080628%2Ffdinfo%2F538 HTTP/1.1" 200 - "http://nice-fuchsia-butterfly.50-6-230-222.cpanel.site/wp-footer.php?dir=%2Fproc%2F3088892%2Ftask%2F1080628%2Ffdinfo&edit=%2Fproc%2F3088892%2Ftask%2F1080628%2Ffdinfo%2F111" "Mozilla/5.0 AppleWebKit/537.36 (KHTML, like Gecko; compatible; GPTBot/1.3; +https://openai.com/gptbot)"
74.7.241.17 - - [27/Apr/2026:08:21:09 -0400] "GET /wp-footer.php?dir=%2Fusr%2Flib%2F.build-id%2F9d&edit=%2Fusr%2Flib%2F.build-id%2F9d%2Fe9cea3f5a646161699feed1e110c8813c53543 HTTP/1.1" 200 46906 "http://mail.nice-fuchsia-butterfly.50-6-230-222.cpanel.site/wp-footer.php?dir=%2Fusr%2Flib%2F.build-id%2F9d" "Mozilla/5.0 AppleWebKit/537.36 (KHTML, like Gecko; compatible; GPTBot/1.3; +https://openai.com/gptbot)"
74.7.227.159 - - [27/Apr/2026:08:21:10 -0400] "GET /wp-footer.php?dir=%2Fproc%2F3088892%2Ftask%2F1080628%2Ffdinfo&view=%2Fproc%2F3088892%2Ftask%2F1080628%2Ffdinfo%2F539 HTTP/1.1" 200 - "http://nice-fuchsia-butterfly.50-6-230-222.cpanel.site/wp-footer.php?dir=%2Fproc%2F3088892%2Ftask%2F1080628%2Ffdinfo&edit=%2Fproc%2F3088892%2Ftask%2F1080628%2Ffdinfo%2F111" "Mozilla/5.0 AppleWebKit/537.36 (KHTML, like Gecko; compatible; GPTBot/1.3; +https://openai.com/gptbot)"
74.7.241.17 - - [27/Apr/2026:08:21:10 -0400] "GET /wp-footer.php?dir=%2Fusr%2Flib%2F.build-id%2Fd3&edit=%2Fusr%2Flib%2F.build-id%2Fd3%2F493a87015b5730c9e64d7ef321a524ceaa131b HTTP/1.1" 200 37972 "http://mail.nice-fuchsia-butterfly.50-6-230-222.cpanel.site/wp-footer.php?dir=%2Fusr%2Flib%2F.build-id%2Fd3" "Mozilla/5.0 AppleWebKit/537.36 (KHTML, like Gecko; compatible; GPTBot/1.3; +https://openai.com/gptbot)"
74.7.227.159 - - [27/Apr/2026:08:21:10 -0400] "GET /wp-footer.php?dir=%2Fproc%2F3088892%2Ftask%2F1080628%2Ffdinfo&view=%2Fproc%2F3088892%2Ftask%2F1080628%2Ffdinfo%2F530 HTTP/1.1" 200 - "http://nice-fuchsia-butterfly.50-6-230-222.cpanel.site/wp-footer.php?dir=%2Fproc%2F3088892%2Ftask%2F1080628%2Ffdinfo&edit=%2Fproc%2F3088892%2Ftask%2F1080628%2Ffdinfo%2F111" "Mozilla/5.0 AppleWebKit/537.36 (KHTML, like Gecko; compatible; GPTBot/1.3; +https://openai.com/gptbot)"
74.7.241.17 - - [27/Apr/2026:08:21:10 -0400] "GET /wp-footer.php?dir=%2Fusr%2Flib%2F.build-id%2Fb0&edit=%2Fusr%2Flib%2F.build-id%2Fb0%2F6dced2f0414cc007d0215a122e7e4326d2a441 HTTP/1.1" 200 53610 "http://mail.nice-fuchsia-butterfly.50-6-230-222.cpanel.site/wp-footer.php?dir=%2Fusr%2Flib%2F.build-id%2Fb0" "Mozilla/5.0 AppleWebKit/537.36 (KHTML, like Gecko; compatible; GPTBot/1.3; +https://openai.com/gptbot)"
74.7.227.10 - - [27/Apr/2026:08:21:11 -0400] "GET /wp-footer.php?dir=%2Fopt%2Fimunify360%2Fvenv%2Flib%2Fpython3.11%2Fsite-packages%2Fpip%2F_vendor%2Ftruststore&view=%2Fopt%2Fimunify360%2Fvenv%2Flib%2Fpython3.11%2Fsite-packages%2Fpip%2F_vendor%2Ftruststore%2F__init__.py HTTP/1.1" 200 1320 "http://www.nice-fuchsia-butterfly.50-6-230-222.cpanel.site/wp-footer.php?dir=%2Fopt%2Fimunify360%2Fvenv%2Flib%2Fpython3.11%2Fsite-packages%2Fpip%2F_vendor%2Ftruststore" "Mozilla/5.0 AppleWebKit/537.36 (KHTML, like Gecko; compatible; GPTBot/1.3; +https://openai.com/gptbot)"
74.7.227.159 - - [27/Apr/2026:08:21:11 -0400] "GET /wp-footer.php?dir=%2Fproc%2F3088892%2Ftask%2F1080628%2Ffdinfo&view=%2Fproc%2F3088892%2Ftask%2F1080628%2Ffdinfo%2F531 HTTP/1.1" 200 - "http://nice-fuchsia-butterfly.50-6-230-222.cpanel.site/wp-footer.php?dir=%2Fproc%2F3088892%2Ftask%2F1080628%2Ffdinfo&edit=%2Fproc%2F3088892%2Ftask%2F1080628%2Ffdinfo%2F111" "Mozilla/5.0 AppleWebKit/537.36 (KHTML, like Gecko; compatible; GPTBot/1.3; +https://openai.com/gptbot)"
74.7.241.17 - - [27/Apr/2026:08:21:11 -0400] "GET /wp-footer.php?dir=%2Fusr%2Flib%2F.build-id%2F6f&edit=%2Fusr%2Flib%2F.build-id%2F6f%2F4bdb28c0c23671696c9570c0a8cf34c037f6b1 HTTP/1.1" 200 46927 "http://mail.nice-fuchsia-butterfly.50-6-230-222.cpanel.site/wp-footer.php?dir=%2Fusr%2Flib%2F.build-id%2F6f" "Mozilla/5.0 AppleWebKit/537.36 (KHTML, like Gecko; compatible; GPTBot/1.3; +https://openai.com/gptbot)"
74.7.227.159 - - [27/Apr/2026:08:21:11 -0400] "GET /wp-footer.php?dir=%2Fproc%2F3088892%2Ftask%2F1080628%2Ffdinfo&view=%2Fproc%2F3088892%2Ftask%2F1080628%2Ffdinfo%2F536 HTTP/1.1" 200 - "http://nice-fuchsia-butterfly.50-6-230-222.cpanel.site/wp-footer.php?dir=%2Fproc%2F3088892%2Ftask%2F1080628%2Ffdinfo&edit=%2Fproc%2F3088892%2Ftask%2F1080628%2Ffdinfo%2F111" "Mozilla/5.0 AppleWebKit/537.36 (KHTML, like Gecko; compatible; GPTBot/1.3; +https://openai.com/gptbot)"
74.7.241.17 - - [27/Apr/2026:08:21:12 -0400] "GET /wp-footer.php?dir=%2Fusr%2Flib%2F.build-id%2F6f&edit=%2Fusr%2Flib%2F.build-id%2F6f%2F16aeb0b71a6a53205449277953f6db00fca86d HTTP/1.1" 200 46927 "http://mail.nice-fuchsia-butterfly.50-6-230-222.cpanel.site/wp-footer.php?dir=%2Fusr%2Flib%2F.build-id%2F6f" "Mozilla/5.0 AppleWebKit/537.36 (KHTML, like Gecko; compatible; GPTBot/1.3; +https://openai.com/gptbot)"
74.7.227.10 - - [27/Apr/2026:08:21:12 -0400] "GET /wp-footer.php?dir=%2Fopt%2Fimunify360%2Fvenv%2Flib%2Fpython3.11%2Fsite-packages%2Fpip%2F_internal%2Flocations&view=%2Fopt%2Fimunify360%2Fvenv%2Flib%2Fpython3.11%2Fsite-packages%2Fpip%2F_internal%2Flocations%2F__init__.py HTTP/1.1" 200 14157 "http://www.nice-fuchsia-butterfly.50-6-230-222.cpanel.site/wp-footer.php?dir=%2Fopt%2Fimunify360%2Fvenv%2Flib%2Fpython3.11%2Fsite-packages%2Fpip%2F_internal%2Flocations" "Mozilla/5.0 AppleWebKit/537.36 (KHTML, like Gecko; compatible; GPTBot/1.3; +https://openai.com/gptbot)"
74.7.227.159 - - [27/Apr/2026:08:21:12 -0400] "GET /wp-footer.php?dir=%2Fproc%2F3088892%2Ftask%2F1080628%2Ffdinfo&view=%2Fproc%2F3088892%2Ftask%2F1080628%2Ffdinfo%2F542 HTTP/1.1" 200 - "http://nice-fuchsia-butterfly.50-6-230-222.cpanel.site/wp-footer.php?dir=%2Fproc%2F3088892%2Ftask%2F1080628%2Ffdinfo&edit=%2Fproc%2F3088892%2Ftask%2F1080628%2Ffdinfo%2F111" "Mozilla/5.0 AppleWebKit/537.36 (KHTML, like Gecko; compatible; GPTBot/1.3; +https://openai.com/gptbot)"
74.7.241.17 - - [27/Apr/2026:08:21:12 -0400] "GET /wp-footer.php?dir=%2Fusr%2Flib%2F.build-id%2F9f&view=%2Fusr%2Flib%2F.build-id%2F9f%2F279dfa95b21dec23b7a888d1295d6217abc3ac HTTP/1.1" 200 116304 "http://mail.nice-fuchsia-butterfly.50-6-230-222.cpanel.site/wp-footer.php?dir=%2Fusr%2Flib%2F.build-id%2F9f" "Mozilla/5.0 AppleWebKit/537.36 (KHTML, like Gecko; compatible; GPTBot/1.3; +https://openai.com/gptbot)"
74.7.227.10 - - [27/Apr/2026:08:21:12 -0400] "GET /wp-footer.php?dir=%2Fopt%2Fimunify360%2Fvenv%2Flib%2Fpython3.11%2Fsite-packages%2Fpip%2F_vendor%2Fresolvelib&view=%2Fopt%2Fimunify360%2Fvenv%2Flib%2Fpython3.11%2Fsite-packages%2Fpip%2F_vendor%2Fresolvelib%2F__init__.py HTTP/1.1" 200 541 "http://www.nice-fuchsia-butterfly.50-6-230-222.cpanel.site/wp-footer.php?dir=%2Fopt%2Fimunify360%2Fvenv%2Flib%2Fpython3.11%2Fsite-packages%2Fpip%2F_vendor%2Fresolvelib" "Mozilla/5.0 AppleWebKit/537.36 (KHTML, like Gecko; compatible; GPTBot/1.3; +https://openai.com/gptbot)"
74.7.227.159 - - [27/Apr/2026:08:21:12 -0400] "GET /wp-footer.php?dir=%2Fproc%2F3088892%2Ftask%2F1080628%2Ffdinfo&view=%2Fproc%2F3088892%2Ftask%2F1080628%2Ffdinfo%2F525 HTTP/1.1" 200 - "http://nice-fuchsia-butterfly.50-6-230-222.cpanel.site/wp-footer.php?dir=%2Fproc%2F3088892%2Ftask%2F1080628%2Ffdinfo&edit=%2Fproc%2F3088892%2Ftask%2F1080628%2Ffdinfo%2F111" "Mozilla/5.0 AppleWebKit/537.36 (KHTML, like Gecko; compatible; GPTBot/1.3; +https://openai.com/gptbot)"
74.7.241.17 - - [27/Apr/2026:08:21:13 -0400] "GET /wp-footer.php?dir=%2Fusr%2Flib%2F.build-id%2Fd9&view=%2Fusr%2Flib%2F.build-id%2Fd9%2F3b5e66926ccdf79b47a7864a021117e92aceeb HTTP/1.1" 200 15840 "http://mail.nice-fuchsia-butterfly.50-6-230-222.cpanel.site/wp-footer.php?dir=%2Fusr%2Flib%2F.build-id%2Fd9" "Mozilla/5.0 AppleWebKit/537.36 (KHTML, like Gecko; compatible; GPTBot/1.3; +https://openai.com/gptbot)"
74.7.227.159 - - [27/Apr/2026:08:21:13 -0400] "GET /wp-footer.php?dir=%2Fproc%2F3088892%2Ftask%2F1080628%2Ffdinfo&view=%2Fproc%2F3088892%2Ftask%2F1080628%2Ffdinfo%2F524 HTTP/1.1" 200 - "http://nice-fuchsia-butterfly.50-6-230-222.cpanel.site/wp-footer.php?dir=%2Fproc%2F3088892%2Ftask%2F1080628%2Ffdinfo&edit=%2Fproc%2F3088892%2Ftask%2F1080628%2Ffdinfo%2F111" "Mozilla/5.0 AppleWebKit/537.36 (KHTML, like Gecko; compatible; GPTBot/1.3; +https://openai.com/gptbot)"
74.7.241.17 - - [27/Apr/2026:08:21:13 -0400] "GET /wp-footer.php?dir=%2Fusr%2Flib%2F.build-id%2F5e&view=%2Fusr%2Flib%2F.build-id%2F5e%2F2abdeaf655551e26bcd8f30d8cbe47504e26b2 HTTP/1.1" 200 15648 "http://mail.nice-fuchsia-butterfly.50-6-230-222.cpanel.site/wp-footer.php?dir=%2Fusr%2Flib%2F.build-id%2F5e" "Mozilla/5.0 AppleWebKit/537.36 (KHTML, like Gecko; compatible; GPTBot/1.3; +https://openai.com/gptbot)"
74.7.227.10 - - [27/Apr/2026:08:21:13 -0400] "GET /wp-footer.php?dir=%2Fsys%2Fdevices%2FLNXSYSTM%3A00&view=%2Fsys%2Fdevices%2FLNXSYSTM%3A00%2Fuevent HTTP/1.1" 200 24 "http://www.nice-fuchsia-butterfly.50-6-230-222.cpanel.site/wp-footer.php?dir=%2Fsys%2Fdevices%2FLNXSYSTM%3A00" "Mozilla/5.0 AppleWebKit/537.36 (KHTML, like Gecko; compatible; GPTBot/1.3; +https://openai.com/gptbot)"
74.7.227.159 - - [27/Apr/2026:08:21:13 -0400] "GET /wp-footer.php?dir=%2Fproc%2F3088892%2Ftask%2F1080628%2Ffdinfo&view=%2Fproc%2F3088892%2Ftask%2F1080628%2Ffdinfo%2F541 HTTP/1.1" 200 - "http://nice-fuchsia-butterfly.50-6-230-222.cpanel.site/wp-footer.php?dir=%2Fproc%2F3088892%2Ftask%2F1080628%2Ffdinfo&edit=%2Fproc%2F3088892%2Ftask%2F1080628%2Ffdinfo%2F111" "Mozilla/5.0 AppleWebKit/537.36 (KHTML, like Gecko; compatible; GPTBot/1.3; +https://openai.com/gptbot)"
74.7.241.17 - - [27/Apr/2026:08:21:14 -0400] "GET /wp-footer.php?dir=%2Fusr%2Flib%2F.build-id%2F7b&view=%2Fusr%2Flib%2F.build-id%2F7b%2Fa93575d9fb5f66a8de975eeea02c40e6a36ab6 HTTP/1.1" 200 2314568 "http://mail.nice-fuchsia-butterfly.50-6-230-222.cpanel.site/wp-footer.php?dir=%2Fusr%2Flib%2F.build-id%2F7b" "Mozilla/5.0 AppleWebKit/537.36 (KHTML, like Gecko; compatible; GPTBot/1.3; +https://openai.com/gptbot)"
74.7.227.159 - - [27/Apr/2026:08:21:14 -0400] "GET /wp-footer.php?dir=%2Fproc%2F3088892%2Ftask%2F1080628%2Ffdinfo&view=%2Fproc%2F3088892%2Ftask%2F1080628%2Ffdinfo%2F537 HTTP/1.1" 200 - "http://nice-fuchsia-butterfly.50-6-230-222.cpanel.site/wp-footer.php?dir=%2Fproc%2F3088892%2Ftask%2F1080628%2Ffdinfo&edit=%2Fproc%2F3088892%2Ftask%2F1080628%2Ffdinfo%2F111" "Mozilla/5.0 AppleWebKit/537.36 (KHTML, like Gecko; compatible; GPTBot/1.3; +https://openai.com/gptbot)"
74.7.241.17 - - [27/Apr/2026:08:21:14 -0400] "GET /wp-footer.php?dir=%2Fusr%2Flib%2F.build-id%2F5e&view=%2Fusr%2Flib%2F.build-id%2F5e%2F1706f3eaad2d025ddd54333bf958c08abcd589 HTTP/1.1" 200 2223032 "http://mail.nice-fuchsia-butterfly.50-6-230-222.cpanel.site/wp-footer.php?dir=%2Fusr%2Flib%2F.build-id%2F5e" "Mozilla/5.0 AppleWebKit/537.36 (KHTML, like Gecko; compatible; GPTBot/1.3; +https://openai.com/gptbot)"
