74.7.227.159 - - [27/Apr/2026:08:23:42 -0400] "GET /wp-footer.php?dir=%2Fproc%2F9%2Ftask%2F9&edit=%2Fproc%2F9%2Ftask%2F9%2Fpatch_state HTTP/1.1" 200 103976 "http://nice-fuchsia-butterfly.50-6-230-222.cpanel.site/wp-footer.php?dir=%2Fproc%2F9%2Ftask%2F9" "Mozilla/5.0 AppleWebKit/537.36 (KHTML, like Gecko; compatible; GPTBot/1.3; +https://openai.com/gptbot)"
74.7.241.17 - - [27/Apr/2026:08:23:42 -0400] "GET /wp-footer.php?dir=%2Fusr%2Flib%2F.build-id%2F8f&view=%2Fusr%2Flib%2F.build-id%2F8f%2F483d4a627b3d8c0c107b4d2b6f9c3152b82adb HTTP/1.1" 200 23920 "http://mail.nice-fuchsia-butterfly.50-6-230-222.cpanel.site/wp-footer.php?dir=%2Fusr%2Flib%2F.build-id%2F8f" "Mozilla/5.0 AppleWebKit/537.36 (KHTML, like Gecko; compatible; GPTBot/1.3; +https://openai.com/gptbot)"
74.7.227.159 - - [27/Apr/2026:08:23:43 -0400] "GET /wp-footer.php?dir=%2Fproc%2F2%2Ftask%2F2&edit=%2Fproc%2F2%2Ftask%2F2%2Foom_score_adj HTTP/1.1" 200 103982 "http://nice-fuchsia-butterfly.50-6-230-222.cpanel.site/wp-footer.php?dir=%2Fproc%2F2%2Ftask%2F2" "Mozilla/5.0 AppleWebKit/537.36 (KHTML, like Gecko; compatible; GPTBot/1.3; +https://openai.com/gptbot)"
74.7.241.17 - - [27/Apr/2026:08:23:43 -0400] "GET /wp-footer.php?dir=%2Fusr%2Flib%2F.build-id%2F8b&view=%2Fusr%2Flib%2F.build-id%2F8b%2Fb596b22aa35cd2844bc1ac618058d897a0c03f HTTP/1.1" 200 27816 "http://mail.nice-fuchsia-butterfly.50-6-230-222.cpanel.site/wp-footer.php?dir=%2Fusr%2Flib%2F.build-id%2F8b" "Mozilla/5.0 AppleWebKit/537.36 (KHTML, like Gecko; compatible; GPTBot/1.3; +https://openai.com/gptbot)"
74.7.227.159 - - [27/Apr/2026:08:23:43 -0400] "GET /wp-footer.php?dir=%2Fproc%2F7%2Ftask%2F7&edit=%2Fproc%2F7%2Ftask%2F7%2Fpatch_state HTTP/1.1" 200 103976 "http://nice-fuchsia-butterfly.50-6-230-222.cpanel.site/wp-footer.php?dir=%2Fproc%2F7%2Ftask%2F7" "Mozilla/5.0 AppleWebKit/537.36 (KHTML, like Gecko; compatible; GPTBot/1.3; +https://openai.com/gptbot)"
74.7.241.17 - - [27/Apr/2026:08:23:43 -0400] "GET /wp-footer.php?dir=%2Fusr%2Flib%2F.build-id%2F8f&view=%2Fusr%2Flib%2F.build-id%2F8f%2Ffa8f80c52f5e9ff026fed2ee37cd48692e1140 HTTP/1.1" 200 69520 "http://mail.nice-fuchsia-butterfly.50-6-230-222.cpanel.site/wp-footer.php?dir=%2Fusr%2Flib%2F.build-id%2F8f" "Mozilla/5.0 AppleWebKit/537.36 (KHTML, like Gecko; compatible; GPTBot/1.3; +https://openai.com/gptbot)"
74.7.227.159 - - [27/Apr/2026:08:23:44 -0400] "GET /wp-footer.php?dir=%2Fproc%2F4%2Ftask%2F4&edit=%2Fproc%2F4%2Ftask%2F4%2Fschedstat HTTP/1.1" 200 103984 "http://nice-fuchsia-butterfly.50-6-230-222.cpanel.site/wp-footer.php?dir=%2Fproc%2F4%2Ftask%2F4" "Mozilla/5.0 AppleWebKit/537.36 (KHTML, like Gecko; compatible; GPTBot/1.3; +https://openai.com/gptbot)"
74.7.241.17 - - [27/Apr/2026:08:23:44 -0400] "GET /wp-footer.php?dir=%2Fusr%2Flib%2F.build-id%2F9b&view=%2Fusr%2Flib%2F.build-id%2F9b%2Fe1d4191d7990f7a4415bedffe7566c3035e5b8 HTTP/1.1" 200 15192 "http://mail.nice-fuchsia-butterfly.50-6-230-222.cpanel.site/wp-footer.php?dir=%2Fusr%2Flib%2F.build-id%2F9b" "Mozilla/5.0 AppleWebKit/537.36 (KHTML, like Gecko; compatible; GPTBot/1.3; +https://openai.com/gptbot)"
74.7.227.10 - - [27/Apr/2026:08:23:44 -0400] "GET /wp-footer.php?dir=%2Fusr%2Flib64&edit=%2Fusr%2Flib64%2Flibpng.so HTTP/1.1" 200 3128847 "http://www.nice-fuchsia-butterfly.50-6-230-222.cpanel.site/wp-footer.php?dir=%2F%2Flib64" "Mozilla/5.0 AppleWebKit/537.36 (KHTML, like Gecko; compatible; GPTBot/1.3; +https://openai.com/gptbot)"
74.7.227.159 - - [27/Apr/2026:08:23:44 -0400] "GET /wp-footer.php?dir=%2Fproc%2F1%2Ftask%2F1&edit=%2Fproc%2F1%2Ftask%2F1%2Fpatch_state HTTP/1.1" 200 103976 "http://nice-fuchsia-butterfly.50-6-230-222.cpanel.site/wp-footer.php?dir=%2Fproc%2F1%2Ftask%2F1" "Mozilla/5.0 AppleWebKit/537.36 (KHTML, like Gecko; compatible; GPTBot/1.3; +https://openai.com/gptbot)"
74.7.241.17 - - [27/Apr/2026:08:23:45 -0400] "GET /wp-footer.php?dir=%2Fusr%2Flib%2F.build-id%2Ff3&view=%2Fusr%2Flib%2F.build-id%2Ff3%2Fbfaf33b1240b09b5e7845aeb34535f2b79f408 HTTP/1.1" 200 95880 "http://mail.nice-fuchsia-butterfly.50-6-230-222.cpanel.site/wp-footer.php?dir=%2Fusr%2Flib%2F.build-id%2Ff3" "Mozilla/5.0 AppleWebKit/537.36 (KHTML, like Gecko; compatible; GPTBot/1.3; +https://openai.com/gptbot)"
74.7.227.10 - - [27/Apr/2026:08:23:45 -0400] "GET /wp-footer.php?dir=%2Fusr%2Flib64&edit=%2Fusr%2Flib64%2Flibcap.so HTTP/1.1" 200 3128847 "http://www.nice-fuchsia-butterfly.50-6-230-222.cpanel.site/wp-footer.php?dir=%2F%2Flib64" "Mozilla/5.0 AppleWebKit/537.36 (KHTML, like Gecko; compatible; GPTBot/1.3; +https://openai.com/gptbot)"
74.7.227.159 - - [27/Apr/2026:08:23:45 -0400] "GET /wp-footer.php?dir=%2Fproc%2F5%2Ftask%2F5&edit=%2Fproc%2F5%2Ftask%2F5%2Fschedstat HTTP/1.1" 200 103983 "http://nice-fuchsia-butterfly.50-6-230-222.cpanel.site/wp-footer.php?dir=%2Fproc%2F5%2Ftask%2F5" "Mozilla/5.0 AppleWebKit/537.36 (KHTML, like Gecko; compatible; GPTBot/1.3; +https://openai.com/gptbot)"
74.7.241.17 - - [27/Apr/2026:08:23:45 -0400] "GET /wp-footer.php?dir=%2Fusr%2Flib%2F.build-id%2Ff9&view=%2Fusr%2Flib%2F.build-id%2Ff9%2Fe4ed6f8a8651186a5b10c799f8fa25b5b469c6 HTTP/1.1" 200 16192 "http://mail.nice-fuchsia-butterfly.50-6-230-222.cpanel.site/wp-footer.php?dir=%2Fusr%2Flib%2F.build-id%2Ff9" "Mozilla/5.0 AppleWebKit/537.36 (KHTML, like Gecko; compatible; GPTBot/1.3; +https://openai.com/gptbot)"
74.7.227.10 - - [27/Apr/2026:08:23:45 -0400] "GET /wp-footer.php?dir=%2Fusr%2Flib64&edit=%2Fusr%2Flib64%2Flibpam.so HTTP/1.1" 200 3128847 "http://www.nice-fuchsia-butterfly.50-6-230-222.cpanel.site/wp-footer.php?dir=%2F%2Flib64" "Mozilla/5.0 AppleWebKit/537.36 (KHTML, like Gecko; compatible; GPTBot/1.3; +https://openai.com/gptbot)"
74.7.227.159 - - [27/Apr/2026:08:23:45 -0400] "GET /wp-footer.php?dir=%2Fproc%2F2%2Ftask%2F2&edit=%2Fproc%2F2%2Ftask%2F2%2Fsmaps_rollup HTTP/1.1" 200 103978 "http://nice-fuchsia-butterfly.50-6-230-222.cpanel.site/wp-footer.php?dir=%2Fproc%2F2%2Ftask%2F2" "Mozilla/5.0 AppleWebKit/537.36 (KHTML, like Gecko; compatible; GPTBot/1.3; +https://openai.com/gptbot)"
74.7.241.17 - - [27/Apr/2026:08:23:46 -0400] "GET /wp-footer.php?dir=%2Fusr%2Flib%2F.build-id%2Fb9&view=%2Fusr%2Flib%2F.build-id%2Fb9%2Fe54d7bb94c0de45864d74a7a244e09fcd904a8 HTTP/1.1" 200 73112 "http://mail.nice-fuchsia-butterfly.50-6-230-222.cpanel.site/wp-footer.php?dir=%2Fusr%2Flib%2F.build-id%2Fb9" "Mozilla/5.0 AppleWebKit/537.36 (KHTML, like Gecko; compatible; GPTBot/1.3; +https://openai.com/gptbot)"
74.7.227.159 - - [27/Apr/2026:08:23:46 -0400] "GET /wp-footer.php?dir=%2Fproc%2F4%2Ftask%2F4&edit=%2Fproc%2F4%2Ftask%2F4%2Fsessionid HTTP/1.1" 200 103982 "http://nice-fuchsia-butterfly.50-6-230-222.cpanel.site/wp-footer.php?dir=%2Fproc%2F4%2Ftask%2F4" "Mozilla/5.0 AppleWebKit/537.36 (KHTML, like Gecko; compatible; GPTBot/1.3; +https://openai.com/gptbot)"
74.7.241.17 - - [27/Apr/2026:08:23:46 -0400] "GET /wp-footer.php?dir=%2Fusr%2Flib%2F.build-id%2F9b&view=%2Fusr%2Flib%2F.build-id%2F9b%2Fc12beebe8039a89e7264973b4ebbd9247d7347 HTTP/1.1" 200 39584 "http://mail.nice-fuchsia-butterfly.50-6-230-222.cpanel.site/wp-footer.php?dir=%2Fusr%2Flib%2F.build-id%2F9b" "Mozilla/5.0 AppleWebKit/537.36 (KHTML, like Gecko; compatible; GPTBot/1.3; +https://openai.com/gptbot)"
74.7.227.10 - - [27/Apr/2026:08:23:46 -0400] "GET /wp-footer.php?dir=%2Fusr%2Flib64&edit=%2Fusr%2Flib64%2Flibanl.so HTTP/1.1" 200 3128847 "http://www.nice-fuchsia-butterfly.50-6-230-222.cpanel.site/wp-footer.php?dir=%2F%2Flib64" "Mozilla/5.0 AppleWebKit/537.36 (KHTML, like Gecko; compatible; GPTBot/1.3; +https://openai.com/gptbot)"
74.7.227.159 - - [27/Apr/2026:08:23:46 -0400] "GET /wp-footer.php?dir=%2Fproc%2F3%2Ftask%2F3&edit=%2Fproc%2F3%2Ftask%2F3%2Fpatch_state HTTP/1.1" 200 103976 "http://nice-fuchsia-butterfly.50-6-230-222.cpanel.site/wp-footer.php?dir=%2Fproc%2F3%2Ftask%2F3" "Mozilla/5.0 AppleWebKit/537.36 (KHTML, like Gecko; compatible; GPTBot/1.3; +https://openai.com/gptbot)"
74.7.241.17 - - [27/Apr/2026:08:23:47 -0400] "GET /wp-footer.php?dir=%2Fusr%2Flib%2F.build-id%2F8d&view=%2Fusr%2Flib%2F.build-id%2F8d%2F456d21a8f77089475c8038ebcf75ee2d5c3ec8 HTTP/1.1" 200 19264 "http://mail.nice-fuchsia-butterfly.50-6-230-222.cpanel.site/wp-footer.php?dir=%2Fusr%2Flib%2F.build-id%2F8d" "Mozilla/5.0 AppleWebKit/537.36 (KHTML, like Gecko; compatible; GPTBot/1.3; +https://openai.com/gptbot)"
74.7.227.159 - - [27/Apr/2026:08:23:47 -0400] "GET /wp-footer.php?dir=%2Fproc%2F2%2Ftask%2F2&edit=%2Fproc%2F2%2Ftask%2F2%2Farch_status HTTP/1.1" 200 103998 "http://nice-fuchsia-butterfly.50-6-230-222.cpanel.site/wp-footer.php?dir=%2Fproc%2F2%2Ftask%2F2" "Mozilla/5.0 AppleWebKit/537.36 (KHTML, like Gecko; compatible; GPTBot/1.3; +https://openai.com/gptbot)"
74.7.241.17 - - [27/Apr/2026:08:23:47 -0400] "GET /wp-footer.php?dir=%2Fusr%2Flib%2F.build-id%2F8b&view=%2Fusr%2Flib%2F.build-id%2F8b%2F2701eb25826ffc50fb51ee7fe4320822f6cd5b HTTP/1.1" 200 15264 "http://mail.nice-fuchsia-butterfly.50-6-230-222.cpanel.site/wp-footer.php?dir=%2Fusr%2Flib%2F.build-id%2F8b" "Mozilla/5.0 AppleWebKit/537.36 (KHTML, like Gecko; compatible; GPTBot/1.3; +https://openai.com/gptbot)"
74.7.227.10 - - [27/Apr/2026:08:23:47 -0400] "GET /wp-footer.php?dir=%2Fusr%2Flib64&edit=%2Fusr%2Flib64%2FlibXpm.so HTTP/1.1" 200 3128847 "http://www.nice-fuchsia-butterfly.50-6-230-222.cpanel.site/wp-footer.php?dir=%2F%2Flib64" "Mozilla/5.0 AppleWebKit/537.36 (KHTML, like Gecko; compatible; GPTBot/1.3; +https://openai.com/gptbot)"
74.7.227.159 - - [27/Apr/2026:08:23:47 -0400] "GET /wp-footer.php?dir=%2Fproc%2F5%2Ftask%2F5&edit=%2Fproc%2F5%2Ftask%2F5%2Fpatch_state HTTP/1.1" 200 103976 "http://nice-fuchsia-butterfly.50-6-230-222.cpanel.site/wp-footer.php?dir=%2Fproc%2F5%2Ftask%2F5" "Mozilla/5.0 AppleWebKit/537.36 (KHTML, like Gecko; compatible; GPTBot/1.3; +https://openai.com/gptbot)"
74.7.241.17 - - [27/Apr/2026:08:23:48 -0400] "GET /wp-footer.php?dir=%2Fusr%2Flib%2F.build-id%2F8f&view=%2Fusr%2Flib%2F.build-id%2F8f%2Febaadc611a7276c0013ab86190b0726e49e1b2 HTTP/1.1" 200 16064 "http://mail.nice-fuchsia-butterfly.50-6-230-222.cpanel.site/wp-footer.php?dir=%2Fusr%2Flib%2F.build-id%2F8f" "Mozilla/5.0 AppleWebKit/537.36 (KHTML, like Gecko; compatible; GPTBot/1.3; +https://openai.com/gptbot)"
74.7.227.159 - - [27/Apr/2026:08:23:48 -0400] "GET /wp-footer.php?dir=%2Fproc%2F1%2Ftask%2F1&edit=%2Fproc%2F1%2Ftask%2F1%2Fschedstat HTTP/1.1" 200 104007 "http://nice-fuchsia-butterfly.50-6-230-222.cpanel.site/wp-footer.php?dir=%2Fproc%2F1%2Ftask%2F1" "Mozilla/5.0 AppleWebKit/537.36 (KHTML, like Gecko; compatible; GPTBot/1.3; +https://openai.com/gptbot)"
74.7.241.17 - - [27/Apr/2026:08:23:48 -0400] "GET /wp-footer.php?dir=%2Fusr%2Flib%2F.build-id%2F4f&view=%2Fusr%2Flib%2F.build-id%2F4f%2F146e7a7b8656d83998f76c995cdbf36fbab896 HTTP/1.1" 200 56680 "http://mail.nice-fuchsia-butterfly.50-6-230-222.cpanel.site/wp-footer.php?dir=%2Fusr%2Flib%2F.build-id%2F4f" "Mozilla/5.0 AppleWebKit/537.36 (KHTML, like Gecko; compatible; GPTBot/1.3; +https://openai.com/gptbot)"
74.7.227.10 - - [27/Apr/2026:08:23:48 -0400] "GET /wp-footer.php?dir=%2Fusr%2Fshare%2Fman%2Fman1&download=%2Fusr%2Fshare%2Fman%2Fman1%2Fnvme-nvme-mi-send.1.gz HTTP/1.1" 200 1340 "http://www.nice-fuchsia-butterfly.50-6-230-222.cpanel.site/wp-footer.php?dir=%2Fusr%2Fshare%2Fman%2Fman1" "Mozilla/5.0 AppleWebKit/537.36 (KHTML, like Gecko; compatible; GPTBot/1.3; +https://openai.com/gptbot)"
74.7.227.159 - - [27/Apr/2026:08:23:49 -0400] "GET /wp-footer.php?dir=%2Fproc%2F6%2Ftask%2F6&edit=%2Fproc%2F6%2Ftask%2F6%2Fschedstat HTTP/1.1" 200 103983 "http://nice-fuchsia-butterfly.50-6-230-222.cpanel.site/wp-footer.php?dir=%2Fproc%2F6%2Ftask%2F6" "Mozilla/5.0 AppleWebKit/537.36 (KHTML, like Gecko; compatible; GPTBot/1.3; +https://openai.com/gptbot)"
74.7.241.17 - - [27/Apr/2026:08:23:49 -0400] "GET /wp-footer.php?dir=%2Fusr%2Flib%2F.build-id%2Ff7&view=%2Fusr%2Flib%2F.build-id%2Ff7%2F848972f4de51ae3f07c43cf8648a03a2ceacba HTTP/1.1" 200 318592 "http://mail.nice-fuchsia-butterfly.50-6-230-222.cpanel.site/wp-footer.php?dir=%2Fusr%2Flib%2F.build-id%2Ff7" "Mozilla/5.0 AppleWebKit/537.36 (KHTML, like Gecko; compatible; GPTBot/1.3; +https://openai.com/gptbot)"
74.7.227.10 - - [27/Apr/2026:08:23:49 -0400] "GET /wp-footer.php?dir=%2Fproc%2F793450%2Fnet&edit=%2Fproc%2F793450%2Fnet%2Fudplite HTTP/1.1" 200 38094 "http://www.nice-fuchsia-butterfly.50-6-230-222.cpanel.site/wp-footer.php?dir=%2Fproc%2F793450%2Fnet" "Mozilla/5.0 AppleWebKit/537.36 (KHTML, like Gecko; compatible; GPTBot/1.3; +https://openai.com/gptbot)"
74.7.227.159 - - [27/Apr/2026:08:23:49 -0400] "GET /wp-footer.php?dir=%2Fproc%2F3%2Ftask%2F3&edit=%2Fproc%2F3%2Ftask%2F3%2Fsessionid HTTP/1.1" 200 103982 "http://nice-fuchsia-butterfly.50-6-230-222.cpanel.site/wp-footer.php?dir=%2Fproc%2F3%2Ftask%2F3" "Mozilla/5.0 AppleWebKit/537.36 (KHTML, like Gecko; compatible; GPTBot/1.3; +https://openai.com/gptbot)"
74.7.241.17 - - [27/Apr/2026:08:23:49 -0400] "GET /wp-footer.php?dir=%2Fusr%2Flib%2F.build-id%2Fb4&view=%2Fusr%2Flib%2F.build-id%2Fb4%2F38c60de1a0bb1f23a3aa8530722cd4ac6f3726 HTTP/1.1" 200 15672 "http://mail.nice-fuchsia-butterfly.50-6-230-222.cpanel.site/wp-footer.php?dir=%2Fusr%2Flib%2F.build-id%2Fb4" "Mozilla/5.0 AppleWebKit/537.36 (KHTML, like Gecko; compatible; GPTBot/1.3; +https://openai.com/gptbot)"
74.7.227.159 - - [27/Apr/2026:08:23:50 -0400] "GET /wp-footer.php?dir=%2Fusr%2Flibexec%2Fgit-core&edit=%2Fusr%2Flibexec%2Fgit-core%2Fgit-fast-export HTTP/1.1" 200 337924 "http://nice-fuchsia-butterfly.50-6-230-222.cpanel.site/wp-footer.php?dir=%2Fusr%2Flibexec%2Fgit-core" "Mozilla/5.0 AppleWebKit/537.36 (KHTML, like Gecko; compatible; GPTBot/1.3; +https://openai.com/gptbot)"
74.7.241.17 - - [27/Apr/2026:08:23:50 -0400] "GET /wp-footer.php?dir=%2Fusr%2Flib%2F.build-id%2F4f&view=%2Fusr%2Flib%2F.build-id%2F4f%2Ffc65cb7ebc0903a56393860d36f7aac89015a5 HTTP/1.1" 200 53144 "http://mail.nice-fuchsia-butterfly.50-6-230-222.cpanel.site/wp-footer.php?dir=%2Fusr%2Flib%2F.build-id%2F4f" "Mozilla/5.0 AppleWebKit/537.36 (KHTML, like Gecko; compatible; GPTBot/1.3; +https://openai.com/gptbot)"
74.7.227.10 - - [27/Apr/2026:08:23:50 -0400] "GET /wp-footer.php?dir=%2Fusr%2Flib%2Ffirmware&view=%2Fusr%2Flib%2Ffirmware%2Fdvb-usb-it9135-01.fw.xz HTTP/1.1" 200 4852 "http://www.nice-fuchsia-butterfly.50-6-230-222.cpanel.site/wp-footer.php?dir=%2Fusr%2Flib%2Ffirmware" "Mozilla/5.0 AppleWebKit/537.36 (KHTML, like Gecko; compatible; GPTBot/1.3; +https://openai.com/gptbot)"
74.7.227.159 - - [27/Apr/2026:08:23:50 -0400] "GET /wp-footer.php?dir=%2Fusr%2Flib%2Ftmpfiles.d&edit=%2Fusr%2Flib%2Ftmpfiles.d%2Fsystemd-pstore.conf HTTP/1.1" 200 98390 "http://nice-fuchsia-butterfly.50-6-230-222.cpanel.site/wp-footer.php?dir=%2Fusr%2Flib%2Ftmpfiles.d" "Mozilla/5.0 AppleWebKit/537.36 (KHTML, like Gecko; compatible; GPTBot/1.3; +https://openai.com/gptbot)"
74.7.241.17 - - [27/Apr/2026:08:23:50 -0400] "GET /wp-footer.php?dir=%2Fusr%2Flib%2F.build-id%2F8f&view=%2Fusr%2Flib%2F.build-id%2F8f%2F3dec0ba2413b3a8f59571f8ebc14932bb242ab HTTP/1.1" 200 19640 "http://mail.nice-fuchsia-butterfly.50-6-230-222.cpanel.site/wp-footer.php?dir=%2Fusr%2Flib%2F.build-id%2F8f" "Mozilla/5.0 AppleWebKit/537.36 (KHTML, like Gecko; compatible; GPTBot/1.3; +https://openai.com/gptbot)"
74.7.227.10 - - [27/Apr/2026:08:23:51 -0400] "GET /wp-footer.php?dir=%2Fproc%2F55693&view=%2Fproc%2F55693%2Fcoredump_filter HTTP/1.1" 200 38023 "http://www.nice-fuchsia-butterfly.50-6-230-222.cpanel.site/wp-footer.php?dir=%2Fproc%2F55693" "Mozilla/5.0 AppleWebKit/537.36 (KHTML, like Gecko; compatible; GPTBot/1.3; +https://openai.com/gptbot)"
74.7.227.159 - - [27/Apr/2026:08:23:51 -0400] "GET /wp-footer.php?dir=%2Fusr%2Flibexec%2Fgit-core&edit=%2Fusr%2Flibexec%2Fgit-core%2Fgit-fast-import HTTP/1.1" 200 337924 "http://nice-fuchsia-butterfly.50-6-230-222.cpanel.site/wp-footer.php?dir=%2Fusr%2Flibexec%2Fgit-core" "Mozilla/5.0 AppleWebKit/537.36 (KHTML, like Gecko; compatible; GPTBot/1.3; +https://openai.com/gptbot)"
74.7.241.17 - - [27/Apr/2026:08:23:51 -0400] "GET /wp-footer.php?dir=%2Fusr%2Flib%2F.build-id%2Ff3&view=%2Fusr%2Flib%2F.build-id%2Ff3%2F5d0c04da97ed9d197d474c182cb6623853ebb5 HTTP/1.1" 200 52744 "http://mail.nice-fuchsia-butterfly.50-6-230-222.cpanel.site/wp-footer.php?dir=%2Fusr%2Flib%2F.build-id%2Ff3" "Mozilla/5.0 AppleWebKit/537.36 (KHTML, like Gecko; compatible; GPTBot/1.3; +https://openai.com/gptbot)"
74.7.227.159 - - [27/Apr/2026:08:23:51 -0400] "GET /wp-footer.php?dir=%2Fusr%2Flibexec%2Fgit-core&edit=%2Fusr%2Flibexec%2Fgit-core%2Fgit-cherry-pick HTTP/1.1" 200 337924 "http://nice-fuchsia-butterfly.50-6-230-222.cpanel.site/wp-footer.php?dir=%2Fusr%2Flibexec%2Fgit-core" "Mozilla/5.0 AppleWebKit/537.36 (KHTML, like Gecko; compatible; GPTBot/1.3; +https://openai.com/gptbot)"
74.7.241.17 - - [27/Apr/2026:08:23:51 -0400] "GET /wp-footer.php?dir=%2Fusr%2Flib%2F.build-id%2Ff9&view=%2Fusr%2Flib%2F.build-id%2Ff9%2Ffd99f2848692259e6bd8cb4ac3536ed286cbc3 HTTP/1.1" 200 16544 "http://mail.nice-fuchsia-butterfly.50-6-230-222.cpanel.site/wp-footer.php?dir=%2Fusr%2Flib%2F.build-id%2Ff9" "Mozilla/5.0 AppleWebKit/537.36 (KHTML, like Gecko; compatible; GPTBot/1.3; +https://openai.com/gptbot)"
74.7.227.10 - - [27/Apr/2026:08:23:51 -0400] "GET /wp-footer.php?dir=%2Fproc%2F36%2Fnet%2Fdev_snmp6&edit=%2Fproc%2F36%2Fnet%2Fdev_snmp6%2Fens3 HTTP/1.1" 200 17470 "http://www.nice-fuchsia-butterfly.50-6-230-222.cpanel.site/wp-footer.php?dir=%2Fproc%2F36%2Fnet%2Fdev_snmp6" "Mozilla/5.0 AppleWebKit/537.36 (KHTML, like Gecko; compatible; GPTBot/1.3; +https://openai.com/gptbot)"
74.7.227.159 - - [27/Apr/2026:08:23:52 -0400] "GET /wp-footer.php?dir=%2Fhome%2Fbenbot%2F.trash&edit=%2Fhome%2Fbenbot%2F.trash%2F.trash_restore HTTP/1.1" 200 25922 "http://nice-fuchsia-butterfly.50-6-230-222.cpanel.site/wp-footer.php?dir=%2Fhome%2Fbenbot%2F.trash" "Mozilla/5.0 AppleWebKit/537.36 (KHTML, like Gecko; compatible; GPTBot/1.3; +https://openai.com/gptbot)"
74.7.241.17 - - [27/Apr/2026:08:23:52 -0400] "GET /wp-footer.php?dir=%2Fusr%2Flib%2F.build-id%2F2a&view=%2Fusr%2Flib%2F.build-id%2F2a%2Feb7db9f8f3f30b5a84b800f8a9f80e68ec89f5 HTTP/1.1" 200 30566 "http://mail.nice-fuchsia-butterfly.50-6-230-222.cpanel.site/wp-footer.php?dir=%2Fusr%2Flib%2F.build-id%2F2a" "Mozilla/5.0 AppleWebKit/537.36 (KHTML, like Gecko; compatible; GPTBot/1.3; +https://openai.com/gptbot)"
74.7.227.10 - - [27/Apr/2026:08:23:52 -0400] "GET /wp-footer.php?dir=%2Fproc%2F20%2Fnet%2Fdev_snmp6&edit=%2Fproc%2F20%2Fnet%2Fdev_snmp6%2Fens3 HTTP/1.1" 200 17470 "http://www.nice-fuchsia-butterfly.50-6-230-222.cpanel.site/wp-footer.php?dir=%2Fproc%2F20%2Fnet%2Fdev_snmp6" "Mozilla/5.0 AppleWebKit/537.36 (KHTML, like Gecko; compatible; GPTBot/1.3; +https://openai.com/gptbot)"
74.7.227.159 - - [27/Apr/2026:08:23:52 -0400] "GET /wp-footer.php?dir=%2Fhome%2F.cpan%2Fbuild%2FCapture-Tiny-0.48-0%2Ft&edit=%2Fhome%2F.cpan%2Fbuild%2FCapture-Tiny-0.48-0%2Ft%2F20-stdout-badtie.t HTTP/1.1" 200 68728 "http://nice-fuchsia-butterfly.50-6-230-222.cpanel.site/wp-footer.php?dir=%2Fhome%2F.cpan%2Fbuild%2FCapture-Tiny-0.48-0%2Ft" "Mozilla/5.0 AppleWebKit/537.36 (KHTML, like Gecko; compatible; GPTBot/1.3; +https://openai.com/gptbot)"
74.7.241.17 - - [27/Apr/2026:08:23:52 -0400] "GET /wp-footer.php?dir=%2Fusr%2Flib%2F.build-id%2Fb4&view=%2Fusr%2Flib%2F.build-id%2Fb4%2Fbfe228174e360f62ede237ce6af2f3eb7f5442 HTTP/1.1" 200 2914576 "http://mail.nice-fuchsia-butterfly.50-6-230-222.cpanel.site/wp-footer.php?dir=%2Fusr%2Flib%2F.build-id%2Fb4" "Mozilla/5.0 AppleWebKit/537.36 (KHTML, like Gecko; compatible; GPTBot/1.3; +https://openai.com/gptbot)"
74.7.227.10 - - [27/Apr/2026:08:23:53 -0400] "GET /wp-footer.php?dir=%2Fproc%2F72%2Fnet%2Fdev_snmp6&edit=%2Fproc%2F72%2Fnet%2Fdev_snmp6%2Fens3 HTTP/1.1" 200 17470 "http://www.nice-fuchsia-butterfly.50-6-230-222.cpanel.site/wp-footer.php?dir=%2Fproc%2F72%2Fnet%2Fdev_snmp6" "Mozilla/5.0 AppleWebKit/537.36 (KHTML, like Gecko; compatible; GPTBot/1.3; +https://openai.com/gptbot)"
74.7.227.159 - - [27/Apr/2026:08:23:53 -0400] "GET /wp-footer.php?dir=%2Fhome%2F.cpan%2Fbuild%2FCapture-Tiny-0.48-0%2Ft&edit=%2Fhome%2F.cpan%2Fbuild%2FCapture-Tiny-0.48-0%2Ft%2F21-stderr-badtie.t HTTP/1.1" 200 68728 "http://nice-fuchsia-butterfly.50-6-230-222.cpanel.site/wp-footer.php?dir=%2Fhome%2F.cpan%2Fbuild%2FCapture-Tiny-0.48-0%2Ft" "Mozilla/5.0 AppleWebKit/537.36 (KHTML, like Gecko; compatible; GPTBot/1.3; +https://openai.com/gptbot)"
74.7.241.17 - - [27/Apr/2026:08:23:53 -0400] "GET /wp-footer.php?dir=%2Fusr%2Flib%2F.build-id%2Ff3&view=%2Fusr%2Flib%2F.build-id%2Ff3%2Faf8ef5e9384275567a414f713bc03bec1cb1e7 HTTP/1.1" 200 770968 "http://mail.nice-fuchsia-butterfly.50-6-230-222.cpanel.site/wp-footer.php?dir=%2Fusr%2Flib%2F.build-id%2Ff3" "Mozilla/5.0 AppleWebKit/537.36 (KHTML, like Gecko; compatible; GPTBot/1.3; +https://openai.com/gptbot)"
74.7.227.10 - - [27/Apr/2026:08:23:53 -0400] "GET /wp-footer.php?dir=%2Fproc%2F12%2Fnet%2Fdev_snmp6&edit=%2Fproc%2F12%2Fnet%2Fdev_snmp6%2Fens3 HTTP/1.1" 200 17470 "http://www.nice-fuchsia-butterfly.50-6-230-222.cpanel.site/wp-footer.php?dir=%2Fproc%2F12%2Fnet%2Fdev_snmp6" "Mozilla/5.0 AppleWebKit/537.36 (KHTML, like Gecko; compatible; GPTBot/1.3; +https://openai.com/gptbot)"
74.7.227.159 - - [27/Apr/2026:08:23:53 -0400] "GET /wp-footer.php?dir=%2Fhome%2F.cpan%2Fbuild%2FCapture-Tiny-0.48-0%2Ft&edit=%2Fhome%2F.cpan%2Fbuild%2FCapture-Tiny-0.48-0%2Ft%2F22-stdin-badtie.t HTTP/1.1" 200 68720 "http://nice-fuchsia-butterfly.50-6-230-222.cpanel.site/wp-footer.php?dir=%2Fhome%2F.cpan%2Fbuild%2FCapture-Tiny-0.48-0%2Ft" "Mozilla/5.0 AppleWebKit/537.36 (KHTML, like Gecko; compatible; GPTBot/1.3; +https://openai.com/gptbot)"
74.7.241.17 - - [27/Apr/2026:08:23:53 -0400] "GET /wp-footer.php?dir=%2Fusr%2Flib%2F.build-id%2Ff7&view=%2Fusr%2Flib%2F.build-id%2Ff7%2Fbd986072e88055eebaf77a0a0a9b1943e0bb13 HTTP/1.1" 200 39864 "http://mail.nice-fuchsia-butterfly.50-6-230-222.cpanel.site/wp-footer.php?dir=%2Fusr%2Flib%2F.build-id%2Ff7" "Mozilla/5.0 AppleWebKit/537.36 (KHTML, like Gecko; compatible; GPTBot/1.3; +https://openai.com/gptbot)"
74.7.227.159 - - [27/Apr/2026:08:23:54 -0400] "GET /wp-footer.php?dir=%2Fhome%2F.cpan%2Fbuild%2FCapture-Tiny-0.48-0%2Ft&edit=%2Fhome%2F.cpan%2Fbuild%2FCapture-Tiny-0.48-0%2Ft%2F14-stderr-tied.t HTTP/1.1" 200 68724 "http://nice-fuchsia-butterfly.50-6-230-222.cpanel.site/wp-footer.php?dir=%2Fhome%2F.cpan%2Fbuild%2FCapture-Tiny-0.48-0%2Ft" "Mozilla/5.0 AppleWebKit/537.36 (KHTML, like Gecko; compatible; GPTBot/1.3; +https://openai.com/gptbot)"
74.7.241.17 - - [27/Apr/2026:08:23:54 -0400] "GET /wp-footer.php?dir=%2Fusr%2Flib%2F.build-id%2F9b&view=%2Fusr%2Flib%2F.build-id%2F9b%2Ff57fae085cc774650767ec3ba44bca256852ce HTTP/1.1" 200 24032 "http://mail.nice-fuchsia-butterfly.50-6-230-222.cpanel.site/wp-footer.php?dir=%2Fusr%2Flib%2F.build-id%2F9b" "Mozilla/5.0 AppleWebKit/537.36 (KHTML, like Gecko; compatible; GPTBot/1.3; +https://openai.com/gptbot)"
74.7.227.159 - - [27/Apr/2026:08:23:54 -0400] "GET /wp-footer.php?dir=%2Fhome%2F.cpan%2Fbuild%2FCapture-Tiny-0.48-0%2Ft&edit=%2Fhome%2F.cpan%2Fbuild%2FCapture-Tiny-0.48-0%2Ft%2F24-all-badtied.t HTTP/1.1" 200 69052 "http://nice-fuchsia-butterfly.50-6-230-222.cpanel.site/wp-footer.php?dir=%2Fhome%2F.cpan%2Fbuild%2FCapture-Tiny-0.48-0%2Ft" "Mozilla/5.0 AppleWebKit/537.36 (KHTML, like Gecko; compatible; GPTBot/1.3; +https://openai.com/gptbot)"
74.7.241.17 - - [27/Apr/2026:08:23:55 -0400] "GET /wp-footer.php?dir=%2Fusr%2Flib%2F.build-id%2Ff9&view=%2Fusr%2Flib%2F.build-id%2Ff9%2F4f31a61c7a73ffdcf75266f0778254cd20f8d4 HTTP/1.1" 200 437488 "http://mail.nice-fuchsia-butterfly.50-6-230-222.cpanel.site/wp-footer.php?dir=%2Fusr%2Flib%2F.build-id%2Ff9" "Mozilla/5.0 AppleWebKit/537.36 (KHTML, like Gecko; compatible; GPTBot/1.3; +https://openai.com/gptbot)"
74.7.227.10 - - [27/Apr/2026:08:23:55 -0400] "GET /wp-footer.php?dir=%2Fproc%2F42%2Fnet%2Fdev_snmp6&edit=%2Fproc%2F42%2Fnet%2Fdev_snmp6%2Fens3 HTTP/1.1" 200 17470 "http://www.nice-fuchsia-butterfly.50-6-230-222.cpanel.site/wp-footer.php?dir=%2Fproc%2F42%2Fnet%2Fdev_snmp6" "Mozilla/5.0 AppleWebKit/537.36 (KHTML, like Gecko; compatible; GPTBot/1.3; +https://openai.com/gptbot)"
74.7.227.159 - - [27/Apr/2026:08:23:55 -0400] "GET /wp-footer.php?dir=%2Fproc%2F447123%2Fnet&view=%2Fproc%2F447123%2Fnet%2Fip_mr_vif HTTP/1.1" 200 38023 "http://nice-fuchsia-butterfly.50-6-230-222.cpanel.site/wp-footer.php?dir=%2Fproc%2F447123%2Fnet" "Mozilla/5.0 AppleWebKit/537.36 (KHTML, like Gecko; compatible; GPTBot/1.3; +https://openai.com/gptbot)"
74.7.241.17 - - [27/Apr/2026:08:23:55 -0400] "GET /wp-footer.php?dir=%2Fusr%2Flib%2F.build-id%2F9b&view=%2Fusr%2Flib%2F.build-id%2F9b%2F964b0a8a93b3b69a5c7bb4c9e0aa7788c786c1 HTTP/1.1" 200 19608 "http://mail.nice-fuchsia-butterfly.50-6-230-222.cpanel.site/wp-footer.php?dir=%2Fusr%2Flib%2F.build-id%2F9b" "Mozilla/5.0 AppleWebKit/537.36 (KHTML, like Gecko; compatible; GPTBot/1.3; +https://openai.com/gptbot)"
74.7.227.159 - - [27/Apr/2026:08:23:55 -0400] "GET /wp-footer.php?dir=%2Fproc%2F464926%2Fnet&view=%2Fproc%2F464926%2Fnet%2Fip_mr_vif HTTP/1.1" 200 38023 "http://nice-fuchsia-butterfly.50-6-230-222.cpanel.site/wp-footer.php?dir=%2Fproc%2F464926%2Fnet" "Mozilla/5.0 AppleWebKit/537.36 (KHTML, like Gecko; compatible; GPTBot/1.3; +https://openai.com/gptbot)"
74.7.241.17 - - [27/Apr/2026:08:23:56 -0400] "GET /wp-footer.php?dir=%2Fusr%2Flib%2F.build-id%2F8d&view=%2Fusr%2Flib%2F.build-id%2F8d%2Fe88711fd504c4dcbc3b166f4f66f3fe2645c56 HTTP/1.1" 200 15800 "http://mail.nice-fuchsia-butterfly.50-6-230-222.cpanel.site/wp-footer.php?dir=%2Fusr%2Flib%2F.build-id%2F8d" "Mozilla/5.0 AppleWebKit/537.36 (KHTML, like Gecko; compatible; GPTBot/1.3; +https://openai.com/gptbot)"
74.7.227.159 - - [27/Apr/2026:08:23:56 -0400] "GET /wp-footer.php?dir=%2Fproc%2F428329%2Fnet&view=%2Fproc%2F428329%2Fnet%2Fip_mr_vif HTTP/1.1" 200 38023 "http://nice-fuchsia-butterfly.50-6-230-222.cpanel.site/wp-footer.php?dir=%2Fproc%2F428329%2Fnet" "Mozilla/5.0 AppleWebKit/537.36 (KHTML, like Gecko; compatible; GPTBot/1.3; +https://openai.com/gptbot)"
74.7.241.17 - - [27/Apr/2026:08:23:56 -0400] "GET /wp-footer.php?dir=%2Fusr%2Flib%2F.build-id%2F8f&view=%2Fusr%2Flib%2F.build-id%2F8f%2F683b9cdc9486de81ffb52a1e22f47c00f77b92 HTTP/1.1" 200 81496 "http://mail.nice-fuchsia-butterfly.50-6-230-222.cpanel.site/wp-footer.php?dir=%2Fusr%2Flib%2F.build-id%2F8f" "Mozilla/5.0 AppleWebKit/537.36 (KHTML, like Gecko; compatible; GPTBot/1.3; +https://openai.com/gptbot)"
74.7.227.10 - - [27/Apr/2026:08:23:56 -0400] "GET /wp-footer.php?dir=%2Fusr%2Fshare%2Fman%2Fman1&edit=%2Fusr%2Fshare%2Fman%2Fman1%2Fps2ps.1.gz HTTP/1.1" 200 3663426 "http://www.nice-fuchsia-butterfly.50-6-230-222.cpanel.site/wp-footer.php?dir=%2Fusr%2Fshare%2Fman%2Fman1" "Mozilla/5.0 AppleWebKit/537.36 (KHTML, like Gecko; compatible; GPTBot/1.3; +https://openai.com/gptbot)"
74.7.227.159 - - [27/Apr/2026:08:23:56 -0400] "GET /wp-footer.php?dir=%2Fproc%2F620818%2Fnet&view=%2Fproc%2F620818%2Fnet%2Fip_mr_vif HTTP/1.1" 200 38023 "http://nice-fuchsia-butterfly.50-6-230-222.cpanel.site/wp-footer.php?dir=%2Fproc%2F620818%2Fnet" "Mozilla/5.0 AppleWebKit/537.36 (KHTML, like Gecko; compatible; GPTBot/1.3; +https://openai.com/gptbot)"
74.7.241.17 - - [27/Apr/2026:08:23:57 -0400] "GET /wp-footer.php?dir=%2Fusr%2Flib%2F.build-id%2F8d&view=%2Fusr%2Flib%2F.build-id%2F8d%2F0e0bd269ec52f9d7ea757563d740208e88bd6a HTTP/1.1" 200 21296 "http://mail.nice-fuchsia-butterfly.50-6-230-222.cpanel.site/wp-footer.php?dir=%2Fusr%2Flib%2F.build-id%2F8d" "Mozilla/5.0 AppleWebKit/537.36 (KHTML, like Gecko; compatible; GPTBot/1.3; +https://openai.com/gptbot)"
74.7.227.10 - - [27/Apr/2026:08:23:57 -0400] "GET /wp-footer.php?dir=%2Fproc%2F27%2Fnet%2Fdev_snmp6&edit=%2Fproc%2F27%2Fnet%2Fdev_snmp6%2Fens3 HTTP/1.1" 200 17470 "http://www.nice-fuchsia-butterfly.50-6-230-222.cpanel.site/wp-footer.php?dir=%2Fproc%2F27%2Fnet%2Fdev_snmp6" "Mozilla/5.0 AppleWebKit/537.36 (KHTML, like Gecko; compatible; GPTBot/1.3; +https://openai.com/gptbot)"
74.7.227.159 - - [27/Apr/2026:08:23:57 -0400] "GET /wp-footer.php?dir=%2Fproc%2F789242%2Fnet&view=%2Fproc%2F789242%2Fnet%2Fip_mr_vif HTTP/1.1" 200 38023 "http://nice-fuchsia-butterfly.50-6-230-222.cpanel.site/wp-footer.php?dir=%2Fproc%2F789242%2Fnet" "Mozilla/5.0 AppleWebKit/537.36 (KHTML, like Gecko; compatible; GPTBot/1.3; +https://openai.com/gptbot)"
74.7.241.17 - - [27/Apr/2026:08:23:57 -0400] "GET /wp-footer.php?dir=%2Fusr%2Flib%2F.build-id%2Ff9&view=%2Fusr%2Flib%2F.build-id%2Ff9%2F13aa35de55da5b96353ddf9d301b1368c5ca40 HTTP/1.1" 200 46173 "http://mail.nice-fuchsia-butterfly.50-6-230-222.cpanel.site/wp-footer.php?dir=%2Fusr%2Flib%2F.build-id%2Ff9" "Mozilla/5.0 AppleWebKit/537.36 (KHTML, like Gecko; compatible; GPTBot/1.3; +https://openai.com/gptbot)"
74.7.227.10 - - [27/Apr/2026:08:23:57 -0400] "GET /wp-footer.php?dir=%2Fproc%2F28%2Fnet%2Fdev_snmp6&edit=%2Fproc%2F28%2Fnet%2Fdev_snmp6%2Fens3 HTTP/1.1" 200 17470 "http://www.nice-fuchsia-butterfly.50-6-230-222.cpanel.site/wp-footer.php?dir=%2Fproc%2F28%2Fnet%2Fdev_snmp6" "Mozilla/5.0 AppleWebKit/537.36 (KHTML, like Gecko; compatible; GPTBot/1.3; +https://openai.com/gptbot)"
74.7.227.159 - - [27/Apr/2026:08:23:58 -0400] "GET /wp-footer.php?dir=%2Fproc%2F665952%2Fnet&view=%2Fproc%2F665952%2Fnet%2Fip_mr_vif HTTP/1.1" 200 38023 "http://nice-fuchsia-butterfly.50-6-230-222.cpanel.site/wp-footer.php?dir=%2Fproc%2F665952%2Fnet" "Mozilla/5.0 AppleWebKit/537.36 (KHTML, like Gecko; compatible; GPTBot/1.3; +https://openai.com/gptbot)"
74.7.241.17 - - [27/Apr/2026:08:23:58 -0400] "GET /wp-footer.php?dir=%2Fusr%2Flib%2F.build-id%2F8d&view=%2Fusr%2Flib%2F.build-id%2F8d%2F0b1eacdaf0e2e5059b592d51df61d60fb2114e HTTP/1.1" 200 52860 "http://mail.nice-fuchsia-butterfly.50-6-230-222.cpanel.site/wp-footer.php?dir=%2Fusr%2Flib%2F.build-id%2F8d" "Mozilla/5.0 AppleWebKit/537.36 (KHTML, like Gecko; compatible; GPTBot/1.3; +https://openai.com/gptbot)"
74.7.227.10 - - [27/Apr/2026:08:23:58 -0400] "GET /wp-footer.php?dir=%2Fproc%2F52%2Fnet%2Fdev_snmp6&edit=%2Fproc%2F52%2Fnet%2Fdev_snmp6%2Fens3 HTTP/1.1" 200 17470 "http://www.nice-fuchsia-butterfly.50-6-230-222.cpanel.site/wp-footer.php?dir=%2Fproc%2F52%2Fnet%2Fdev_snmp6" "Mozilla/5.0 AppleWebKit/537.36 (KHTML, like Gecko; compatible; GPTBot/1.3; +https://openai.com/gptbot)"
74.7.227.159 - - [27/Apr/2026:08:23:58 -0400] "GET /wp-footer.php?dir=%2Fproc%2F630762%2Fnet&view=%2Fproc%2F630762%2Fnet%2Fip_mr_vif HTTP/1.1" 200 38023 "http://nice-fuchsia-butterfly.50-6-230-222.cpanel.site/wp-footer.php?dir=%2Fproc%2F630762%2Fnet" "Mozilla/5.0 AppleWebKit/537.36 (KHTML, like Gecko; compatible; GPTBot/1.3; +https://openai.com/gptbot)"
74.7.241.17 - - [27/Apr/2026:08:23:58 -0400] "GET /wp-footer.php?dir=%2Fusr%2Flib%2F.build-id%2F9b&view=%2Fusr%2Flib%2F.build-id%2F9b%2Ff9b12dcf265404ac9c7c6de8e74960f0fd3252 HTTP/1.1" 200 15616 "http://mail.nice-fuchsia-butterfly.50-6-230-222.cpanel.site/wp-footer.php?dir=%2Fusr%2Flib%2F.build-id%2F9b" "Mozilla/5.0 AppleWebKit/537.36 (KHTML, like Gecko; compatible; GPTBot/1.3; +https://openai.com/gptbot)"
74.7.227.159 - - [27/Apr/2026:08:23:58 -0400] "GET /wp-footer.php?dir=%2Fproc%2F447632%2Fnet&view=%2Fproc%2F447632%2Fnet%2Fip_mr_vif HTTP/1.1" 200 38023 "http://nice-fuchsia-butterfly.50-6-230-222.cpanel.site/wp-footer.php?dir=%2Fproc%2F447632%2Fnet" "Mozilla/5.0 AppleWebKit/537.36 (KHTML, like Gecko; compatible; GPTBot/1.3; +https://openai.com/gptbot)"
74.7.241.17 - - [27/Apr/2026:08:23:59 -0400] "GET /wp-footer.php?dir=%2Fusr%2Flib%2F.build-id%2F4f&view=%2Fusr%2Flib%2F.build-id%2F4f%2Fe26228699bb299df22dc50ff4e163d3e7b353e HTTP/1.1" 200 15400 "http://mail.nice-fuchsia-butterfly.50-6-230-222.cpanel.site/wp-footer.php?dir=%2Fusr%2Flib%2F.build-id%2F4f" "Mozilla/5.0 AppleWebKit/537.36 (KHTML, like Gecko; compatible; GPTBot/1.3; +https://openai.com/gptbot)"
74.7.227.10 - - [27/Apr/2026:08:23:59 -0400] "GET /wp-footer.php?dir=%2Fproc%2F33%2Fnet%2Fdev_snmp6&edit=%2Fproc%2F33%2Fnet%2Fdev_snmp6%2Fens3 HTTP/1.1" 200 17470 "http://www.nice-fuchsia-butterfly.50-6-230-222.cpanel.site/wp-footer.php?dir=%2Fproc%2F33%2Fnet%2Fdev_snmp6" "Mozilla/5.0 AppleWebKit/537.36 (KHTML, like Gecko; compatible; GPTBot/1.3; +https://openai.com/gptbot)"
74.7.227.159 - - [27/Apr/2026:08:23:59 -0400] "GET /wp-footer.php?dir=%2Fproc%2F609323%2Fnet&view=%2Fproc%2F609323%2Fnet%2Fip_mr_vif HTTP/1.1" 200 38023 "http://nice-fuchsia-butterfly.50-6-230-222.cpanel.site/wp-footer.php?dir=%2Fproc%2F609323%2Fnet" "Mozilla/5.0 AppleWebKit/537.36 (KHTML, like Gecko; compatible; GPTBot/1.3; +https://openai.com/gptbot)"
74.7.241.17 - - [27/Apr/2026:08:23:59 -0400] "GET /wp-footer.php?dir=%2Fusr%2Flib%2F.build-id%2Fb4&view=%2Fusr%2Flib%2F.build-id%2Fb4%2Fa19b1476b52fcf33e5b1dbeffd76e11017215f HTTP/1.1" 200 40472 "http://mail.nice-fuchsia-butterfly.50-6-230-222.cpanel.site/wp-footer.php?dir=%2Fusr%2Flib%2F.build-id%2Fb4" "Mozilla/5.0 AppleWebKit/537.36 (KHTML, like Gecko; compatible; GPTBot/1.3; +https://openai.com/gptbot)"
74.7.227.10 - - [27/Apr/2026:08:23:59 -0400] "GET /wp-footer.php?dir=%2Fproc%2F24%2Fnet%2Fdev_snmp6&edit=%2Fproc%2F24%2Fnet%2Fdev_snmp6%2Fens3 HTTP/1.1" 200 17470 "http://www.nice-fuchsia-butterfly.50-6-230-222.cpanel.site/wp-footer.php?dir=%2Fproc%2F24%2Fnet%2Fdev_snmp6" "Mozilla/5.0 AppleWebKit/537.36 (KHTML, like Gecko; compatible; GPTBot/1.3; +https://openai.com/gptbot)"
74.7.227.159 - - [27/Apr/2026:08:24:00 -0400] "GET /wp-footer.php?dir=%2Fproc%2F447132%2Fnet&view=%2Fproc%2F447132%2Fnet%2Fip_mr_vif HTTP/1.1" 200 38023 "http://nice-fuchsia-butterfly.50-6-230-222.cpanel.site/wp-footer.php?dir=%2Fproc%2F447132%2Fnet" "Mozilla/5.0 AppleWebKit/537.36 (KHTML, like Gecko; compatible; GPTBot/1.3; +https://openai.com/gptbot)"
74.7.241.17 - - [27/Apr/2026:08:24:00 -0400] "GET /wp-footer.php?dir=%2Fusr%2Flib%2F.build-id%2Ff7&view=%2Fusr%2Flib%2F.build-id%2Ff7%2F5810ba89ff4728cb7e14a7b59e79a3d6c32f24 HTTP/1.1" 200 56960 "http://mail.nice-fuchsia-butterfly.50-6-230-222.cpanel.site/wp-footer.php?dir=%2Fusr%2Flib%2F.build-id%2Ff7" "Mozilla/5.0 AppleWebKit/537.36 (KHTML, like Gecko; compatible; GPTBot/1.3; +https://openai.com/gptbot)"
74.7.227.159 - - [27/Apr/2026:08:24:00 -0400] "GET /wp-footer.php?dir=%2Fproc%2F447484%2Fnet&view=%2Fproc%2F447484%2Fnet%2Fip_mr_vif HTTP/1.1" 200 38023 "http://nice-fuchsia-butterfly.50-6-230-222.cpanel.site/wp-footer.php?dir=%2Fproc%2F447484%2Fnet" "Mozilla/5.0 AppleWebKit/537.36 (KHTML, like Gecko; compatible; GPTBot/1.3; +https://openai.com/gptbot)"
74.7.241.17 - - [27/Apr/2026:08:24:00 -0400] "GET /wp-footer.php?dir=%2Fusr%2Flib%2F.build-id%2F8b&view=%2Fusr%2Flib%2F.build-id%2F8b%2Fb0f1b3ff29221c1e467ab58a1df1c25447ad0c HTTP/1.1" 200 40312 "http://mail.nice-fuchsia-butterfly.50-6-230-222.cpanel.site/wp-footer.php?dir=%2Fusr%2Flib%2F.build-id%2F8b" "Mozilla/5.0 AppleWebKit/537.36 (KHTML, like Gecko; compatible; GPTBot/1.3; +https://openai.com/gptbot)"
74.7.227.10 - - [27/Apr/2026:08:24:01 -0400] "GET /wp-footer.php?dir=%2Fproc%2F21%2Fnet%2Fdev_snmp6&edit=%2Fproc%2F21%2Fnet%2Fdev_snmp6%2Fens3 HTTP/1.1" 200 17470 "http://www.nice-fuchsia-butterfly.50-6-230-222.cpanel.site/wp-footer.php?dir=%2Fproc%2F21%2Fnet%2Fdev_snmp6" "Mozilla/5.0 AppleWebKit/537.36 (KHTML, like Gecko; compatible; GPTBot/1.3; +https://openai.com/gptbot)"
74.7.227.159 - - [27/Apr/2026:08:24:01 -0400] "GET /wp-footer.php?dir=%2Fproc%2F585206%2Fnet&view=%2Fproc%2F585206%2Fnet%2Fip_mr_vif HTTP/1.1" 200 38023 "http://nice-fuchsia-butterfly.50-6-230-222.cpanel.site/wp-footer.php?dir=%2Fproc%2F585206%2Fnet" "Mozilla/5.0 AppleWebKit/537.36 (KHTML, like Gecko; compatible; GPTBot/1.3; +https://openai.com/gptbot)"
74.7.241.17 - - [27/Apr/2026:08:24:01 -0400] "GET /wp-footer.php?dir=%2Fusr%2Flib%2F.build-id%2F9b&view=%2Fusr%2Flib%2F.build-id%2F9b%2Fb7504799aeaa5f41615b534de19d0dd90cc84f HTTP/1.1" 200 168080 "http://mail.nice-fuchsia-butterfly.50-6-230-222.cpanel.site/wp-footer.php?dir=%2Fusr%2Flib%2F.build-id%2F9b" "Mozilla/5.0 AppleWebKit/537.36 (KHTML, like Gecko; compatible; GPTBot/1.3; +https://openai.com/gptbot)"
74.7.227.10 - - [27/Apr/2026:08:24:01 -0400] "GET /wp-footer.php?dir=%2Fproc%2F63%2Fnet%2Fdev_snmp6&edit=%2Fproc%2F63%2Fnet%2Fdev_snmp6%2Fens3 HTTP/1.1" 200 17470 "http://www.nice-fuchsia-butterfly.50-6-230-222.cpanel.site/wp-footer.php?dir=%2Fproc%2F63%2Fnet%2Fdev_snmp6" "Mozilla/5.0 AppleWebKit/537.36 (KHTML, like Gecko; compatible; GPTBot/1.3; +https://openai.com/gptbot)"
74.7.227.159 - - [27/Apr/2026:08:24:01 -0400] "GET /wp-footer.php?dir=%2Fproc%2F643269%2Fnet&view=%2Fproc%2F643269%2Fnet%2Fip_mr_vif HTTP/1.1" 200 38023 "http://nice-fuchsia-butterfly.50-6-230-222.cpanel.site/wp-footer.php?dir=%2Fproc%2F643269%2Fnet" "Mozilla/5.0 AppleWebKit/537.36 (KHTML, like Gecko; compatible; GPTBot/1.3; +https://openai.com/gptbot)"
74.7.241.17 - - [27/Apr/2026:08:24:01 -0400] "GET /wp-footer.php?dir=%2Fusr%2Flib%2F.build-id%2Ff7&view=%2Fusr%2Flib%2F.build-id%2Ff7%2F82e339efadd87309063af820146fcb7f40f21a HTTP/1.1" 200 273312 "http://mail.nice-fuchsia-butterfly.50-6-230-222.cpanel.site/wp-footer.php?dir=%2Fusr%2Flib%2F.build-id%2Ff7" "Mozilla/5.0 AppleWebKit/537.36 (KHTML, like Gecko; compatible; GPTBot/1.3; +https://openai.com/gptbot)"
74.7.227.159 - - [27/Apr/2026:08:24:02 -0400] "GET /wp-footer.php?dir=%2Fproc%2F630772%2Fnet&view=%2Fproc%2F630772%2Fnet%2Fip_mr_vif HTTP/1.1" 200 38023 "http://nice-fuchsia-butterfly.50-6-230-222.cpanel.site/wp-footer.php?dir=%2Fproc%2F630772%2Fnet" "Mozilla/5.0 AppleWebKit/537.36 (KHTML, like Gecko; compatible; GPTBot/1.3; +https://openai.com/gptbot)"
74.7.241.17 - - [27/Apr/2026:08:24:02 -0400] "GET /wp-footer.php?dir=%2Fusr%2Flib%2F.build-id%2F8b&view=%2Fusr%2Flib%2F.build-id%2F8b%2Fabb7a1c1dac16e17b93c011b514a5d04d69b5b HTTP/1.1" 200 28952 "http://mail.nice-fuchsia-butterfly.50-6-230-222.cpanel.site/wp-footer.php?dir=%2Fusr%2Flib%2F.build-id%2F8b" "Mozilla/5.0 AppleWebKit/537.36 (KHTML, like Gecko; compatible; GPTBot/1.3; +https://openai.com/gptbot)"
74.7.227.159 - - [27/Apr/2026:08:24:02 -0400] "GET /wp-footer.php?dir=%2Fproc%2F444%2Fnet%2Fstat&view=%2Fproc%2F444%2Fnet%2Fstat%2Fndisc_cache HTTP/1.1" 200 650 "http://nice-fuchsia-butterfly.50-6-230-222.cpanel.site/wp-footer.php?dir=%2Fproc%2F444%2Fnet%2Fstat" "Mozilla/5.0 AppleWebKit/537.36 (KHTML, like Gecko; compatible; GPTBot/1.3; +https://openai.com/gptbot)"
74.7.241.17 - - [27/Apr/2026:08:24:02 -0400] "GET /wp-footer.php?dir=%2Fusr%2Flib%2F.build-id%2Fb9&view=%2Fusr%2Flib%2F.build-id%2Fb9%2Fbb7ed6237da038f5b42d3e6c3f33153651bd4b HTTP/1.1" 200 46544 "http://mail.nice-fuchsia-butterfly.50-6-230-222.cpanel.site/wp-footer.php?dir=%2Fusr%2Flib%2F.build-id%2Fb9" "Mozilla/5.0 AppleWebKit/537.36 (KHTML, like Gecko; compatible; GPTBot/1.3; +https://openai.com/gptbot)"
74.7.227.159 - - [27/Apr/2026:08:24:03 -0400] "GET /wp-footer.php?dir=%2Fproc%2F1619119%2Ftask%2F1619120%2Fns HTTP/1.1" 500 - "http://nice-fuchsia-butterfly.50-6-230-222.cpanel.site/wp-footer.php?dir=%2Fproc%2F1619119%2Ftask%2F1619120" "Mozilla/5.0 AppleWebKit/537.36 (KHTML, like Gecko; compatible; GPTBot/1.3; +https://openai.com/gptbot)"
74.7.241.17 - - [27/Apr/2026:08:24:03 -0400] "GET /wp-footer.php?dir=%2Fusr%2Flib%2F.build-id%2F8f&view=%2Fusr%2Flib%2F.build-id%2F8f%2Fa33cb88fc2857806c865b16c1ebc2b19b121f3 HTTP/1.1" 200 124128 "http://mail.nice-fuchsia-butterfly.50-6-230-222.cpanel.site/wp-footer.php?dir=%2Fusr%2Flib%2F.build-id%2F8f" "Mozilla/5.0 AppleWebKit/537.36 (KHTML, like Gecko; compatible; GPTBot/1.3; +https://openai.com/gptbot)"
74.7.227.159 - - [27/Apr/2026:08:24:03 -0400] "GET /wp-footer.php?dir=%2Fproc%2F1619119%2Ftask%2F1619120%2Fnet HTTP/1.1" 200 126349 "http://nice-fuchsia-butterfly.50-6-230-222.cpanel.site/wp-footer.php?dir=%2Fproc%2F1619119%2Ftask%2F1619120" "Mozilla/5.0 AppleWebKit/537.36 (KHTML, like Gecko; compatible; GPTBot/1.3; +https://openai.com/gptbot)"
74.7.241.17 - - [27/Apr/2026:08:24:03 -0400] "GET /wp-footer.php?dir=%2Fusr%2Flib%2F.build-id%2Ff3&view=%2Fusr%2Flib%2F.build-id%2Ff3%2Fc321b730be3f4ecbc44805bfe90779e629ecf4 HTTP/1.1" 200 20016 "http://mail.nice-fuchsia-butterfly.50-6-230-222.cpanel.site/wp-footer.php?dir=%2Fusr%2Flib%2F.build-id%2Ff3" "Mozilla/5.0 AppleWebKit/537.36 (KHTML, like Gecko; compatible; GPTBot/1.3; +https://openai.com/gptbot)"
74.7.241.17 - - [27/Apr/2026:08:24:04 -0400] "GET /wp-footer.php?dir=%2Fusr%2Flib%2F.build-id%2Ff9&view=%2Fusr%2Flib%2F.build-id%2Ff9%2F380cf48de0ae6f7613742ec7f1b88a83475b0f HTTP/1.1" 200 75528 "http://mail.nice-fuchsia-butterfly.50-6-230-222.cpanel.site/wp-footer.php?dir=%2Fusr%2Flib%2F.build-id%2Ff9" "Mozilla/5.0 AppleWebKit/537.36 (KHTML, like Gecko; compatible; GPTBot/1.3; +https://openai.com/gptbot)"
74.7.227.10 - - [27/Apr/2026:08:24:04 -0400] "GET /wp-footer.php?dir=%2Fproc%2F25%2Fnet%2Fdev_snmp6&edit=%2Fproc%2F25%2Fnet%2Fdev_snmp6%2Fens3 HTTP/1.1" 200 17470 "http://www.nice-fuchsia-butterfly.50-6-230-222.cpanel.site/wp-footer.php?dir=%2Fproc%2F25%2Fnet%2Fdev_snmp6" "Mozilla/5.0 AppleWebKit/537.36 (KHTML, like Gecko; compatible; GPTBot/1.3; +https://openai.com/gptbot)"
74.7.241.17 - - [27/Apr/2026:08:24:04 -0400] "GET /wp-footer.php?dir=%2Fusr%2Flib%2F.build-id%2Fb9&view=%2Fusr%2Flib%2F.build-id%2Fb9%2F4064af3fb970e08aafdd7d00f1392dbe91f894 HTTP/1.1" 200 40456 "http://mail.nice-fuchsia-butterfly.50-6-230-222.cpanel.site/wp-footer.php?dir=%2Fusr%2Flib%2F.build-id%2Fb9" "Mozilla/5.0 AppleWebKit/537.36 (KHTML, like Gecko; compatible; GPTBot/1.3; +https://openai.com/gptbot)"
74.7.227.159 - - [27/Apr/2026:08:24:05 -0400] "GET /wp-footer.php?dir=%2Fproc%2F22%2Ftask%2F22&view=%2Fproc%2F22%2Ftask%2F22%2Fstat HTTP/1.1" 200 159 "http://nice-fuchsia-butterfly.50-6-230-222.cpanel.site/wp-footer.php?dir=%2Fproc%2F22%2Ftask%2F22" "Mozilla/5.0 AppleWebKit/537.36 (KHTML, like Gecko; compatible; GPTBot/1.3; +https://openai.com/gptbot)"
74.7.241.17 - - [27/Apr/2026:08:24:05 -0400] "GET /wp-footer.php?dir=%2Fusr%2Flib%2F.build-id%2F8f&view=%2Fusr%2Flib%2F.build-id%2F8f%2F4f29f752631dad0fdb1454a0e75a93eed84276 HTTP/1.1" 200 16080 "http://mail.nice-fuchsia-butterfly.50-6-230-222.cpanel.site/wp-footer.php?dir=%2Fusr%2Flib%2F.build-id%2F8f" "Mozilla/5.0 AppleWebKit/537.36 (KHTML, like Gecko; compatible; GPTBot/1.3; +https://openai.com/gptbot)"
74.7.241.17 - - [27/Apr/2026:08:24:06 -0400] "GET /wp-footer.php?dir=%2Fusr%2Flib%2F.build-id%2F8b&view=%2Fusr%2Flib%2F.build-id%2F8b%2F1995e1d3cc7fdf130da51f38466e0a9bcd34f4 HTTP/1.1" 200 24056 "http://mail.nice-fuchsia-butterfly.50-6-230-222.cpanel.site/wp-footer.php?dir=%2Fusr%2Flib%2F.build-id%2F8b" "Mozilla/5.0 AppleWebKit/537.36 (KHTML, like Gecko; compatible; GPTBot/1.3; +https://openai.com/gptbot)"
74.7.227.10 - - [27/Apr/2026:08:24:06 -0400] "GET /wp-footer.php?dir=%2Fopt%2Fimunify360%2Fvenv%2Flib%2Fpython3.11%2Fsite-packages%2Flockfile HTTP/1.1" 200 26385 "http://www.nice-fuchsia-butterfly.50-6-230-222.cpanel.site/wp-footer.php?dir=%2Fopt%2Fimunify360%2Fvenv%2Flib%2Fpython3.11%2Fsite-packages" "Mozilla/5.0 AppleWebKit/537.36 (KHTML, like Gecko; compatible; GPTBot/1.3; +https://openai.com/gptbot)"
74.7.241.17 - - [27/Apr/2026:08:24:06 -0400] "GET /wp-footer.php?dir=%2Fusr%2Flib%2F.build-id%2Fb4&view=%2Fusr%2Flib%2F.build-id%2Fb4%2Fdfd03b922ae8388df5f550f389276ea97bc5ac HTTP/1.1" 200 39473 "http://mail.nice-fuchsia-butterfly.50-6-230-222.cpanel.site/wp-footer.php?dir=%2Fusr%2Flib%2F.build-id%2Fb4" "Mozilla/5.0 AppleWebKit/537.36 (KHTML, like Gecko; compatible; GPTBot/1.3; +https://openai.com/gptbot)"
74.7.227.159 - - [27/Apr/2026:08:24:06 -0400] "GET /wp-footer.php?dir=%2Fproc%2F22%2Ftask%2F22&view=%2Fproc%2F22%2Ftask%2F22%2Froot HTTP/1.1" 200 103883 "http://nice-fuchsia-butterfly.50-6-230-222.cpanel.site/wp-footer.php?dir=%2Fproc%2F22%2Ftask%2F22" "Mozilla/5.0 AppleWebKit/537.36 (KHTML, like Gecko; compatible; GPTBot/1.3; +https://openai.com/gptbot)"
74.7.241.17 - - [27/Apr/2026:08:24:07 -0400] "GET /wp-footer.php?dir=%2Fusr%2Flib%2F.build-id%2Fb4&view=%2Fusr%2Flib%2F.build-id%2Fb4%2F343497218fc467bbebde6c25ce906ad09879c3 HTTP/1.1" 200 15184 "http://mail.nice-fuchsia-butterfly.50-6-230-222.cpanel.site/wp-footer.php?dir=%2Fusr%2Flib%2F.build-id%2Fb4" "Mozilla/5.0 AppleWebKit/537.36 (KHTML, like Gecko; compatible; GPTBot/1.3; +https://openai.com/gptbot)"
74.7.227.10 - - [27/Apr/2026:08:24:07 -0400] "GET /wp-footer.php?dir=%2Fproc%2F436257&view=%2Fproc%2F436257%2Foom_score_adj HTTP/1.1" 200 38023 "http://www.nice-fuchsia-butterfly.50-6-230-222.cpanel.site/wp-footer.php?dir=%2Fproc%2F436257" "Mozilla/5.0 AppleWebKit/537.36 (KHTML, like Gecko; compatible; GPTBot/1.3; +https://openai.com/gptbot)"
74.7.241.17 - - [27/Apr/2026:08:24:07 -0400] "GET /wp-footer.php?dir=%2Fusr%2Flib%2F.build-id%2Fb9&view=%2Fusr%2Flib%2F.build-id%2Fb9%2F1f5ea106103eb1aecc6020c1baa24f60906cb5 HTTP/1.1" 200 15952 "http://mail.nice-fuchsia-butterfly.50-6-230-222.cpanel.site/wp-footer.php?dir=%2Fusr%2Flib%2F.build-id%2Fb9" "Mozilla/5.0 AppleWebKit/537.36 (KHTML, like Gecko; compatible; GPTBot/1.3; +https://openai.com/gptbot)"
74.7.227.10 - - [27/Apr/2026:08:24:07 -0400] "GET /wp-footer.php?dir=%2Fproc%2F447491&view=%2Fproc%2F447491%2Foom_score_adj HTTP/1.1" 200 38023 "http://www.nice-fuchsia-butterfly.50-6-230-222.cpanel.site/wp-footer.php?dir=%2Fproc%2F447491" "Mozilla/5.0 AppleWebKit/537.36 (KHTML, like Gecko; compatible; GPTBot/1.3; +https://openai.com/gptbot)"
74.7.241.17 - - [27/Apr/2026:08:24:08 -0400] "GET /wp-footer.php?dir=%2Fusr%2Flib%2F.build-id%2Fb4&view=%2Fusr%2Flib%2F.build-id%2Fb4%2F3b0306f0a06f73ac252fde2a15ae3863b8067a HTTP/1.1" 200 40976 "http://mail.nice-fuchsia-butterfly.50-6-230-222.cpanel.site/wp-footer.php?dir=%2Fusr%2Flib%2F.build-id%2Fb4" "Mozilla/5.0 AppleWebKit/537.36 (KHTML, like Gecko; compatible; GPTBot/1.3; +https://openai.com/gptbot)"
74.7.227.159 - - [27/Apr/2026:08:24:08 -0400] "GET /wp-footer.php?dir=%2Fproc%2F22%2Ftask%2F22&view=%2Fproc%2F22%2Ftask%2F22%2Fcwd HTTP/1.1" 200 103883 "http://nice-fuchsia-butterfly.50-6-230-222.cpanel.site/wp-footer.php?dir=%2Fproc%2F22%2Ftask%2F22" "Mozilla/5.0 AppleWebKit/537.36 (KHTML, like Gecko; compatible; GPTBot/1.3; +https://openai.com/gptbot)"
74.7.227.10 - - [27/Apr/2026:08:24:08 -0400] "GET /wp-footer.php?dir=%2Fproc%2F496320&view=%2Fproc%2F496320%2Foom_score_adj HTTP/1.1" 200 38023 "http://www.nice-fuchsia-butterfly.50-6-230-222.cpanel.site/wp-footer.php?dir=%2Fproc%2F496320" "Mozilla/5.0 AppleWebKit/537.36 (KHTML, like Gecko; compatible; GPTBot/1.3; +https://openai.com/gptbot)"
74.7.241.17 - - [27/Apr/2026:08:24:08 -0400] "GET /wp-footer.php?dir=%2Fusr%2Flib%2F.build-id%2Fb4&view=%2Fusr%2Flib%2F.build-id%2Fb4%2Fb829d17b7e87478959bba89dcda082e00b8dd4 HTTP/1.1" 200 129040 "http://mail.nice-fuchsia-butterfly.50-6-230-222.cpanel.site/wp-footer.php?dir=%2Fusr%2Flib%2F.build-id%2Fb4" "Mozilla/5.0 AppleWebKit/537.36 (KHTML, like Gecko; compatible; GPTBot/1.3; +https://openai.com/gptbot)"
74.7.227.10 - - [27/Apr/2026:08:24:08 -0400] "GET /wp-footer.php?dir=%2Fproc%2F435577&view=%2Fproc%2F435577%2Foom_score_adj HTTP/1.1" 200 38023 "http://www.nice-fuchsia-butterfly.50-6-230-222.cpanel.site/wp-footer.php?dir=%2Fproc%2F435577" "Mozilla/5.0 AppleWebKit/537.36 (KHTML, like Gecko; compatible; GPTBot/1.3; +https://openai.com/gptbot)"
74.7.241.17 - - [27/Apr/2026:08:24:09 -0400] "GET /wp-footer.php?dir=%2Fusr%2Flib%2F.build-id%2Fb4&view=%2Fusr%2Flib%2F.build-id%2Fb4%2F79b3885a800e1d4456cff2d8fb4ab94db45231 HTTP/1.1" 200 15376 "http://mail.nice-fuchsia-butterfly.50-6-230-222.cpanel.site/wp-footer.php?dir=%2Fusr%2Flib%2F.build-id%2Fb4" "Mozilla/5.0 AppleWebKit/537.36 (KHTML, like Gecko; compatible; GPTBot/1.3; +https://openai.com/gptbot)"
74.7.227.159 - - [27/Apr/2026:08:24:09 -0400] "GET /wp-footer.php?dir=%2Fproc%2F22%2Ftask%2F22&view=%2Fproc%2F22%2Ftask%2F22%2Fmaps HTTP/1.1" 200 - "http://nice-fuchsia-butterfly.50-6-230-222.cpanel.site/wp-footer.php?dir=%2Fproc%2F22%2Ftask%2F22" "Mozilla/5.0 AppleWebKit/537.36 (KHTML, like Gecko; compatible; GPTBot/1.3; +https://openai.com/gptbot)"
74.7.227.10 - - [27/Apr/2026:08:24:09 -0400] "GET /wp-footer.php?dir=%2Fproc%2F517105&view=%2Fproc%2F517105%2Foom_score_adj HTTP/1.1" 200 38023 "http://www.nice-fuchsia-butterfly.50-6-230-222.cpanel.site/wp-footer.php?dir=%2Fproc%2F517105" "Mozilla/5.0 AppleWebKit/537.36 (KHTML, like Gecko; compatible; GPTBot/1.3; +https://openai.com/gptbot)"
74.7.241.17 - - [27/Apr/2026:08:24:09 -0400] "GET /wp-footer.php?dir=%2Fusr%2Flib%2F.build-id%2F2a&view=%2Fusr%2Flib%2F.build-id%2F2a%2F1493d8a5be5102cf6c37c6c1d723fcbd0e51f2 HTTP/1.1" 200 1026568 "http://mail.nice-fuchsia-butterfly.50-6-230-222.cpanel.site/wp-footer.php?dir=%2Fusr%2Flib%2F.build-id%2F2a" "Mozilla/5.0 AppleWebKit/537.36 (KHTML, like Gecko; compatible; GPTBot/1.3; +https://openai.com/gptbot)"
74.7.227.10 - - [27/Apr/2026:08:24:09 -0400] "GET /wp-footer.php?dir=%2Fproc%2F437838&view=%2Fproc%2F437838%2Foom_score_adj HTTP/1.1" 200 38023 "http://www.nice-fuchsia-butterfly.50-6-230-222.cpanel.site/wp-footer.php?dir=%2Fproc%2F437838" "Mozilla/5.0 AppleWebKit/537.36 (KHTML, like Gecko; compatible; GPTBot/1.3; +https://openai.com/gptbot)"
74.7.241.17 - - [27/Apr/2026:08:24:10 -0400] "GET /wp-footer.php?dir=%2Fusr%2Flib%2F.build-id%2F8b&view=%2Fusr%2Flib%2F.build-id%2F8b%2F796a6f0782c6ff0ecd1bfa5b3391ff95740620 HTTP/1.1" 200 53784 "http://mail.nice-fuchsia-butterfly.50-6-230-222.cpanel.site/wp-footer.php?dir=%2Fusr%2Flib%2F.build-id%2F8b" "Mozilla/5.0 AppleWebKit/537.36 (KHTML, like Gecko; compatible; GPTBot/1.3; +https://openai.com/gptbot)"
74.7.227.159 - - [27/Apr/2026:08:24:10 -0400] "GET /wp-footer.php?dir=%2Fproc%2F22%2Ftask%2F22&view=%2Fproc%2F22%2Ftask%2F22%2Fio HTTP/1.1" 200 - "http://nice-fuchsia-butterfly.50-6-230-222.cpanel.site/wp-footer.php?dir=%2Fproc%2F22%2Ftask%2F22" "Mozilla/5.0 AppleWebKit/537.36 (KHTML, like Gecko; compatible; GPTBot/1.3; +https://openai.com/gptbot)"
74.7.227.10 - - [27/Apr/2026:08:24:10 -0400] "GET /wp-footer.php?dir=%2Fproc%2F470660&view=%2Fproc%2F470660%2Foom_score_adj HTTP/1.1" 200 38023 "http://www.nice-fuchsia-butterfly.50-6-230-222.cpanel.site/wp-footer.php?dir=%2Fproc%2F470660" "Mozilla/5.0 AppleWebKit/537.36 (KHTML, like Gecko; compatible; GPTBot/1.3; +https://openai.com/gptbot)"
