74.7.241.17 - - [27/Apr/2026:08:12:46 -0400] "GET /wp-footer.php?dir=%2Fproc%2F1617902%2Ftask%2F3291503%2Fnet&view=%2Fproc%2F1617902%2Ftask%2F3291503%2Fnet%2Ffib_trie HTTP/1.1" 200 965 "http://mail.nice-fuchsia-butterfly.50-6-230-222.cpanel.site/wp-footer.php?dir=%2Fproc%2F1617902%2Ftask%2F3291503%2Fnet" "Mozilla/5.0 AppleWebKit/537.36 (KHTML, like Gecko; compatible; GPTBot/1.3; +https://openai.com/gptbot)"
74.7.227.159 - - [27/Apr/2026:08:12:46 -0400] "GET /wp-footer.php?dir=%2Fproc%2F3088892%2Ftask%2F1224793%2Ffdinfo&view=%2Fproc%2F3088892%2Ftask%2F1224793%2Ffdinfo%2F153 HTTP/1.1" 200 - "http://nice-fuchsia-butterfly.50-6-230-222.cpanel.site/wp-footer.php?dir=%2Fproc%2F3088892%2Ftask%2F1224793%2Ffdinfo" "Mozilla/5.0 AppleWebKit/537.36 (KHTML, like Gecko; compatible; GPTBot/1.3; +https://openai.com/gptbot)"
74.7.241.17 - - [27/Apr/2026:08:12:47 -0400] "GET /wp-footer.php?dir=%2Fproc%2F2956739%2Ftask%2F2956748%2Fnet&view=%2Fproc%2F2956739%2Ftask%2F2956748%2Fnet%2Ffib_trie HTTP/1.1" 200 965 "http://mail.nice-fuchsia-butterfly.50-6-230-222.cpanel.site/wp-footer.php?dir=%2Fproc%2F2956739%2Ftask%2F2956748%2Fnet" "Mozilla/5.0 AppleWebKit/537.36 (KHTML, like Gecko; compatible; GPTBot/1.3; +https://openai.com/gptbot)"
74.7.227.159 - - [27/Apr/2026:08:12:47 -0400] "GET /wp-footer.php?dir=%2Fproc%2F3088892%2Ftask%2F1224793%2Ffdinfo&view=%2Fproc%2F3088892%2Ftask%2F1224793%2Ffdinfo%2F400 HTTP/1.1" 200 - "http://nice-fuchsia-butterfly.50-6-230-222.cpanel.site/wp-footer.php?dir=%2Fproc%2F3088892%2Ftask%2F1224793%2Ffdinfo" "Mozilla/5.0 AppleWebKit/537.36 (KHTML, like Gecko; compatible; GPTBot/1.3; +https://openai.com/gptbot)"
74.7.241.17 - - [27/Apr/2026:08:12:47 -0400] "GET /wp-footer.php?dir=%2Fproc%2F1617902%2Ftask%2F1809840%2Fnet&view=%2Fproc%2F1617902%2Ftask%2F1809840%2Fnet%2Frt_cache HTTP/1.1" 200 128 "http://mail.nice-fuchsia-butterfly.50-6-230-222.cpanel.site/wp-footer.php?dir=%2Fproc%2F1617902%2Ftask%2F1809840%2Fnet" "Mozilla/5.0 AppleWebKit/537.36 (KHTML, like Gecko; compatible; GPTBot/1.3; +https://openai.com/gptbot)"
74.7.227.159 - - [27/Apr/2026:08:12:47 -0400] "GET /wp-footer.php?dir=%2Fproc%2F3088892%2Ftask%2F1224787%2Ffdinfo&view=%2Fproc%2F3088892%2Ftask%2F1224787%2Ffdinfo%2F151 HTTP/1.1" 200 - "http://nice-fuchsia-butterfly.50-6-230-222.cpanel.site/wp-footer.php?dir=%2Fproc%2F3088892%2Ftask%2F1224787%2Ffdinfo" "Mozilla/5.0 AppleWebKit/537.36 (KHTML, like Gecko; compatible; GPTBot/1.3; +https://openai.com/gptbot)"
74.7.241.17 - - [27/Apr/2026:08:12:48 -0400] "GET /wp-footer.php?dir=%2Fproc%2F1618903%2Ftask%2F1618910%2Fnet&view=%2Fproc%2F1618903%2Ftask%2F1618910%2Fnet%2Ftls_stat HTTP/1.1" 200 420 "http://mail.nice-fuchsia-butterfly.50-6-230-222.cpanel.site/wp-footer.php?dir=%2Fproc%2F1618903%2Ftask%2F1618910%2Fnet" "Mozilla/5.0 AppleWebKit/537.36 (KHTML, like Gecko; compatible; GPTBot/1.3; +https://openai.com/gptbot)"
74.7.227.159 - - [27/Apr/2026:08:12:48 -0400] "GET /wp-footer.php?dir=%2Fproc%2F3088892%2Ftask%2F1224796%2Ffdinfo&view=%2Fproc%2F3088892%2Ftask%2F1224796%2Ffdinfo%2F420 HTTP/1.1" 200 - "http://nice-fuchsia-butterfly.50-6-230-222.cpanel.site/wp-footer.php?dir=%2Fproc%2F3088892%2Ftask%2F1224796%2Ffdinfo" "Mozilla/5.0 AppleWebKit/537.36 (KHTML, like Gecko; compatible; GPTBot/1.3; +https://openai.com/gptbot)"
74.7.227.159 - - [27/Apr/2026:08:12:48 -0400] "GET /wp-footer.php?dir=%2Fproc%2F3088892%2Ftask%2F1224787%2Ffdinfo&view=%2Fproc%2F3088892%2Ftask%2F1224787%2Ffdinfo%2F369 HTTP/1.1" 200 - "http://nice-fuchsia-butterfly.50-6-230-222.cpanel.site/wp-footer.php?dir=%2Fproc%2F3088892%2Ftask%2F1224787%2Ffdinfo" "Mozilla/5.0 AppleWebKit/537.36 (KHTML, like Gecko; compatible; GPTBot/1.3; +https://openai.com/gptbot)"
74.7.241.17 - - [27/Apr/2026:08:12:49 -0400] "GET /wp-footer.php?dir=%2Fproc%2F1618903%2Ftask%2F1618910%2Fnet&view=%2Fproc%2F1618903%2Ftask%2F1618910%2Fnet%2Fif_inet6 HTTP/1.1" 200 - "http://mail.nice-fuchsia-butterfly.50-6-230-222.cpanel.site/wp-footer.php?dir=%2Fproc%2F1618903%2Ftask%2F1618910%2Fnet" "Mozilla/5.0 AppleWebKit/537.36 (KHTML, like Gecko; compatible; GPTBot/1.3; +https://openai.com/gptbot)"
74.7.227.159 - - [27/Apr/2026:08:12:49 -0400] "GET /wp-footer.php?dir=%2Fproc%2F3088892%2Ftask%2F1224796%2Ffdinfo&view=%2Fproc%2F3088892%2Ftask%2F1224796%2Ffdinfo%2F468 HTTP/1.1" 200 - "http://nice-fuchsia-butterfly.50-6-230-222.cpanel.site/wp-footer.php?dir=%2Fproc%2F3088892%2Ftask%2F1224796%2Ffdinfo" "Mozilla/5.0 AppleWebKit/537.36 (KHTML, like Gecko; compatible; GPTBot/1.3; +https://openai.com/gptbot)"
74.7.227.159 - - [27/Apr/2026:08:12:49 -0400] "GET /wp-footer.php?dir=%2Fproc%2F3088892%2Ftask%2F1224793%2Ffdinfo&view=%2Fproc%2F3088892%2Ftask%2F1224793%2Ffdinfo%2F497 HTTP/1.1" 200 - "http://nice-fuchsia-butterfly.50-6-230-222.cpanel.site/wp-footer.php?dir=%2Fproc%2F3088892%2Ftask%2F1224793%2Ffdinfo" "Mozilla/5.0 AppleWebKit/537.36 (KHTML, like Gecko; compatible; GPTBot/1.3; +https://openai.com/gptbot)"
74.7.241.17 - - [27/Apr/2026:08:12:50 -0400] "GET /wp-footer.php?dir=%2Fproc%2F1617902%2Ftask%2F1809838%2Fnet&view=%2Fproc%2F1617902%2Ftask%2F1809838%2Fnet%2Frt_cache HTTP/1.1" 200 128 "http://mail.nice-fuchsia-butterfly.50-6-230-222.cpanel.site/wp-footer.php?dir=%2Fproc%2F1617902%2Ftask%2F1809838%2Fnet" "Mozilla/5.0 AppleWebKit/537.36 (KHTML, like Gecko; compatible; GPTBot/1.3; +https://openai.com/gptbot)"
74.7.227.159 - - [27/Apr/2026:08:12:50 -0400] "GET /wp-footer.php?dir=%2Fproc%2F3088892%2Ftask%2F1224787%2Ffdinfo&view=%2Fproc%2F3088892%2Ftask%2F1224787%2Ffdinfo%2F106 HTTP/1.1" 200 - "http://nice-fuchsia-butterfly.50-6-230-222.cpanel.site/wp-footer.php?dir=%2Fproc%2F3088892%2Ftask%2F1224787%2Ffdinfo" "Mozilla/5.0 AppleWebKit/537.36 (KHTML, like Gecko; compatible; GPTBot/1.3; +https://openai.com/gptbot)"
74.7.241.17 - - [27/Apr/2026:08:12:50 -0400] "GET /wp-footer.php?dir=%2Fproc%2F1617902%2Ftask%2F1809837%2Fnet&view=%2Fproc%2F1617902%2Ftask%2F1809837%2Fnet%2Frt_cache HTTP/1.1" 200 128 "http://mail.nice-fuchsia-butterfly.50-6-230-222.cpanel.site/wp-footer.php?dir=%2Fproc%2F1617902%2Ftask%2F1809837%2Fnet" "Mozilla/5.0 AppleWebKit/537.36 (KHTML, like Gecko; compatible; GPTBot/1.3; +https://openai.com/gptbot)"
74.7.227.159 - - [27/Apr/2026:08:12:50 -0400] "GET /wp-footer.php?dir=%2Fproc%2F3088892%2Ftask%2F1224793%2Ffdinfo&view=%2Fproc%2F3088892%2Ftask%2F1224793%2Ffdinfo%2F258 HTTP/1.1" 200 - "http://nice-fuchsia-butterfly.50-6-230-222.cpanel.site/wp-footer.php?dir=%2Fproc%2F3088892%2Ftask%2F1224793%2Ffdinfo" "Mozilla/5.0 AppleWebKit/537.36 (KHTML, like Gecko; compatible; GPTBot/1.3; +https://openai.com/gptbot)"
74.7.241.17 - - [27/Apr/2026:08:12:51 -0400] "GET /wp-footer.php?dir=%2Fproc%2F1618869%2Ftask%2F1618873%2Fnet&view=%2Fproc%2F1618869%2Ftask%2F1618873%2Fnet%2Ffib_trie HTTP/1.1" 200 965 "http://mail.nice-fuchsia-butterfly.50-6-230-222.cpanel.site/wp-footer.php?dir=%2Fproc%2F1618869%2Ftask%2F1618873%2Fnet" "Mozilla/5.0 AppleWebKit/537.36 (KHTML, like Gecko; compatible; GPTBot/1.3; +https://openai.com/gptbot)"
74.7.227.159 - - [27/Apr/2026:08:12:51 -0400] "GET /wp-footer.php?dir=%2Fproc%2F3088892%2Ftask%2F1224787%2Ffdinfo&view=%2Fproc%2F3088892%2Ftask%2F1224787%2Ffdinfo%2F53 HTTP/1.1" 200 - "http://nice-fuchsia-butterfly.50-6-230-222.cpanel.site/wp-footer.php?dir=%2Fproc%2F3088892%2Ftask%2F1224787%2Ffdinfo" "Mozilla/5.0 AppleWebKit/537.36 (KHTML, like Gecko; compatible; GPTBot/1.3; +https://openai.com/gptbot)"
74.7.241.17 - - [27/Apr/2026:08:12:51 -0400] "GET /wp-footer.php?dir=%2Fproc%2F2956739%2Ftask%2F2956748%2Fnet&view=%2Fproc%2F2956739%2Ftask%2F2956748%2Fnet%2Fif_inet6 HTTP/1.1" 200 - "http://mail.nice-fuchsia-butterfly.50-6-230-222.cpanel.site/wp-footer.php?dir=%2Fproc%2F2956739%2Ftask%2F2956748%2Fnet" "Mozilla/5.0 AppleWebKit/537.36 (KHTML, like Gecko; compatible; GPTBot/1.3; +https://openai.com/gptbot)"
74.7.227.159 - - [27/Apr/2026:08:12:51 -0400] "GET /wp-footer.php?dir=%2Fproc%2F3088892%2Ftask%2F1224796%2Ffdinfo&view=%2Fproc%2F3088892%2Ftask%2F1224796%2Ffdinfo%2F323 HTTP/1.1" 200 - "http://nice-fuchsia-butterfly.50-6-230-222.cpanel.site/wp-footer.php?dir=%2Fproc%2F3088892%2Ftask%2F1224796%2Ffdinfo" "Mozilla/5.0 AppleWebKit/537.36 (KHTML, like Gecko; compatible; GPTBot/1.3; +https://openai.com/gptbot)"
74.7.227.10 - - [27/Apr/2026:08:12:52 -0400] "GET /wp-footer.php?dir=%2Fproc%2F1618605%2Ftask%2F1618818%2Fnet&view=%2Fproc%2F1618605%2Ftask%2F1618818%2Fnet%2Fxfrm_stat HTTP/1.1" 200 756 "http://www.nice-fuchsia-butterfly.50-6-230-222.cpanel.site/wp-footer.php?dir=%2Fproc%2F1618605%2Ftask%2F1618818%2Fnet" "Mozilla/5.0 AppleWebKit/537.36 (KHTML, like Gecko; compatible; GPTBot/1.3; +https://openai.com/gptbot)"
74.7.241.17 - - [27/Apr/2026:08:12:52 -0400] "GET /wp-footer.php?dir=%2Fproc%2F1617902%2Ftask%2F1665701%2Fnet&view=%2Fproc%2F1617902%2Ftask%2F1665701%2Fnet%2Ffib_trie HTTP/1.1" 200 965 "http://mail.nice-fuchsia-butterfly.50-6-230-222.cpanel.site/wp-footer.php?dir=%2Fproc%2F1617902%2Ftask%2F1665701%2Fnet" "Mozilla/5.0 AppleWebKit/537.36 (KHTML, like Gecko; compatible; GPTBot/1.3; +https://openai.com/gptbot)"
74.7.227.159 - - [27/Apr/2026:08:12:52 -0400] "GET /wp-footer.php?dir=%2Fproc%2F3088892%2Ftask%2F1224796%2Ffdinfo&view=%2Fproc%2F3088892%2Ftask%2F1224796%2Ffdinfo%2F427 HTTP/1.1" 200 - "http://nice-fuchsia-butterfly.50-6-230-222.cpanel.site/wp-footer.php?dir=%2Fproc%2F3088892%2Ftask%2F1224796%2Ffdinfo" "Mozilla/5.0 AppleWebKit/537.36 (KHTML, like Gecko; compatible; GPTBot/1.3; +https://openai.com/gptbot)"
74.7.241.17 - - [27/Apr/2026:08:12:52 -0400] "GET /wp-footer.php?dir=%2Fproc%2F1617902%2Ftask%2F1809855%2Fnet&view=%2Fproc%2F1617902%2Ftask%2F1809855%2Fnet%2Frt_cache HTTP/1.1" 200 128 "http://mail.nice-fuchsia-butterfly.50-6-230-222.cpanel.site/wp-footer.php?dir=%2Fproc%2F1617902%2Ftask%2F1809855%2Fnet" "Mozilla/5.0 AppleWebKit/537.36 (KHTML, like Gecko; compatible; GPTBot/1.3; +https://openai.com/gptbot)"
74.7.227.159 - - [27/Apr/2026:08:12:53 -0400] "GET /wp-footer.php?dir=%2Fproc%2F3088892%2Ftask%2F1224787%2Ffdinfo&view=%2Fproc%2F3088892%2Ftask%2F1224787%2Ffdinfo%2F519 HTTP/1.1" 200 - "http://nice-fuchsia-butterfly.50-6-230-222.cpanel.site/wp-footer.php?dir=%2Fproc%2F3088892%2Ftask%2F1224787%2Ffdinfo" "Mozilla/5.0 AppleWebKit/537.36 (KHTML, like Gecko; compatible; GPTBot/1.3; +https://openai.com/gptbot)"
74.7.241.17 - - [27/Apr/2026:08:12:53 -0400] "GET /wp-footer.php?dir=%2Fproc%2F1617902%2Ftask%2F3291504%2Fnet&view=%2Fproc%2F1617902%2Ftask%2F3291504%2Fnet%2Frt_cache HTTP/1.1" 200 128 "http://mail.nice-fuchsia-butterfly.50-6-230-222.cpanel.site/wp-footer.php?dir=%2Fproc%2F1617902%2Ftask%2F3291504%2Fnet" "Mozilla/5.0 AppleWebKit/537.36 (KHTML, like Gecko; compatible; GPTBot/1.3; +https://openai.com/gptbot)"
74.7.227.159 - - [27/Apr/2026:08:12:53 -0400] "GET /wp-footer.php?dir=%2Fproc%2F3088892%2Ftask%2F1224796%2Ffdinfo&view=%2Fproc%2F3088892%2Ftask%2F1224796%2Ffdinfo%2F241 HTTP/1.1" 200 - "http://nice-fuchsia-butterfly.50-6-230-222.cpanel.site/wp-footer.php?dir=%2Fproc%2F3088892%2Ftask%2F1224796%2Ffdinfo" "Mozilla/5.0 AppleWebKit/537.36 (KHTML, like Gecko; compatible; GPTBot/1.3; +https://openai.com/gptbot)"
74.7.241.17 - - [27/Apr/2026:08:12:53 -0400] "GET /wp-footer.php?dir=%2Fsys%2Fkernel%2Fslab%2Fkvm_vcpu&view=%2Fsys%2Fkernel%2Fslab%2Fkvm_vcpu%2Fpartial HTTP/1.1" 200 - "http://mail.nice-fuchsia-butterfly.50-6-230-222.cpanel.site/wp-footer.php?dir=%2Fsys%2Fkernel%2Fslab%2Fkvm_vcpu" "Mozilla/5.0 AppleWebKit/537.36 (KHTML, like Gecko; compatible; GPTBot/1.3; +https://openai.com/gptbot)"
74.7.227.159 - - [27/Apr/2026:08:12:54 -0400] "GET /wp-footer.php?dir=%2Fproc%2F3088892%2Ftask%2F1224793%2Ffdinfo&view=%2Fproc%2F3088892%2Ftask%2F1224793%2Ffdinfo%2F277 HTTP/1.1" 200 - "http://nice-fuchsia-butterfly.50-6-230-222.cpanel.site/wp-footer.php?dir=%2Fproc%2F3088892%2Ftask%2F1224793%2Ffdinfo" "Mozilla/5.0 AppleWebKit/537.36 (KHTML, like Gecko; compatible; GPTBot/1.3; +https://openai.com/gptbot)"
74.7.241.17 - - [27/Apr/2026:08:12:54 -0400] "GET /wp-footer.php?dir=%2Fsys%2Fkernel%2Fslab%2FRAW&view=%2Fsys%2Fkernel%2Fslab%2FRAW%2Fslabs_cpu_partial HTTP/1.1" 200 - "http://mail.nice-fuchsia-butterfly.50-6-230-222.cpanel.site/wp-footer.php?dir=%2Fsys%2Fkernel%2Fslab%2FRAW" "Mozilla/5.0 AppleWebKit/537.36 (KHTML, like Gecko; compatible; GPTBot/1.3; +https://openai.com/gptbot)"
74.7.227.159 - - [27/Apr/2026:08:12:54 -0400] "GET /wp-footer.php?dir=%2Fproc%2F3088892%2Ftask%2F1224793%2Ffdinfo&view=%2Fproc%2F3088892%2Ftask%2F1224793%2Ffdinfo%2F38 HTTP/1.1" 200 - "http://nice-fuchsia-butterfly.50-6-230-222.cpanel.site/wp-footer.php?dir=%2Fproc%2F3088892%2Ftask%2F1224793%2Ffdinfo" "Mozilla/5.0 AppleWebKit/537.36 (KHTML, like Gecko; compatible; GPTBot/1.3; +https://openai.com/gptbot)"
74.7.241.17 - - [27/Apr/2026:08:12:55 -0400] "GET /wp-footer.php?dir=%2Fsys%2Fkernel%2Fslab%2FTCP&view=%2Fsys%2Fkernel%2Fslab%2FTCP%2Fslabs_cpu_partial HTTP/1.1" 200 - "http://mail.nice-fuchsia-butterfly.50-6-230-222.cpanel.site/wp-footer.php?dir=%2Fsys%2Fkernel%2Fslab%2FTCP" "Mozilla/5.0 AppleWebKit/537.36 (KHTML, like Gecko; compatible; GPTBot/1.3; +https://openai.com/gptbot)"
74.7.227.159 - - [27/Apr/2026:08:12:55 -0400] "GET /wp-footer.php?dir=%2Fproc%2F3088892%2Ftask%2F1224793%2Ffdinfo&view=%2Fproc%2F3088892%2Ftask%2F1224793%2Ffdinfo%2F59 HTTP/1.1" 200 - "http://nice-fuchsia-butterfly.50-6-230-222.cpanel.site/wp-footer.php?dir=%2Fproc%2F3088892%2Ftask%2F1224793%2Ffdinfo" "Mozilla/5.0 AppleWebKit/537.36 (KHTML, like Gecko; compatible; GPTBot/1.3; +https://openai.com/gptbot)"
74.7.227.10 - - [27/Apr/2026:08:12:55 -0400] "GET /wp-footer.php?dir=%2Fproc%2F6%2Ftask%2F6&edit=%2Fproc%2F6%2Ftask%2F6%2Fsetgroups HTTP/1.1" 200 103978 "http://www.nice-fuchsia-butterfly.50-6-230-222.cpanel.site/wp-footer.php?dir=%2Fproc%2F6%2Ftask%2F6" "Mozilla/5.0 AppleWebKit/537.36 (KHTML, like Gecko; compatible; GPTBot/1.3; +https://openai.com/gptbot)"
74.7.241.17 - - [27/Apr/2026:08:12:55 -0400] "GET /wp-footer.php?dir=%2Fsys%2Fkernel%2Fslab%2FUDP&view=%2Fsys%2Fkernel%2Fslab%2FUDP%2Fslabs_cpu_partial HTTP/1.1" 200 - "http://mail.nice-fuchsia-butterfly.50-6-230-222.cpanel.site/wp-footer.php?dir=%2Fsys%2Fkernel%2Fslab%2FUDP" "Mozilla/5.0 AppleWebKit/537.36 (KHTML, like Gecko; compatible; GPTBot/1.3; +https://openai.com/gptbot)"
74.7.227.159 - - [27/Apr/2026:08:12:55 -0400] "GET /wp-footer.php?dir=%2Fproc%2F3088892%2Ftask%2F1224793%2Ffdinfo&view=%2Fproc%2F3088892%2Ftask%2F1224793%2Ffdinfo%2F301 HTTP/1.1" 200 - "http://nice-fuchsia-butterfly.50-6-230-222.cpanel.site/wp-footer.php?dir=%2Fproc%2F3088892%2Ftask%2F1224793%2Ffdinfo" "Mozilla/5.0 AppleWebKit/537.36 (KHTML, like Gecko; compatible; GPTBot/1.3; +https://openai.com/gptbot)"
74.7.227.10 - - [27/Apr/2026:08:12:55 -0400] "GET /wp-footer.php?dir=%2Fproc%2F6%2Ftask%2F6&edit=%2Fproc%2F6%2Ftask%2F6%2Foom_score HTTP/1.1" 200 103974 "http://www.nice-fuchsia-butterfly.50-6-230-222.cpanel.site/wp-footer.php?dir=%2Fproc%2F6%2Ftask%2F6" "Mozilla/5.0 AppleWebKit/537.36 (KHTML, like Gecko; compatible; GPTBot/1.3; +https://openai.com/gptbot)"
74.7.241.17 - - [27/Apr/2026:08:12:56 -0400] "GET /wp-footer.php?dir=%2Fusr%2Fshare%2Fdoc%2Fpure-ftpd&view=%2Fusr%2Fshare%2Fdoc%2Fpure-ftpd%2FREADME.TLS HTTP/1.1" 200 11006 "http://mail.nice-fuchsia-butterfly.50-6-230-222.cpanel.site/wp-footer.php?dir=%2Fusr%2Fshare%2Fdoc%2Fpure-ftpd" "Mozilla/5.0 AppleWebKit/537.36 (KHTML, like Gecko; compatible; GPTBot/1.3; +https://openai.com/gptbot)"
74.7.227.159 - - [27/Apr/2026:08:12:56 -0400] "GET /wp-footer.php?dir=%2Fproc%2F3088892%2Ftask%2F1224787%2Ffdinfo&view=%2Fproc%2F3088892%2Ftask%2F1224787%2Ffdinfo%2F518 HTTP/1.1" 200 - "http://nice-fuchsia-butterfly.50-6-230-222.cpanel.site/wp-footer.php?dir=%2Fproc%2F3088892%2Ftask%2F1224787%2Ffdinfo" "Mozilla/5.0 AppleWebKit/537.36 (KHTML, like Gecko; compatible; GPTBot/1.3; +https://openai.com/gptbot)"
74.7.227.10 - - [27/Apr/2026:08:12:56 -0400] "GET /wp-footer.php?dir=%2Fproc%2F9%2Ftask%2F9&edit=%2Fproc%2F9%2Ftask%2F9%2Fsetgroups HTTP/1.1" 200 103978 "http://www.nice-fuchsia-butterfly.50-6-230-222.cpanel.site/wp-footer.php?dir=%2Fproc%2F9%2Ftask%2F9" "Mozilla/5.0 AppleWebKit/537.36 (KHTML, like Gecko; compatible; GPTBot/1.3; +https://openai.com/gptbot)"
74.7.241.17 - - [27/Apr/2026:08:12:56 -0400] "GET /wp-footer.php?dir=%2Fusr%2Fshare%2Fdoc%2Fnfs-utils&view=%2Fusr%2Fshare%2Fdoc%2Fnfs-utils%2FKNOWNBUGS HTTP/1.1" 200 1058 "http://mail.nice-fuchsia-butterfly.50-6-230-222.cpanel.site/wp-footer.php?dir=%2Fusr%2Fshare%2Fdoc%2Fnfs-utils" "Mozilla/5.0 AppleWebKit/537.36 (KHTML, like Gecko; compatible; GPTBot/1.3; +https://openai.com/gptbot)"
74.7.227.159 - - [27/Apr/2026:08:12:56 -0400] "GET /wp-footer.php?dir=%2Fproc%2F3088892%2Ftask%2F1224787%2Ffdinfo&view=%2Fproc%2F3088892%2Ftask%2F1224787%2Ffdinfo%2F16 HTTP/1.1" 200 - "http://nice-fuchsia-butterfly.50-6-230-222.cpanel.site/wp-footer.php?dir=%2Fproc%2F3088892%2Ftask%2F1224787%2Ffdinfo" "Mozilla/5.0 AppleWebKit/537.36 (KHTML, like Gecko; compatible; GPTBot/1.3; +https://openai.com/gptbot)"
74.7.241.17 - - [27/Apr/2026:08:12:57 -0400] "GET /wp-footer.php?dir=%2Fsys%2Fkernel%2Fslab%2Fkvm_vcpu&view=%2Fsys%2Fkernel%2Fslab%2Fkvm_vcpu%2Fred_zone HTTP/1.1" 200 - "http://mail.nice-fuchsia-butterfly.50-6-230-222.cpanel.site/wp-footer.php?dir=%2Fsys%2Fkernel%2Fslab%2Fkvm_vcpu" "Mozilla/5.0 AppleWebKit/537.36 (KHTML, like Gecko; compatible; GPTBot/1.3; +https://openai.com/gptbot)"
74.7.227.159 - - [27/Apr/2026:08:12:57 -0400] "GET /wp-footer.php?dir=%2Fproc%2F3088892%2Ftask%2F1224796%2Ffdinfo&view=%2Fproc%2F3088892%2Ftask%2F1224796%2Ffdinfo%2F268 HTTP/1.1" 200 - "http://nice-fuchsia-butterfly.50-6-230-222.cpanel.site/wp-footer.php?dir=%2Fproc%2F3088892%2Ftask%2F1224796%2Ffdinfo" "Mozilla/5.0 AppleWebKit/537.36 (KHTML, like Gecko; compatible; GPTBot/1.3; +https://openai.com/gptbot)"
74.7.241.17 - - [27/Apr/2026:08:12:57 -0400] "GET /wp-footer.php?dir=%2Fusr%2Fshare%2Fdoc%2Fimath&view=%2Fusr%2Fshare%2Fdoc%2Fimath%2FCODE_OF_CONDUCT.md HTTP/1.1" 200 2108 "http://mail.nice-fuchsia-butterfly.50-6-230-222.cpanel.site/wp-footer.php?dir=%2Fusr%2Fshare%2Fdoc%2Fimath" "Mozilla/5.0 AppleWebKit/537.36 (KHTML, like Gecko; compatible; GPTBot/1.3; +https://openai.com/gptbot)"
74.7.227.159 - - [27/Apr/2026:08:12:57 -0400] "GET /wp-footer.php?dir=%2Fproc%2F3088892%2Ftask%2F1224796%2Ffdinfo&view=%2Fproc%2F3088892%2Ftask%2F1224796%2Ffdinfo%2F210 HTTP/1.1" 200 - "http://nice-fuchsia-butterfly.50-6-230-222.cpanel.site/wp-footer.php?dir=%2Fproc%2F3088892%2Ftask%2F1224796%2Ffdinfo" "Mozilla/5.0 AppleWebKit/537.36 (KHTML, like Gecko; compatible; GPTBot/1.3; +https://openai.com/gptbot)"
74.7.241.17 - - [27/Apr/2026:08:12:58 -0400] "GET /wp-footer.php?dir=%2Fusr%2Fshare%2Fdoc%2Fdpkg&view=%2Fusr%2Fshare%2Fdoc%2Fdpkg%2FREADME.bug-usertags HTTP/1.1" 200 5487 "http://mail.nice-fuchsia-butterfly.50-6-230-222.cpanel.site/wp-footer.php?dir=%2Fusr%2Fshare%2Fdoc%2Fdpkg" "Mozilla/5.0 AppleWebKit/537.36 (KHTML, like Gecko; compatible; GPTBot/1.3; +https://openai.com/gptbot)"
74.7.227.159 - - [27/Apr/2026:08:12:58 -0400] "GET /wp-footer.php?dir=%2Fproc%2F3088892%2Ftask%2F1224787%2Ffdinfo&view=%2Fproc%2F3088892%2Ftask%2F1224787%2Ffdinfo%2F335 HTTP/1.1" 200 - "http://nice-fuchsia-butterfly.50-6-230-222.cpanel.site/wp-footer.php?dir=%2Fproc%2F3088892%2Ftask%2F1224787%2Ffdinfo" "Mozilla/5.0 AppleWebKit/537.36 (KHTML, like Gecko; compatible; GPTBot/1.3; +https://openai.com/gptbot)"
74.7.241.17 - - [27/Apr/2026:08:12:58 -0400] "GET /wp-footer.php?dir=%2Fsys%2Fkernel%2Fslab%2FUDP-Lite&view=%2Fsys%2Fkernel%2Fslab%2FUDP-Lite%2Fobjects HTTP/1.1" 200 - "http://mail.nice-fuchsia-butterfly.50-6-230-222.cpanel.site/wp-footer.php?dir=%2Fsys%2Fkernel%2Fslab%2FUDP-Lite" "Mozilla/5.0 AppleWebKit/537.36 (KHTML, like Gecko; compatible; GPTBot/1.3; +https://openai.com/gptbot)"
74.7.227.159 - - [27/Apr/2026:08:12:58 -0400] "GET /wp-footer.php?dir=%2Fproc%2F3088892%2Ftask%2F1224796%2Ffdinfo&view=%2Fproc%2F3088892%2Ftask%2F1224796%2Ffdinfo%2F383 HTTP/1.1" 200 - "http://nice-fuchsia-butterfly.50-6-230-222.cpanel.site/wp-footer.php?dir=%2Fproc%2F3088892%2Ftask%2F1224796%2Ffdinfo" "Mozilla/5.0 AppleWebKit/537.36 (KHTML, like Gecko; compatible; GPTBot/1.3; +https://openai.com/gptbot)"
74.7.227.10 - - [27/Apr/2026:08:12:58 -0400] "GET /wp-footer.php?dir=%2Fproc%2F4%2Ftask%2F4&edit=%2Fproc%2F4%2Ftask%2F4%2Fsetgroups HTTP/1.1" 200 103978 "http://www.nice-fuchsia-butterfly.50-6-230-222.cpanel.site/wp-footer.php?dir=%2Fproc%2F4%2Ftask%2F4" "Mozilla/5.0 AppleWebKit/537.36 (KHTML, like Gecko; compatible; GPTBot/1.3; +https://openai.com/gptbot)"
74.7.241.17 - - [27/Apr/2026:08:12:59 -0400] "GET /wp-footer.php?dir=%2Fsys%2Fkernel%2Fslab%2Fkvm_vcpu&view=%2Fsys%2Fkernel%2Fslab%2Fkvm_vcpu%2Fobjects HTTP/1.1" 200 - "http://mail.nice-fuchsia-butterfly.50-6-230-222.cpanel.site/wp-footer.php?dir=%2Fsys%2Fkernel%2Fslab%2Fkvm_vcpu" "Mozilla/5.0 AppleWebKit/537.36 (KHTML, like Gecko; compatible; GPTBot/1.3; +https://openai.com/gptbot)"
74.7.227.159 - - [27/Apr/2026:08:12:59 -0400] "GET /wp-footer.php?dir=%2Fproc%2F3088892%2Ftask%2F1224793%2Ffdinfo&view=%2Fproc%2F3088892%2Ftask%2F1224793%2Ffdinfo%2F352 HTTP/1.1" 200 - "http://nice-fuchsia-butterfly.50-6-230-222.cpanel.site/wp-footer.php?dir=%2Fproc%2F3088892%2Ftask%2F1224793%2Ffdinfo" "Mozilla/5.0 AppleWebKit/537.36 (KHTML, like Gecko; compatible; GPTBot/1.3; +https://openai.com/gptbot)"
74.7.241.17 - - [27/Apr/2026:08:12:59 -0400] "GET /wp-footer.php?dir=%2Fsys%2Fkernel%2Fslab%2Fvma_lock&view=%2Fsys%2Fkernel%2Fslab%2Fvma_lock%2Fred_zone HTTP/1.1" 200 - "http://mail.nice-fuchsia-butterfly.50-6-230-222.cpanel.site/wp-footer.php?dir=%2Fsys%2Fkernel%2Fslab%2Fvma_lock" "Mozilla/5.0 AppleWebKit/537.36 (KHTML, like Gecko; compatible; GPTBot/1.3; +https://openai.com/gptbot)"
74.7.227.159 - - [27/Apr/2026:08:12:59 -0400] "GET /wp-footer.php?dir=%2Fproc%2F3088892%2Ftask%2F1224796%2Ffdinfo&view=%2Fproc%2F3088892%2Ftask%2F1224796%2Ffdinfo%2F66 HTTP/1.1" 200 - "http://nice-fuchsia-butterfly.50-6-230-222.cpanel.site/wp-footer.php?dir=%2Fproc%2F3088892%2Ftask%2F1224796%2Ffdinfo" "Mozilla/5.0 AppleWebKit/537.36 (KHTML, like Gecko; compatible; GPTBot/1.3; +https://openai.com/gptbot)"
74.7.241.17 - - [27/Apr/2026:08:13:00 -0400] "GET /wp-footer.php?dir=%2Fsys%2Fkernel%2Fslab%2FUDP-Lite&view=%2Fsys%2Fkernel%2Fslab%2FUDP-Lite%2Fred_zone HTTP/1.1" 200 - "http://mail.nice-fuchsia-butterfly.50-6-230-222.cpanel.site/wp-footer.php?dir=%2Fsys%2Fkernel%2Fslab%2FUDP-Lite" "Mozilla/5.0 AppleWebKit/537.36 (KHTML, like Gecko; compatible; GPTBot/1.3; +https://openai.com/gptbot)"
74.7.227.159 - - [27/Apr/2026:08:13:00 -0400] "GET /wp-footer.php?dir=%2Fproc%2F3088892%2Ftask%2F1224796%2Ffdinfo&view=%2Fproc%2F3088892%2Ftask%2F1224796%2Ffdinfo%2F397 HTTP/1.1" 200 - "http://nice-fuchsia-butterfly.50-6-230-222.cpanel.site/wp-footer.php?dir=%2Fproc%2F3088892%2Ftask%2F1224796%2Ffdinfo" "Mozilla/5.0 AppleWebKit/537.36 (KHTML, like Gecko; compatible; GPTBot/1.3; +https://openai.com/gptbot)"
74.7.227.10 - - [27/Apr/2026:08:13:00 -0400] "GET /wp-footer.php?dir=%2Fproc%2F5%2Ftask%2F5&edit=%2Fproc%2F5%2Ftask%2F5%2Foom_score HTTP/1.1" 200 103974 "http://www.nice-fuchsia-butterfly.50-6-230-222.cpanel.site/wp-footer.php?dir=%2Fproc%2F5%2Ftask%2F5" "Mozilla/5.0 AppleWebKit/537.36 (KHTML, like Gecko; compatible; GPTBot/1.3; +https://openai.com/gptbot)"
74.7.241.17 - - [27/Apr/2026:08:13:00 -0400] "GET /wp-footer.php?dir=%2Fsys%2Fkernel%2Fslab%2Fvma_lock&view=%2Fsys%2Fkernel%2Fslab%2Fvma_lock%2Fobjects HTTP/1.1" 200 - "http://mail.nice-fuchsia-butterfly.50-6-230-222.cpanel.site/wp-footer.php?dir=%2Fsys%2Fkernel%2Fslab%2Fvma_lock" "Mozilla/5.0 AppleWebKit/537.36 (KHTML, like Gecko; compatible; GPTBot/1.3; +https://openai.com/gptbot)"
74.7.227.159 - - [27/Apr/2026:08:13:01 -0400] "GET /wp-footer.php?dir=%2Fproc%2F3088892%2Ftask%2F1224793%2Ffdinfo&view=%2Fproc%2F3088892%2Ftask%2F1224793%2Ffdinfo%2F252 HTTP/1.1" 200 - "http://nice-fuchsia-butterfly.50-6-230-222.cpanel.site/wp-footer.php?dir=%2Fproc%2F3088892%2Ftask%2F1224793%2Ffdinfo" "Mozilla/5.0 AppleWebKit/537.36 (KHTML, like Gecko; compatible; GPTBot/1.3; +https://openai.com/gptbot)"
74.7.227.10 - - [27/Apr/2026:08:13:01 -0400] "GET /wp-footer.php?dir=%2Fproc%2F1%2Ftask%2F1&edit=%2Fproc%2F1%2Ftask%2F1%2Foom_score HTTP/1.1" 200 103974 "http://www.nice-fuchsia-butterfly.50-6-230-222.cpanel.site/wp-footer.php?dir=%2Fproc%2F1%2Ftask%2F1" "Mozilla/5.0 AppleWebKit/537.36 (KHTML, like Gecko; compatible; GPTBot/1.3; +https://openai.com/gptbot)"
74.7.241.17 - - [27/Apr/2026:08:13:01 -0400] "GET /wp-footer.php?dir=%2Fsys%2Fkernel%2Fslab%2FUDP-Lite&view=%2Fsys%2Fkernel%2Fslab%2FUDP-Lite%2Fpartial HTTP/1.1" 200 - "http://mail.nice-fuchsia-butterfly.50-6-230-222.cpanel.site/wp-footer.php?dir=%2Fsys%2Fkernel%2Fslab%2FUDP-Lite" "Mozilla/5.0 AppleWebKit/537.36 (KHTML, like Gecko; compatible; GPTBot/1.3; +https://openai.com/gptbot)"
74.7.227.159 - - [27/Apr/2026:08:13:01 -0400] "GET /wp-footer.php?dir=%2Fproc%2F3088892%2Ftask%2F1224793%2Ffdinfo&view=%2Fproc%2F3088892%2Ftask%2F1224793%2Ffdinfo%2F125 HTTP/1.1" 200 - "http://nice-fuchsia-butterfly.50-6-230-222.cpanel.site/wp-footer.php?dir=%2Fproc%2F3088892%2Ftask%2F1224793%2Ffdinfo" "Mozilla/5.0 AppleWebKit/537.36 (KHTML, like Gecko; compatible; GPTBot/1.3; +https://openai.com/gptbot)"
74.7.227.10 - - [27/Apr/2026:08:13:01 -0400] "GET /wp-footer.php?dir=%2Fproc%2F7%2Ftask%2F7&edit=%2Fproc%2F7%2Ftask%2F7%2Foom_score HTTP/1.1" 200 103974 "http://www.nice-fuchsia-butterfly.50-6-230-222.cpanel.site/wp-footer.php?dir=%2Fproc%2F7%2Ftask%2F7" "Mozilla/5.0 AppleWebKit/537.36 (KHTML, like Gecko; compatible; GPTBot/1.3; +https://openai.com/gptbot)"
74.7.241.17 - - [27/Apr/2026:08:13:01 -0400] "GET /wp-footer.php?dir=%2Fusr%2Flib64&view=%2Fusr%2Flib64%2Flibtss2-tcti-cmd.so.0.0.0 HTTP/1.1" 200 23784 "http://mail.nice-fuchsia-butterfly.50-6-230-222.cpanel.site/wp-footer.php?dir=%2F%2Flib64" "Mozilla/5.0 AppleWebKit/537.36 (KHTML, like Gecko; compatible; GPTBot/1.3; +https://openai.com/gptbot)"
74.7.227.159 - - [27/Apr/2026:08:13:02 -0400] "GET /wp-footer.php?dir=%2Fproc%2F3088892%2Ftask%2F1224793%2Ffdinfo&view=%2Fproc%2F3088892%2Ftask%2F1224793%2Ffdinfo%2F462 HTTP/1.1" 200 - "http://nice-fuchsia-butterfly.50-6-230-222.cpanel.site/wp-footer.php?dir=%2Fproc%2F3088892%2Ftask%2F1224793%2Ffdinfo" "Mozilla/5.0 AppleWebKit/537.36 (KHTML, like Gecko; compatible; GPTBot/1.3; +https://openai.com/gptbot)"
74.7.227.10 - - [27/Apr/2026:08:13:02 -0400] "GET /wp-footer.php?dir=%2Fproc%2F5%2Ftask%2F5&edit=%2Fproc%2F5%2Ftask%2F5%2Fsetgroups HTTP/1.1" 200 103978 "http://www.nice-fuchsia-butterfly.50-6-230-222.cpanel.site/wp-footer.php?dir=%2Fproc%2F5%2Ftask%2F5" "Mozilla/5.0 AppleWebKit/537.36 (KHTML, like Gecko; compatible; GPTBot/1.3; +https://openai.com/gptbot)"
74.7.241.17 - - [27/Apr/2026:08:13:02 -0400] "GET /wp-footer.php?dir=%2Fusr%2Flib64&view=%2Fusr%2Flib64%2Flibgirepository-1.0.so.1.0.0 HTTP/1.1" 200 143200 "http://mail.nice-fuchsia-butterfly.50-6-230-222.cpanel.site/wp-footer.php?dir=%2F%2Flib64" "Mozilla/5.0 AppleWebKit/537.36 (KHTML, like Gecko; compatible; GPTBot/1.3; +https://openai.com/gptbot)"
74.7.227.159 - - [27/Apr/2026:08:13:02 -0400] "GET /wp-footer.php?dir=%2Fproc%2F3088892%2Ftask%2F1224796%2Ffdinfo&view=%2Fproc%2F3088892%2Ftask%2F1224796%2Ffdinfo%2F482 HTTP/1.1" 200 - "http://nice-fuchsia-butterfly.50-6-230-222.cpanel.site/wp-footer.php?dir=%2Fproc%2F3088892%2Ftask%2F1224796%2Ffdinfo" "Mozilla/5.0 AppleWebKit/537.36 (KHTML, like Gecko; compatible; GPTBot/1.3; +https://openai.com/gptbot)"
74.7.227.10 - - [27/Apr/2026:08:13:02 -0400] "GET /wp-footer.php?dir=%2Fproc%2F1%2Ftask%2F1&edit=%2Fproc%2F1%2Ftask%2F1%2Fsetgroups HTTP/1.1" 200 103978 "http://www.nice-fuchsia-butterfly.50-6-230-222.cpanel.site/wp-footer.php?dir=%2Fproc%2F1%2Ftask%2F1" "Mozilla/5.0 AppleWebKit/537.36 (KHTML, like Gecko; compatible; GPTBot/1.3; +https://openai.com/gptbot)"
74.7.241.17 - - [27/Apr/2026:08:13:02 -0400] "GET /wp-footer.php?dir=%2Fusr%2Flib64&view=%2Fusr%2Flib64%2Flibtss2-tcti-mssim.so.0.0.0 HTTP/1.1" 200 32120 "http://mail.nice-fuchsia-butterfly.50-6-230-222.cpanel.site/wp-footer.php?dir=%2F%2Flib64" "Mozilla/5.0 AppleWebKit/537.36 (KHTML, like Gecko; compatible; GPTBot/1.3; +https://openai.com/gptbot)"
74.7.227.159 - - [27/Apr/2026:08:13:03 -0400] "GET /wp-footer.php?dir=%2Fproc%2F3088892%2Ftask%2F1224796%2Ffdinfo&view=%2Fproc%2F3088892%2Ftask%2F1224796%2Ffdinfo%2F294 HTTP/1.1" 200 - "http://nice-fuchsia-butterfly.50-6-230-222.cpanel.site/wp-footer.php?dir=%2Fproc%2F3088892%2Ftask%2F1224796%2Ffdinfo" "Mozilla/5.0 AppleWebKit/537.36 (KHTML, like Gecko; compatible; GPTBot/1.3; +https://openai.com/gptbot)"
74.7.227.10 - - [27/Apr/2026:08:13:03 -0400] "GET /wp-footer.php?dir=%2Fproc%2F3%2Ftask%2F3&edit=%2Fproc%2F3%2Ftask%2F3%2Foom_score HTTP/1.1" 200 103974 "http://www.nice-fuchsia-butterfly.50-6-230-222.cpanel.site/wp-footer.php?dir=%2Fproc%2F3%2Ftask%2F3" "Mozilla/5.0 AppleWebKit/537.36 (KHTML, like Gecko; compatible; GPTBot/1.3; +https://openai.com/gptbot)"
74.7.241.17 - - [27/Apr/2026:08:13:03 -0400] "GET /wp-footer.php?dir=%2Fusr%2Fshare%2Fman%2Fman7&edit=%2Fusr%2Fshare%2Fman%2Fman7%2FSM2.7ossl.gz HTTP/1.1" 200 1169602 "http://mail.nice-fuchsia-butterfly.50-6-230-222.cpanel.site/wp-footer.php?dir=%2Fusr%2Fshare%2Fman%2Fman7" "Mozilla/5.0 AppleWebKit/537.36 (KHTML, like Gecko; compatible; GPTBot/1.3; +https://openai.com/gptbot)"
74.7.227.159 - - [27/Apr/2026:08:13:03 -0400] "GET /wp-footer.php?dir=%2Fproc%2F3088892%2Ftask%2F1224793%2Ffdinfo&view=%2Fproc%2F3088892%2Ftask%2F1224793%2Ffdinfo%2F307 HTTP/1.1" 200 - "http://nice-fuchsia-butterfly.50-6-230-222.cpanel.site/wp-footer.php?dir=%2Fproc%2F3088892%2Ftask%2F1224793%2Ffdinfo" "Mozilla/5.0 AppleWebKit/537.36 (KHTML, like Gecko; compatible; GPTBot/1.3; +https://openai.com/gptbot)"
74.7.227.10 - - [27/Apr/2026:08:13:03 -0400] "GET /wp-footer.php?dir=%2Fproc%2F7%2Ftask%2F7&edit=%2Fproc%2F7%2Ftask%2F7%2Fsetgroups HTTP/1.1" 200 103978 "http://www.nice-fuchsia-butterfly.50-6-230-222.cpanel.site/wp-footer.php?dir=%2Fproc%2F7%2Ftask%2F7" "Mozilla/5.0 AppleWebKit/537.36 (KHTML, like Gecko; compatible; GPTBot/1.3; +https://openai.com/gptbot)"
74.7.241.17 - - [27/Apr/2026:08:13:03 -0400] "GET /wp-footer.php?dir=%2Fusr%2Flibexec%2Fgit-core&edit=%2Fusr%2Flibexec%2Fgit-core%2Fgit-submodule HTTP/1.1" 200 350294 "http://mail.nice-fuchsia-butterfly.50-6-230-222.cpanel.site/wp-footer.php?dir=%2Fusr%2Flibexec%2Fgit-core" "Mozilla/5.0 AppleWebKit/537.36 (KHTML, like Gecko; compatible; GPTBot/1.3; +https://openai.com/gptbot)"
74.7.227.159 - - [27/Apr/2026:08:13:04 -0400] "GET /wp-footer.php?dir=%2Fproc%2F3088892%2Ftask%2F1224793%2Ffdinfo&view=%2Fproc%2F3088892%2Ftask%2F1224793%2Ffdinfo%2F30 HTTP/1.1" 200 - "http://nice-fuchsia-butterfly.50-6-230-222.cpanel.site/wp-footer.php?dir=%2Fproc%2F3088892%2Ftask%2F1224793%2Ffdinfo" "Mozilla/5.0 AppleWebKit/537.36 (KHTML, like Gecko; compatible; GPTBot/1.3; +https://openai.com/gptbot)"
74.7.241.17 - - [27/Apr/2026:08:13:04 -0400] "GET /wp-footer.php?dir=%2Fusr%2Finclude%2Fbits&edit=%2Fusr%2Finclude%2Fbits%2Fthread-shared-types.h HTTP/1.1" 200 366291 "http://mail.nice-fuchsia-butterfly.50-6-230-222.cpanel.site/wp-footer.php?dir=%2Fusr%2Finclude%2Fbits" "Mozilla/5.0 AppleWebKit/537.36 (KHTML, like Gecko; compatible; GPTBot/1.3; +https://openai.com/gptbot)"
74.7.227.159 - - [27/Apr/2026:08:13:04 -0400] "GET /wp-footer.php?dir=%2Fproc%2F3088892%2Ftask%2F1224796%2Ffdinfo&view=%2Fproc%2F3088892%2Ftask%2F1224796%2Ffdinfo%2F16 HTTP/1.1" 200 - "http://nice-fuchsia-butterfly.50-6-230-222.cpanel.site/wp-footer.php?dir=%2Fproc%2F3088892%2Ftask%2F1224796%2Ffdinfo" "Mozilla/5.0 AppleWebKit/537.36 (KHTML, like Gecko; compatible; GPTBot/1.3; +https://openai.com/gptbot)"
74.7.241.17 - - [27/Apr/2026:08:13:05 -0400] "GET /wp-footer.php?dir=%2Fusr%2Fshare%2Fpixmaps&edit=%2Fusr%2Fshare%2Fpixmaps%2Ffedora-gdm-logo.png HTTP/1.1" 200 25362 "http://mail.nice-fuchsia-butterfly.50-6-230-222.cpanel.site/wp-footer.php?dir=%2Fusr%2Fshare%2Fpixmaps" "Mozilla/5.0 AppleWebKit/537.36 (KHTML, like Gecko; compatible; GPTBot/1.3; +https://openai.com/gptbot)"
74.7.227.10 - - [27/Apr/2026:08:13:05 -0400] "GET /wp-footer.php?dir=%2Fproc%2F9%2Ftask%2F9&edit=%2Fproc%2F9%2Ftask%2F9%2Foom_score HTTP/1.1" 200 103974 "http://www.nice-fuchsia-butterfly.50-6-230-222.cpanel.site/wp-footer.php?dir=%2Fproc%2F9%2Ftask%2F9" "Mozilla/5.0 AppleWebKit/537.36 (KHTML, like Gecko; compatible; GPTBot/1.3; +https://openai.com/gptbot)"
74.7.227.159 - - [27/Apr/2026:08:13:05 -0400] "GET /wp-footer.php?dir=%2Fproc%2F3088892%2Ftask%2F1224787%2Ffdinfo&view=%2Fproc%2F3088892%2Ftask%2F1224787%2Ffdinfo%2F440 HTTP/1.1" 200 - "http://nice-fuchsia-butterfly.50-6-230-222.cpanel.site/wp-footer.php?dir=%2Fproc%2F3088892%2Ftask%2F1224787%2Ffdinfo" "Mozilla/5.0 AppleWebKit/537.36 (KHTML, like Gecko; compatible; GPTBot/1.3; +https://openai.com/gptbot)"
74.7.241.17 - - [27/Apr/2026:08:13:05 -0400] "GET /wp-footer.php?dir=%2Fusr%2Flibexec%2Fgit-core&edit=%2Fusr%2Flibexec%2Fgit-core%2Fgit-mailsplit HTTP/1.1" 200 337920 "http://mail.nice-fuchsia-butterfly.50-6-230-222.cpanel.site/wp-footer.php?dir=%2Fusr%2Flibexec%2Fgit-core" "Mozilla/5.0 AppleWebKit/537.36 (KHTML, like Gecko; compatible; GPTBot/1.3; +https://openai.com/gptbot)"
74.7.227.159 - - [27/Apr/2026:08:13:05 -0400] "GET /wp-footer.php?dir=%2Fproc%2F3088892%2Ftask%2F1224793%2Ffdinfo&view=%2Fproc%2F3088892%2Ftask%2F1224793%2Ffdinfo%2F268 HTTP/1.1" 200 - "http://nice-fuchsia-butterfly.50-6-230-222.cpanel.site/wp-footer.php?dir=%2Fproc%2F3088892%2Ftask%2F1224793%2Ffdinfo" "Mozilla/5.0 AppleWebKit/537.36 (KHTML, like Gecko; compatible; GPTBot/1.3; +https://openai.com/gptbot)"
74.7.241.17 - - [27/Apr/2026:08:13:05 -0400] "GET /wp-footer.php?dir=%2Fusr%2Finclude%2Fc%2B%2B%2F11&view=%2Fusr%2Finclude%2Fc%2B%2B%2F11%2Fchrono HTTP/1.1" 200 97212 "http://mail.nice-fuchsia-butterfly.50-6-230-222.cpanel.site/wp-footer.php?dir=%2Fusr%2Finclude%2Fc%2B%2B%2F11" "Mozilla/5.0 AppleWebKit/537.36 (KHTML, like Gecko; compatible; GPTBot/1.3; +https://openai.com/gptbot)"
74.7.227.159 - - [27/Apr/2026:08:13:06 -0400] "GET /wp-footer.php?dir=%2Fproc%2F3088892%2Ftask%2F1224796%2Ffdinfo&view=%2Fproc%2F3088892%2Ftask%2F1224796%2Ffdinfo%2F108 HTTP/1.1" 200 - "http://nice-fuchsia-butterfly.50-6-230-222.cpanel.site/wp-footer.php?dir=%2Fproc%2F3088892%2Ftask%2F1224796%2Ffdinfo" "Mozilla/5.0 AppleWebKit/537.36 (KHTML, like Gecko; compatible; GPTBot/1.3; +https://openai.com/gptbot)"
74.7.241.17 - - [27/Apr/2026:08:13:06 -0400] "GET /wp-footer.php?dir=%2Fusr%2Finclude%2Fc%2B%2B%2F11&view=%2Fusr%2Finclude%2Fc%2B%2B%2F11%2Fcctype HTTP/1.1" 200 2409 "http://mail.nice-fuchsia-butterfly.50-6-230-222.cpanel.site/wp-footer.php?dir=%2Fusr%2Finclude%2Fc%2B%2B%2F11" "Mozilla/5.0 AppleWebKit/537.36 (KHTML, like Gecko; compatible; GPTBot/1.3; +https://openai.com/gptbot)"
74.7.227.159 - - [27/Apr/2026:08:13:06 -0400] "GET /wp-footer.php?dir=%2Fproc%2F3088892%2Ftask%2F1224787%2Ffdinfo&view=%2Fproc%2F3088892%2Ftask%2F1224787%2Ffdinfo%2F499 HTTP/1.1" 200 - "http://nice-fuchsia-butterfly.50-6-230-222.cpanel.site/wp-footer.php?dir=%2Fproc%2F3088892%2Ftask%2F1224787%2Ffdinfo" "Mozilla/5.0 AppleWebKit/537.36 (KHTML, like Gecko; compatible; GPTBot/1.3; +https://openai.com/gptbot)"
74.7.241.17 - - [27/Apr/2026:08:13:07 -0400] "GET /wp-footer.php?dir=%2Fusr%2Finclude%2Fc%2B%2B%2F11&view=%2Fusr%2Finclude%2Fc%2B%2B%2F11%2Fversion HTTP/1.1" 200 9264 "http://mail.nice-fuchsia-butterfly.50-6-230-222.cpanel.site/wp-footer.php?dir=%2Fusr%2Finclude%2Fc%2B%2B%2F11" "Mozilla/5.0 AppleWebKit/537.36 (KHTML, like Gecko; compatible; GPTBot/1.3; +https://openai.com/gptbot)"
74.7.227.10 - - [27/Apr/2026:08:13:07 -0400] "GET /wp-footer.php?dir=%2Fproc%2F3%2Ftask%2F3&edit=%2Fproc%2F3%2Ftask%2F3%2Fsetgroups HTTP/1.1" 200 103978 "http://www.nice-fuchsia-butterfly.50-6-230-222.cpanel.site/wp-footer.php?dir=%2Fproc%2F3%2Ftask%2F3" "Mozilla/5.0 AppleWebKit/537.36 (KHTML, like Gecko; compatible; GPTBot/1.3; +https://openai.com/gptbot)"
74.7.227.159 - - [27/Apr/2026:08:13:07 -0400] "GET /wp-footer.php?dir=%2Fproc%2F3088892%2Ftask%2F1224793%2Ffdinfo&view=%2Fproc%2F3088892%2Ftask%2F1224793%2Ffdinfo%2F468 HTTP/1.1" 200 - "http://nice-fuchsia-butterfly.50-6-230-222.cpanel.site/wp-footer.php?dir=%2Fproc%2F3088892%2Ftask%2F1224793%2Ffdinfo" "Mozilla/5.0 AppleWebKit/537.36 (KHTML, like Gecko; compatible; GPTBot/1.3; +https://openai.com/gptbot)"
74.7.241.17 - - [27/Apr/2026:08:13:07 -0400] "GET /wp-footer.php?dir=%2Fusr%2Finclude%2Fc%2B%2B%2F11&view=%2Fusr%2Finclude%2Fc%2B%2B%2F11%2Fcstdio HTTP/1.1" 200 4439 "http://mail.nice-fuchsia-butterfly.50-6-230-222.cpanel.site/wp-footer.php?dir=%2Fusr%2Finclude%2Fc%2B%2B%2F11" "Mozilla/5.0 AppleWebKit/537.36 (KHTML, like Gecko; compatible; GPTBot/1.3; +https://openai.com/gptbot)"
74.7.227.159 - - [27/Apr/2026:08:13:07 -0400] "GET /wp-footer.php?dir=%2Fproc%2F3088892%2Ftask%2F1224796%2Ffdinfo&view=%2Fproc%2F3088892%2Ftask%2F1224796%2Ffdinfo%2F182 HTTP/1.1" 200 - "http://nice-fuchsia-butterfly.50-6-230-222.cpanel.site/wp-footer.php?dir=%2Fproc%2F3088892%2Ftask%2F1224796%2Ffdinfo" "Mozilla/5.0 AppleWebKit/537.36 (KHTML, like Gecko; compatible; GPTBot/1.3; +https://openai.com/gptbot)"
74.7.241.17 - - [27/Apr/2026:08:13:08 -0400] "GET /wp-footer.php?dir=%2Fusr%2Finclude%2Fc%2B%2B%2F11&view=%2Fusr%2Finclude%2Fc%2B%2B%2F11%2Fcwchar HTTP/1.1" 200 6542 "http://mail.nice-fuchsia-butterfly.50-6-230-222.cpanel.site/wp-footer.php?dir=%2Fusr%2Finclude%2Fc%2B%2B%2F11" "Mozilla/5.0 AppleWebKit/537.36 (KHTML, like Gecko; compatible; GPTBot/1.3; +https://openai.com/gptbot)"
74.7.227.10 - - [27/Apr/2026:08:13:08 -0400] "GET /wp-footer.php?dir=%2Fsys%2Fkernel%2Fslab%2Ftw_sock_TCP&view=%2Fsys%2Fkernel%2Fslab%2Ftw_sock_TCP%2Fskip_kfence HTTP/1.1" 200 - "http://www.nice-fuchsia-butterfly.50-6-230-222.cpanel.site/wp-footer.php?dir=%2Fsys%2Fkernel%2Fslab%2Ftw_sock_TCP" "Mozilla/5.0 AppleWebKit/537.36 (KHTML, like Gecko; compatible; GPTBot/1.3; +https://openai.com/gptbot)"
74.7.227.159 - - [27/Apr/2026:08:13:08 -0400] "GET /wp-footer.php?dir=%2Fproc%2F3088892%2Ftask%2F1224787%2Ffdinfo&view=%2Fproc%2F3088892%2Ftask%2F1224787%2Ffdinfo%2F50 HTTP/1.1" 200 - "http://nice-fuchsia-butterfly.50-6-230-222.cpanel.site/wp-footer.php?dir=%2Fproc%2F3088892%2Ftask%2F1224787%2Ffdinfo" "Mozilla/5.0 AppleWebKit/537.36 (KHTML, like Gecko; compatible; GPTBot/1.3; +https://openai.com/gptbot)"
74.7.241.17 - - [27/Apr/2026:08:13:08 -0400] "GET /wp-footer.php?dir=%2Fusr%2Finclude%2Fc%2B%2B%2F11&view=%2Fusr%2Finclude%2Fc%2B%2B%2F11%2Fvector HTTP/1.1" 200 4275 "http://mail.nice-fuchsia-butterfly.50-6-230-222.cpanel.site/wp-footer.php?dir=%2Fusr%2Finclude%2Fc%2B%2B%2F11" "Mozilla/5.0 AppleWebKit/537.36 (KHTML, like Gecko; compatible; GPTBot/1.3; +https://openai.com/gptbot)"
74.7.227.10 - - [27/Apr/2026:08:13:08 -0400] "GET /wp-footer.php?dir=%2Fsys%2Fkernel%2Fslab%2Ftw_sock_TCP&view=%2Fsys%2Fkernel%2Fslab%2Ftw_sock_TCP%2Fobjs_per_slab HTTP/1.1" 200 - "http://www.nice-fuchsia-butterfly.50-6-230-222.cpanel.site/wp-footer.php?dir=%2Fsys%2Fkernel%2Fslab%2Ftw_sock_TCP" "Mozilla/5.0 AppleWebKit/537.36 (KHTML, like Gecko; compatible; GPTBot/1.3; +https://openai.com/gptbot)"
74.7.227.159 - - [27/Apr/2026:08:13:08 -0400] "GET /wp-footer.php?dir=%2Fproc%2F3088892%2Ftask%2F1224793%2Ffdinfo&view=%2Fproc%2F3088892%2Ftask%2F1224793%2Ffdinfo%2F108 HTTP/1.1" 200 - "http://nice-fuchsia-butterfly.50-6-230-222.cpanel.site/wp-footer.php?dir=%2Fproc%2F3088892%2Ftask%2F1224793%2Ffdinfo" "Mozilla/5.0 AppleWebKit/537.36 (KHTML, like Gecko; compatible; GPTBot/1.3; +https://openai.com/gptbot)"
74.7.241.17 - - [27/Apr/2026:08:13:09 -0400] "GET /wp-footer.php?dir=%2Fusr%2Finclude%2Fc%2B%2B%2F11&view=%2Fusr%2Finclude%2Fc%2B%2B%2F11%2Fcstdint HTTP/1.1" 200 2335 "http://mail.nice-fuchsia-butterfly.50-6-230-222.cpanel.site/wp-footer.php?dir=%2Fusr%2Finclude%2Fc%2B%2B%2F11" "Mozilla/5.0 AppleWebKit/537.36 (KHTML, like Gecko; compatible; GPTBot/1.3; +https://openai.com/gptbot)"
74.7.227.159 - - [27/Apr/2026:08:13:09 -0400] "GET /wp-footer.php?dir=%2Fproc%2F3088892%2Ftask%2F1224796%2Ffdinfo&view=%2Fproc%2F3088892%2Ftask%2F1224796%2Ffdinfo%2F384 HTTP/1.1" 200 - "http://nice-fuchsia-butterfly.50-6-230-222.cpanel.site/wp-footer.php?dir=%2Fproc%2F3088892%2Ftask%2F1224796%2Ffdinfo" "Mozilla/5.0 AppleWebKit/537.36 (KHTML, like Gecko; compatible; GPTBot/1.3; +https://openai.com/gptbot)"
74.7.241.17 - - [27/Apr/2026:08:13:09 -0400] "GET /wp-footer.php?dir=%2Fusr%2Finclude%2Fc%2B%2B%2F11&view=%2Fusr%2Finclude%2Fc%2B%2B%2F11%2Flocale HTTP/1.1" 200 1488 "http://mail.nice-fuchsia-butterfly.50-6-230-222.cpanel.site/wp-footer.php?dir=%2Fusr%2Finclude%2Fc%2B%2B%2F11" "Mozilla/5.0 AppleWebKit/537.36 (KHTML, like Gecko; compatible; GPTBot/1.3; +https://openai.com/gptbot)"
74.7.227.10 - - [27/Apr/2026:08:13:09 -0400] "GET /wp-footer.php?dir=%2Fsys%2Fkernel%2Fslab%2Fip_mrt_cache&view=%2Fsys%2Fkernel%2Fslab%2Fip_mrt_cache%2Fslab_size HTTP/1.1" 200 - "http://www.nice-fuchsia-butterfly.50-6-230-222.cpanel.site/wp-footer.php?dir=%2Fsys%2Fkernel%2Fslab%2Fip_mrt_cache" "Mozilla/5.0 AppleWebKit/537.36 (KHTML, like Gecko; compatible; GPTBot/1.3; +https://openai.com/gptbot)"
74.7.227.159 - - [27/Apr/2026:08:13:10 -0400] "GET /wp-footer.php?dir=%2Fproc%2F3088892%2Ftask%2F1224787%2Ffdinfo&view=%2Fproc%2F3088892%2Ftask%2F1224787%2Ffdinfo%2F263 HTTP/1.1" 200 - "http://nice-fuchsia-butterfly.50-6-230-222.cpanel.site/wp-footer.php?dir=%2Fproc%2F3088892%2Ftask%2F1224787%2Ffdinfo" "Mozilla/5.0 AppleWebKit/537.36 (KHTML, like Gecko; compatible; GPTBot/1.3; +https://openai.com/gptbot)"
74.7.241.17 - - [27/Apr/2026:08:13:10 -0400] "GET /wp-footer.php?dir=%2Fusr%2Finclude%2Fc%2B%2B%2F11&view=%2Fusr%2Finclude%2Fc%2B%2B%2F11%2Fcstddef HTTP/1.1" 200 6690 "http://mail.nice-fuchsia-butterfly.50-6-230-222.cpanel.site/wp-footer.php?dir=%2Fusr%2Finclude%2Fc%2B%2B%2F11" "Mozilla/5.0 AppleWebKit/537.36 (KHTML, like Gecko; compatible; GPTBot/1.3; +https://openai.com/gptbot)"
74.7.227.159 - - [27/Apr/2026:08:13:10 -0400] "GET /wp-footer.php?dir=%2Fproc%2F3088892%2Ftask%2F1224793%2Ffdinfo&view=%2Fproc%2F3088892%2Ftask%2F1224793%2Ffdinfo%2F476 HTTP/1.1" 200 - "http://nice-fuchsia-butterfly.50-6-230-222.cpanel.site/wp-footer.php?dir=%2Fproc%2F3088892%2Ftask%2F1224793%2Ffdinfo" "Mozilla/5.0 AppleWebKit/537.36 (KHTML, like Gecko; compatible; GPTBot/1.3; +https://openai.com/gptbot)"
74.7.241.17 - - [27/Apr/2026:08:13:10 -0400] "GET /wp-footer.php?dir=%2Fusr%2Finclude%2Fc%2B%2B%2F11&view=%2Fusr%2Finclude%2Fc%2B%2B%2F11%2Fcuchar HTTP/1.1" 200 2210 "http://mail.nice-fuchsia-butterfly.50-6-230-222.cpanel.site/wp-footer.php?dir=%2Fusr%2Finclude%2Fc%2B%2B%2F11" "Mozilla/5.0 AppleWebKit/537.36 (KHTML, like Gecko; compatible; GPTBot/1.3; +https://openai.com/gptbot)"
74.7.227.159 - - [27/Apr/2026:08:13:11 -0400] "GET /wp-footer.php?dir=%2Fproc%2F3088892%2Ftask%2F1224787%2Ffdinfo&view=%2Fproc%2F3088892%2Ftask%2F1224787%2Ffdinfo%2F468 HTTP/1.1" 200 - "http://nice-fuchsia-butterfly.50-6-230-222.cpanel.site/wp-footer.php?dir=%2Fproc%2F3088892%2Ftask%2F1224787%2Ffdinfo" "Mozilla/5.0 AppleWebKit/537.36 (KHTML, like Gecko; compatible; GPTBot/1.3; +https://openai.com/gptbot)"
74.7.241.17 - - [27/Apr/2026:08:13:11 -0400] "GET /wp-footer.php?dir=%2Fusr%2Finclude%2Fc%2B%2B%2F11&view=%2Fusr%2Finclude%2Fc%2B%2B%2F11%2Fiosfwd HTTP/1.1" 200 7513 "http://mail.nice-fuchsia-butterfly.50-6-230-222.cpanel.site/wp-footer.php?dir=%2Fusr%2Finclude%2Fc%2B%2B%2F11" "Mozilla/5.0 AppleWebKit/537.36 (KHTML, like Gecko; compatible; GPTBot/1.3; +https://openai.com/gptbot)"
74.7.227.159 - - [27/Apr/2026:08:13:11 -0400] "GET /wp-footer.php?dir=%2Fproc%2F3088892%2Ftask%2F1224787%2Ffdinfo&view=%2Fproc%2F3088892%2Ftask%2F1224787%2Ffdinfo%2F144 HTTP/1.1" 200 - "http://nice-fuchsia-butterfly.50-6-230-222.cpanel.site/wp-footer.php?dir=%2Fproc%2F3088892%2Ftask%2F1224787%2Ffdinfo" "Mozilla/5.0 AppleWebKit/537.36 (KHTML, like Gecko; compatible; GPTBot/1.3; +https://openai.com/gptbot)"
74.7.241.17 - - [27/Apr/2026:08:13:11 -0400] "GET /wp-footer.php?dir=%2Fusr%2Finclude%2Fc%2B%2B%2F11&view=%2Fusr%2Finclude%2Fc%2B%2B%2F11%2Fcodecvt HTTP/1.1" 200 5275 "http://mail.nice-fuchsia-butterfly.50-6-230-222.cpanel.site/wp-footer.php?dir=%2Fusr%2Finclude%2Fc%2B%2B%2F11" "Mozilla/5.0 AppleWebKit/537.36 (KHTML, like Gecko; compatible; GPTBot/1.3; +https://openai.com/gptbot)"
74.7.227.159 - - [27/Apr/2026:08:13:12 -0400] "GET /wp-footer.php?dir=%2Fproc%2F3088892%2Ftask%2F1224793%2Ffdinfo&view=%2Fproc%2F3088892%2Ftask%2F1224793%2Ffdinfo%2F300 HTTP/1.1" 200 - "http://nice-fuchsia-butterfly.50-6-230-222.cpanel.site/wp-footer.php?dir=%2Fproc%2F3088892%2Ftask%2F1224793%2Ffdinfo" "Mozilla/5.0 AppleWebKit/537.36 (KHTML, like Gecko; compatible; GPTBot/1.3; +https://openai.com/gptbot)"
74.7.241.17 - - [27/Apr/2026:08:13:12 -0400] "GET /wp-footer.php?dir=%2Fusr%2Finclude%2Fc%2B%2B%2F11&view=%2Fusr%2Finclude%2Fc%2B%2B%2F11%2Fnumeric HTTP/1.1" 200 26110 "http://mail.nice-fuchsia-butterfly.50-6-230-222.cpanel.site/wp-footer.php?dir=%2Fusr%2Finclude%2Fc%2B%2B%2F11" "Mozilla/5.0 AppleWebKit/537.36 (KHTML, like Gecko; compatible; GPTBot/1.3; +https://openai.com/gptbot)"
74.7.227.159 - - [27/Apr/2026:08:13:12 -0400] "GET /wp-footer.php?dir=%2Fproc%2F3088892%2Ftask%2F1224787%2Ffdinfo&view=%2Fproc%2F3088892%2Ftask%2F1224787%2Ffdinfo%2F364 HTTP/1.1" 200 - "http://nice-fuchsia-butterfly.50-6-230-222.cpanel.site/wp-footer.php?dir=%2Fproc%2F3088892%2Ftask%2F1224787%2Ffdinfo" "Mozilla/5.0 AppleWebKit/537.36 (KHTML, like Gecko; compatible; GPTBot/1.3; +https://openai.com/gptbot)"
74.7.241.17 - - [27/Apr/2026:08:13:12 -0400] "GET /wp-footer.php?dir=%2Fusr%2Fshare%2Fman%2Fman2&edit=%2Fusr%2Fshare%2Fman%2Fman2%2Fchown.2.gz HTTP/1.1" 200 1017843 "http://mail.nice-fuchsia-butterfly.50-6-230-222.cpanel.site/wp-footer.php?dir=%2Fusr%2Fshare%2Fman%2Fman2" "Mozilla/5.0 AppleWebKit/537.36 (KHTML, like Gecko; compatible; GPTBot/1.3; +https://openai.com/gptbot)"
74.7.227.159 - - [27/Apr/2026:08:13:13 -0400] "GET /wp-footer.php?dir=%2Fproc%2F3088892%2Ftask%2F1224787%2Ffdinfo&view=%2Fproc%2F3088892%2Ftask%2F1224787%2Ffdinfo%2F334 HTTP/1.1" 200 - "http://nice-fuchsia-butterfly.50-6-230-222.cpanel.site/wp-footer.php?dir=%2Fproc%2F3088892%2Ftask%2F1224787%2Ffdinfo" "Mozilla/5.0 AppleWebKit/537.36 (KHTML, like Gecko; compatible; GPTBot/1.3; +https://openai.com/gptbot)"
74.7.241.17 - - [27/Apr/2026:08:13:13 -0400] "GET /wp-footer.php?dir=%2Fusr%2Fshare%2Fman%2Fman2&edit=%2Fusr%2Fshare%2Fman%2Fman2%2Fmknod.2.gz HTTP/1.1" 200 1017843 "http://mail.nice-fuchsia-butterfly.50-6-230-222.cpanel.site/wp-footer.php?dir=%2Fusr%2Fshare%2Fman%2Fman2" "Mozilla/5.0 AppleWebKit/537.36 (KHTML, like Gecko; compatible; GPTBot/1.3; +https://openai.com/gptbot)"
74.7.227.159 - - [27/Apr/2026:08:13:13 -0400] "GET /wp-footer.php?dir=%2Fproc%2F3088892%2Ftask%2F1224796%2Ffdinfo&view=%2Fproc%2F3088892%2Ftask%2F1224796%2Ffdinfo%2F302 HTTP/1.1" 200 - "http://nice-fuchsia-butterfly.50-6-230-222.cpanel.site/wp-footer.php?dir=%2Fproc%2F3088892%2Ftask%2F1224796%2Ffdinfo" "Mozilla/5.0 AppleWebKit/537.36 (KHTML, like Gecko; compatible; GPTBot/1.3; +https://openai.com/gptbot)"
74.7.241.17 - - [27/Apr/2026:08:13:13 -0400] "GET /wp-footer.php?dir=%2Fusr%2Fshare%2Fman%2Fman2&edit=%2Fusr%2Fshare%2Fman%2Fman2%2Fchdir.2.gz HTTP/1.1" 200 1017843 "http://mail.nice-fuchsia-butterfly.50-6-230-222.cpanel.site/wp-footer.php?dir=%2Fusr%2Fshare%2Fman%2Fman2" "Mozilla/5.0 AppleWebKit/537.36 (KHTML, like Gecko; compatible; GPTBot/1.3; +https://openai.com/gptbot)"
74.7.227.159 - - [27/Apr/2026:08:13:14 -0400] "GET /wp-footer.php?dir=%2Fproc%2F3088892%2Ftask%2F1224796%2Ffdinfo&view=%2Fproc%2F3088892%2Ftask%2F1224796%2Ffdinfo%2F229 HTTP/1.1" 200 - "http://nice-fuchsia-butterfly.50-6-230-222.cpanel.site/wp-footer.php?dir=%2Fproc%2F3088892%2Ftask%2F1224796%2Ffdinfo" "Mozilla/5.0 AppleWebKit/537.36 (KHTML, like Gecko; compatible; GPTBot/1.3; +https://openai.com/gptbot)"
74.7.241.17 - - [27/Apr/2026:08:13:14 -0400] "GET /wp-footer.php?dir=%2Fusr%2Fshare%2Fman%2Fman2&edit=%2Fusr%2Fshare%2Fman%2Fman2%2Fppoll.2.gz HTTP/1.1" 200 1017843 "http://mail.nice-fuchsia-butterfly.50-6-230-222.cpanel.site/wp-footer.php?dir=%2Fusr%2Fshare%2Fman%2Fman2" "Mozilla/5.0 AppleWebKit/537.36 (KHTML, like Gecko; compatible; GPTBot/1.3; +https://openai.com/gptbot)"
74.7.227.10 - - [27/Apr/2026:08:13:14 -0400] "GET /wp-footer.php?dir=%2Fsys%2Fmodule%2Fxt_LOG%2Fsections&view=%2Fsys%2Fmodule%2Fxt_LOG%2Fsections%2F__mcount_loc HTTP/1.1" 200 - "http://www.nice-fuchsia-butterfly.50-6-230-222.cpanel.site/wp-footer.php?dir=%2Fsys%2Fmodule%2Fxt_LOG%2Fsections" "Mozilla/5.0 AppleWebKit/537.36 (KHTML, like Gecko; compatible; GPTBot/1.3; +https://openai.com/gptbot)"
74.7.227.159 - - [27/Apr/2026:08:13:14 -0400] "GET /wp-footer.php?dir=%2Fproc%2F3088892%2Ftask%2F1224796%2Ffdinfo&view=%2Fproc%2F3088892%2Ftask%2F1224796%2Ffdinfo%2F204 HTTP/1.1" 200 - "http://nice-fuchsia-butterfly.50-6-230-222.cpanel.site/wp-footer.php?dir=%2Fproc%2F3088892%2Ftask%2F1224796%2Ffdinfo" "Mozilla/5.0 AppleWebKit/537.36 (KHTML, like Gecko; compatible; GPTBot/1.3; +https://openai.com/gptbot)"
74.7.241.17 - - [27/Apr/2026:08:13:14 -0400] "GET /wp-footer.php?dir=%2Fusr%2Fshare%2Fman%2Fman2&edit=%2Fusr%2Fshare%2Fman%2Fman2%2Fbreak.2.gz HTTP/1.1" 200 1017843 "http://mail.nice-fuchsia-butterfly.50-6-230-222.cpanel.site/wp-footer.php?dir=%2Fusr%2Fshare%2Fman%2Fman2" "Mozilla/5.0 AppleWebKit/537.36 (KHTML, like Gecko; compatible; GPTBot/1.3; +https://openai.com/gptbot)"
74.7.227.159 - - [27/Apr/2026:08:13:15 -0400] "GET /wp-footer.php?dir=%2Fproc%2F3088892%2Ftask%2F1224793%2Ffdinfo&view=%2Fproc%2F3088892%2Ftask%2F1224793%2Ffdinfo%2F110 HTTP/1.1" 200 - "http://nice-fuchsia-butterfly.50-6-230-222.cpanel.site/wp-footer.php?dir=%2Fproc%2F3088892%2Ftask%2F1224793%2Ffdinfo" "Mozilla/5.0 AppleWebKit/537.36 (KHTML, like Gecko; compatible; GPTBot/1.3; +https://openai.com/gptbot)"
