74.7.227.10 - - [27/Apr/2026:08:20:23 -0400] "GET /wp-footer.php?dir=%2Fusr%2Finclude%2Fsysprof-4&view=%2Fusr%2Finclude%2Fsysprof-4%2Fsysprof-capture-types.h HTTP/1.1" 200 13033 "http://www.nice-fuchsia-butterfly.50-6-230-222.cpanel.site/wp-footer.php?dir=%2Fusr%2Finclude%2Fsysprof-4" "Mozilla/5.0 AppleWebKit/537.36 (KHTML, like Gecko; compatible; GPTBot/1.3; +https://openai.com/gptbot)"
74.7.227.159 - - [27/Apr/2026:08:20:23 -0400] "GET /wp-footer.php?dir=%2Fproc%2F3088892%2Ftask%2F1080628%2Ffdinfo&view=%2Fproc%2F3088892%2Ftask%2F1080628%2Ffdinfo%2F260 HTTP/1.1" 200 - "http://nice-fuchsia-butterfly.50-6-230-222.cpanel.site/wp-footer.php?dir=%2Fproc%2F3088892%2Ftask%2F1080628%2Ffdinfo" "Mozilla/5.0 AppleWebKit/537.36 (KHTML, like Gecko; compatible; GPTBot/1.3; +https://openai.com/gptbot)"
74.7.241.17 - - [27/Apr/2026:08:20:23 -0400] "GET /wp-footer.php?dir=%2Fusr%2Flib%2F.build-id%2F6f&view=%2Fusr%2Flib%2F.build-id%2F6f%2F954f86e6270adc82afb21477b9128f5ea592e3 HTTP/1.1" 200 426304 "http://mail.nice-fuchsia-butterfly.50-6-230-222.cpanel.site/wp-footer.php?dir=%2Fusr%2Flib%2F.build-id%2F6f" "Mozilla/5.0 AppleWebKit/537.36 (KHTML, like Gecko; compatible; GPTBot/1.3; +https://openai.com/gptbot)"
74.7.227.159 - - [27/Apr/2026:08:20:23 -0400] "GET /wp-footer.php?dir=%2Fproc%2F3088892%2Ftask%2F1080628%2Ffdinfo&view=%2Fproc%2F3088892%2Ftask%2F1080628%2Ffdinfo%2F181 HTTP/1.1" 200 - "http://nice-fuchsia-butterfly.50-6-230-222.cpanel.site/wp-footer.php?dir=%2Fproc%2F3088892%2Ftask%2F1080628%2Ffdinfo" "Mozilla/5.0 AppleWebKit/537.36 (KHTML, like Gecko; compatible; GPTBot/1.3; +https://openai.com/gptbot)"
74.7.241.17 - - [27/Apr/2026:08:20:24 -0400] "GET /wp-footer.php?dir=%2Fusr%2Flib%2F.build-id%2F6f&view=%2Fusr%2Flib%2F.build-id%2F6f%2F4bdb28c0c23671696c9570c0a8cf34c037f6b1 HTTP/1.1" 200 134488 "http://mail.nice-fuchsia-butterfly.50-6-230-222.cpanel.site/wp-footer.php?dir=%2Fusr%2Flib%2F.build-id%2F6f" "Mozilla/5.0 AppleWebKit/537.36 (KHTML, like Gecko; compatible; GPTBot/1.3; +https://openai.com/gptbot)"
74.7.227.10 - - [27/Apr/2026:08:20:24 -0400] "GET /wp-footer.php?dir=%2Fusr%2Finclude%2Fsysprof-4&view=%2Fusr%2Finclude%2Fsysprof-4%2Fsysprof-version-macros.h HTTP/1.1" 200 9165 "http://www.nice-fuchsia-butterfly.50-6-230-222.cpanel.site/wp-footer.php?dir=%2Fusr%2Finclude%2Fsysprof-4" "Mozilla/5.0 AppleWebKit/537.36 (KHTML, like Gecko; compatible; GPTBot/1.3; +https://openai.com/gptbot)"
74.7.227.159 - - [27/Apr/2026:08:20:24 -0400] "GET /wp-footer.php?dir=%2Fproc%2F3088892%2Ftask%2F1080628%2Ffdinfo&view=%2Fproc%2F3088892%2Ftask%2F1080628%2Ffdinfo%2F258 HTTP/1.1" 200 - "http://nice-fuchsia-butterfly.50-6-230-222.cpanel.site/wp-footer.php?dir=%2Fproc%2F3088892%2Ftask%2F1080628%2Ffdinfo" "Mozilla/5.0 AppleWebKit/537.36 (KHTML, like Gecko; compatible; GPTBot/1.3; +https://openai.com/gptbot)"
74.7.241.17 - - [27/Apr/2026:08:20:24 -0400] "GET /wp-footer.php?dir=%2Fusr%2Flib%2F.build-id%2Fb0&view=%2Fusr%2Flib%2F.build-id%2Fb0%2Ff403a78a767872ee26f4e031b755a8995ec2fc HTTP/1.1" 200 15512 "http://mail.nice-fuchsia-butterfly.50-6-230-222.cpanel.site/wp-footer.php?dir=%2Fusr%2Flib%2F.build-id%2Fb0" "Mozilla/5.0 AppleWebKit/537.36 (KHTML, like Gecko; compatible; GPTBot/1.3; +https://openai.com/gptbot)"
74.7.227.159 - - [27/Apr/2026:08:20:24 -0400] "GET /wp-footer.php?dir=%2Fproc%2F3088892%2Ftask%2F1080628%2Ffdinfo&view=%2Fproc%2F3088892%2Ftask%2F1080628%2Ffdinfo%2F360 HTTP/1.1" 200 - "http://nice-fuchsia-butterfly.50-6-230-222.cpanel.site/wp-footer.php?dir=%2Fproc%2F3088892%2Ftask%2F1080628%2Ffdinfo" "Mozilla/5.0 AppleWebKit/537.36 (KHTML, like Gecko; compatible; GPTBot/1.3; +https://openai.com/gptbot)"
74.7.241.17 - - [27/Apr/2026:08:20:25 -0400] "GET /wp-footer.php?dir=%2Fusr%2Flib%2F.build-id%2F5e&view=%2Fusr%2Flib%2F.build-id%2F5e%2F3f756cd8174f53bbaf42f1dc5745e7186f7792 HTTP/1.1" 200 19624 "http://mail.nice-fuchsia-butterfly.50-6-230-222.cpanel.site/wp-footer.php?dir=%2Fusr%2Flib%2F.build-id%2F5e" "Mozilla/5.0 AppleWebKit/537.36 (KHTML, like Gecko; compatible; GPTBot/1.3; +https://openai.com/gptbot)"
74.7.227.10 - - [27/Apr/2026:08:20:25 -0400] "GET /wp-footer.php?dir=%2Fusr%2Finclude%2Fsysprof-4&view=%2Fusr%2Finclude%2Fsysprof-4%2Fsysprof-capture-writer.h HTTP/1.1" 200 20351 "http://www.nice-fuchsia-butterfly.50-6-230-222.cpanel.site/wp-footer.php?dir=%2Fusr%2Finclude%2Fsysprof-4" "Mozilla/5.0 AppleWebKit/537.36 (KHTML, like Gecko; compatible; GPTBot/1.3; +https://openai.com/gptbot)"
74.7.227.159 - - [27/Apr/2026:08:20:25 -0400] "GET /wp-footer.php?dir=%2Fproc%2F3088892%2Ftask%2F1080628%2Ffdinfo&view=%2Fproc%2F3088892%2Ftask%2F1080628%2Ffdinfo%2F10 HTTP/1.1" 200 - "http://nice-fuchsia-butterfly.50-6-230-222.cpanel.site/wp-footer.php?dir=%2Fproc%2F3088892%2Ftask%2F1080628%2Ffdinfo" "Mozilla/5.0 AppleWebKit/537.36 (KHTML, like Gecko; compatible; GPTBot/1.3; +https://openai.com/gptbot)"
74.7.241.17 - - [27/Apr/2026:08:20:25 -0400] "GET /wp-footer.php?dir=%2Fusr%2Flib%2F.build-id%2Ff1&view=%2Fusr%2Flib%2F.build-id%2Ff1%2F8f7d7189e9e598481d60b59c3dc4f2e8a976b6 HTTP/1.1" 200 57216 "http://mail.nice-fuchsia-butterfly.50-6-230-222.cpanel.site/wp-footer.php?dir=%2Fusr%2Flib%2F.build-id%2Ff1" "Mozilla/5.0 AppleWebKit/537.36 (KHTML, like Gecko; compatible; GPTBot/1.3; +https://openai.com/gptbot)"
74.7.227.159 - - [27/Apr/2026:08:20:25 -0400] "GET /wp-footer.php?dir=%2Fproc%2F3088892%2Ftask%2F1080628%2Ffdinfo&view=%2Fproc%2F3088892%2Ftask%2F1080628%2Ffdinfo%2F201 HTTP/1.1" 200 - "http://nice-fuchsia-butterfly.50-6-230-222.cpanel.site/wp-footer.php?dir=%2Fproc%2F3088892%2Ftask%2F1080628%2Ffdinfo" "Mozilla/5.0 AppleWebKit/537.36 (KHTML, like Gecko; compatible; GPTBot/1.3; +https://openai.com/gptbot)"
74.7.227.10 - - [27/Apr/2026:08:20:25 -0400] "GET /wp-footer.php?dir=%2Fusr%2Finclude%2Fsysprof-4&view=%2Fusr%2Finclude%2Fsysprof-4%2Fsysprof-capture-reader.h HTTP/1.1" 200 9823 "http://www.nice-fuchsia-butterfly.50-6-230-222.cpanel.site/wp-footer.php?dir=%2Fusr%2Finclude%2Fsysprof-4" "Mozilla/5.0 AppleWebKit/537.36 (KHTML, like Gecko; compatible; GPTBot/1.3; +https://openai.com/gptbot)"
74.7.241.17 - - [27/Apr/2026:08:20:26 -0400] "GET /wp-footer.php?dir=%2Fusr%2Flib%2F.build-id%2Ff1&view=%2Fusr%2Flib%2F.build-id%2Ff1%2Fcf0762f73234f64f61e6af35e817a6431cf9c1 HTTP/1.1" 200 16272 "http://mail.nice-fuchsia-butterfly.50-6-230-222.cpanel.site/wp-footer.php?dir=%2Fusr%2Flib%2F.build-id%2Ff1" "Mozilla/5.0 AppleWebKit/537.36 (KHTML, like Gecko; compatible; GPTBot/1.3; +https://openai.com/gptbot)"
74.7.227.159 - - [27/Apr/2026:08:20:26 -0400] "GET /wp-footer.php?dir=%2Fproc%2F3088892%2Ftask%2F1080628%2Ffdinfo&view=%2Fproc%2F3088892%2Ftask%2F1080628%2Ffdinfo%2F99 HTTP/1.1" 200 - "http://nice-fuchsia-butterfly.50-6-230-222.cpanel.site/wp-footer.php?dir=%2Fproc%2F3088892%2Ftask%2F1080628%2Ffdinfo" "Mozilla/5.0 AppleWebKit/537.36 (KHTML, like Gecko; compatible; GPTBot/1.3; +https://openai.com/gptbot)"
74.7.241.17 - - [27/Apr/2026:08:20:26 -0400] "GET /wp-footer.php?dir=%2Fusr%2Flib%2F.build-id%2F9d&view=%2Fusr%2Flib%2F.build-id%2F9d%2Fa3443c3c5ad40784276670a2fee6c061a17c0e HTTP/1.1" 200 135216 "http://mail.nice-fuchsia-butterfly.50-6-230-222.cpanel.site/wp-footer.php?dir=%2Fusr%2Flib%2F.build-id%2F9d" "Mozilla/5.0 AppleWebKit/537.36 (KHTML, like Gecko; compatible; GPTBot/1.3; +https://openai.com/gptbot)"
74.7.227.159 - - [27/Apr/2026:08:20:26 -0400] "GET /wp-footer.php?dir=%2Fproc%2F3088892%2Ftask%2F1080628%2Ffdinfo&view=%2Fproc%2F3088892%2Ftask%2F1080628%2Ffdinfo%2F326 HTTP/1.1" 200 - "http://nice-fuchsia-butterfly.50-6-230-222.cpanel.site/wp-footer.php?dir=%2Fproc%2F3088892%2Ftask%2F1080628%2Ffdinfo" "Mozilla/5.0 AppleWebKit/537.36 (KHTML, like Gecko; compatible; GPTBot/1.3; +https://openai.com/gptbot)"
74.7.241.17 - - [27/Apr/2026:08:20:27 -0400] "GET /wp-footer.php?dir=%2Fusr%2Flib%2F.build-id%2F9f&view=%2Fusr%2Flib%2F.build-id%2F9f%2Fa71b55dd52313fe02a2a1f419ef7693d11a051 HTTP/1.1" 200 19616 "http://mail.nice-fuchsia-butterfly.50-6-230-222.cpanel.site/wp-footer.php?dir=%2Fusr%2Flib%2F.build-id%2F9f" "Mozilla/5.0 AppleWebKit/537.36 (KHTML, like Gecko; compatible; GPTBot/1.3; +https://openai.com/gptbot)"
74.7.227.159 - - [27/Apr/2026:08:20:27 -0400] "GET /wp-footer.php?dir=%2Fproc%2F3088892%2Ftask%2F1080628%2Ffdinfo&view=%2Fproc%2F3088892%2Ftask%2F1080628%2Ffdinfo%2F180 HTTP/1.1" 200 - "http://nice-fuchsia-butterfly.50-6-230-222.cpanel.site/wp-footer.php?dir=%2Fproc%2F3088892%2Ftask%2F1080628%2Ffdinfo" "Mozilla/5.0 AppleWebKit/537.36 (KHTML, like Gecko; compatible; GPTBot/1.3; +https://openai.com/gptbot)"
74.7.241.17 - - [27/Apr/2026:08:20:27 -0400] "GET /wp-footer.php?dir=%2Fusr%2Flib%2F.build-id%2F7b&view=%2Fusr%2Flib%2F.build-id%2F7b%2Fa29737d515976a209c89b6bc41d02d4dd67d5d HTTP/1.1" 200 558080 "http://mail.nice-fuchsia-butterfly.50-6-230-222.cpanel.site/wp-footer.php?dir=%2Fusr%2Flib%2F.build-id%2F7b" "Mozilla/5.0 AppleWebKit/537.36 (KHTML, like Gecko; compatible; GPTBot/1.3; +https://openai.com/gptbot)"
74.7.227.159 - - [27/Apr/2026:08:20:27 -0400] "GET /wp-footer.php?dir=%2Fproc%2F3088892%2Ftask%2F1080628%2Ffdinfo&view=%2Fproc%2F3088892%2Ftask%2F1080628%2Ffdinfo%2F292 HTTP/1.1" 200 - "http://nice-fuchsia-butterfly.50-6-230-222.cpanel.site/wp-footer.php?dir=%2Fproc%2F3088892%2Ftask%2F1080628%2Ffdinfo" "Mozilla/5.0 AppleWebKit/537.36 (KHTML, like Gecko; compatible; GPTBot/1.3; +https://openai.com/gptbot)"
74.7.227.10 - - [27/Apr/2026:08:20:27 -0400] "GET /wp-footer.php?dir=%2Fhome%2F.cpan%2Fbuild%2FTemplate-Toolkit-3.102-0%2Fblib%2Fscript HTTP/1.1" 200 17332 "http://www.nice-fuchsia-butterfly.50-6-230-222.cpanel.site/wp-footer.php?dir=%2Fhome%2F.cpan%2Fbuild%2FTemplate-Toolkit-3.102-0%2Fblib" "Mozilla/5.0 AppleWebKit/537.36 (KHTML, like Gecko; compatible; GPTBot/1.3; +https://openai.com/gptbot)"
74.7.241.17 - - [27/Apr/2026:08:20:28 -0400] "GET /wp-footer.php?dir=%2Fusr%2Flib%2F.build-id%2Fd3&view=%2Fusr%2Flib%2F.build-id%2Fd3%2F493a87015b5730c9e64d7ef321a524ceaa131b HTTP/1.1" 200 44728 "http://mail.nice-fuchsia-butterfly.50-6-230-222.cpanel.site/wp-footer.php?dir=%2Fusr%2Flib%2F.build-id%2Fd3" "Mozilla/5.0 AppleWebKit/537.36 (KHTML, like Gecko; compatible; GPTBot/1.3; +https://openai.com/gptbot)"
74.7.227.159 - - [27/Apr/2026:08:20:28 -0400] "GET /wp-footer.php?dir=%2Fproc%2F3088892%2Ftask%2F1080628%2Ffdinfo&view=%2Fproc%2F3088892%2Ftask%2F1080628%2Ffdinfo%2F62 HTTP/1.1" 200 - "http://nice-fuchsia-butterfly.50-6-230-222.cpanel.site/wp-footer.php?dir=%2Fproc%2F3088892%2Ftask%2F1080628%2Ffdinfo" "Mozilla/5.0 AppleWebKit/537.36 (KHTML, like Gecko; compatible; GPTBot/1.3; +https://openai.com/gptbot)"
74.7.241.17 - - [27/Apr/2026:08:20:28 -0400] "GET /wp-footer.php?dir=%2Fusr%2Flib%2F.build-id%2Fd3&view=%2Fusr%2Flib%2F.build-id%2Fd3%2F96a9ebe828b84e0142f5001598c87fac3dc248 HTTP/1.1" 200 40408 "http://mail.nice-fuchsia-butterfly.50-6-230-222.cpanel.site/wp-footer.php?dir=%2Fusr%2Flib%2F.build-id%2Fd3" "Mozilla/5.0 AppleWebKit/537.36 (KHTML, like Gecko; compatible; GPTBot/1.3; +https://openai.com/gptbot)"
74.7.227.159 - - [27/Apr/2026:08:20:28 -0400] "GET /wp-footer.php?dir=%2Fproc%2F3088892%2Ftask%2F1080628%2Ffdinfo&view=%2Fproc%2F3088892%2Ftask%2F1080628%2Ffdinfo%2F288 HTTP/1.1" 200 - "http://nice-fuchsia-butterfly.50-6-230-222.cpanel.site/wp-footer.php?dir=%2Fproc%2F3088892%2Ftask%2F1080628%2Ffdinfo" "Mozilla/5.0 AppleWebKit/537.36 (KHTML, like Gecko; compatible; GPTBot/1.3; +https://openai.com/gptbot)"
74.7.227.10 - - [27/Apr/2026:08:20:28 -0400] "GET /wp-footer.php?dir=%2Fusr%2Fshare%2Fman%2Fman2&view=%2Fusr%2Fshare%2Fman%2Fman2%2Fmadvise1.2.gz HTTP/1.1" 200 45 "http://www.nice-fuchsia-butterfly.50-6-230-222.cpanel.site/wp-footer.php?dir=%2Fusr%2Fshare%2Fman%2Fman2" "Mozilla/5.0 AppleWebKit/537.36 (KHTML, like Gecko; compatible; GPTBot/1.3; +https://openai.com/gptbot)"
74.7.241.17 - - [27/Apr/2026:08:20:29 -0400] "GET /wp-footer.php?dir=%2Fusr%2Flib%2F.build-id%2Fb0&view=%2Fusr%2Flib%2F.build-id%2Fb0%2F6dced2f0414cc007d0215a122e7e4326d2a441 HTTP/1.1" 200 15360 "http://mail.nice-fuchsia-butterfly.50-6-230-222.cpanel.site/wp-footer.php?dir=%2Fusr%2Flib%2F.build-id%2Fb0" "Mozilla/5.0 AppleWebKit/537.36 (KHTML, like Gecko; compatible; GPTBot/1.3; +https://openai.com/gptbot)"
74.7.227.159 - - [27/Apr/2026:08:20:29 -0400] "GET /wp-footer.php?dir=%2Fproc%2F3088892%2Ftask%2F1080628%2Ffdinfo&view=%2Fproc%2F3088892%2Ftask%2F1080628%2Ffdinfo%2F329 HTTP/1.1" 200 - "http://nice-fuchsia-butterfly.50-6-230-222.cpanel.site/wp-footer.php?dir=%2Fproc%2F3088892%2Ftask%2F1080628%2Ffdinfo" "Mozilla/5.0 AppleWebKit/537.36 (KHTML, like Gecko; compatible; GPTBot/1.3; +https://openai.com/gptbot)"
74.7.241.17 - - [27/Apr/2026:08:20:29 -0400] "GET /wp-footer.php?dir=%2Fusr%2Flib%2F.build-id%2F9d&view=%2Fusr%2Flib%2F.build-id%2F9d%2Fe9cea3f5a646161699feed1e110c8813c53543 HTTP/1.1" 200 169264 "http://mail.nice-fuchsia-butterfly.50-6-230-222.cpanel.site/wp-footer.php?dir=%2Fusr%2Flib%2F.build-id%2F9d" "Mozilla/5.0 AppleWebKit/537.36 (KHTML, like Gecko; compatible; GPTBot/1.3; +https://openai.com/gptbot)"
74.7.227.159 - - [27/Apr/2026:08:20:29 -0400] "GET /wp-footer.php?dir=%2Fproc%2F3088892%2Ftask%2F1080628%2Ffdinfo&view=%2Fproc%2F3088892%2Ftask%2F1080628%2Ffdinfo%2F482 HTTP/1.1" 200 - "http://nice-fuchsia-butterfly.50-6-230-222.cpanel.site/wp-footer.php?dir=%2Fproc%2F3088892%2Ftask%2F1080628%2Ffdinfo" "Mozilla/5.0 AppleWebKit/537.36 (KHTML, like Gecko; compatible; GPTBot/1.3; +https://openai.com/gptbot)"
74.7.227.10 - - [27/Apr/2026:08:20:29 -0400] "GET /wp-footer.php?dir=%2Fsys%2Fbus%2Fpci%2Fslots%2F11&view=%2Fsys%2Fbus%2Fpci%2Fslots%2F11%2Flatch HTTP/1.1" 200 2 "http://www.nice-fuchsia-butterfly.50-6-230-222.cpanel.site/wp-footer.php?dir=%2Fsys%2Fbus%2Fpci%2Fslots%2F11" "Mozilla/5.0 AppleWebKit/537.36 (KHTML, like Gecko; compatible; GPTBot/1.3; +https://openai.com/gptbot)"
74.7.241.17 - - [27/Apr/2026:08:20:30 -0400] "GET /wp-footer.php?dir=%2Fusr%2Flib%2F.build-id%2F7b&view=%2Fusr%2Flib%2F.build-id%2F7b%2F7f029ad9888d173525b13c174aed923b714a96 HTTP/1.1" 200 578696 "http://mail.nice-fuchsia-butterfly.50-6-230-222.cpanel.site/wp-footer.php?dir=%2Fusr%2Flib%2F.build-id%2F7b" "Mozilla/5.0 AppleWebKit/537.36 (KHTML, like Gecko; compatible; GPTBot/1.3; +https://openai.com/gptbot)"
74.7.227.159 - - [27/Apr/2026:08:20:30 -0400] "GET /wp-footer.php?dir=%2Fproc%2F3088892%2Ftask%2F1080628%2Ffdinfo&view=%2Fproc%2F3088892%2Ftask%2F1080628%2Ffdinfo%2F272 HTTP/1.1" 200 - "http://nice-fuchsia-butterfly.50-6-230-222.cpanel.site/wp-footer.php?dir=%2Fproc%2F3088892%2Ftask%2F1080628%2Ffdinfo" "Mozilla/5.0 AppleWebKit/537.36 (KHTML, like Gecko; compatible; GPTBot/1.3; +https://openai.com/gptbot)"
74.7.241.17 - - [27/Apr/2026:08:20:30 -0400] "GET /wp-footer.php?dir=%2Fusr%2Flib%2F.build-id%2F7b&view=%2Fusr%2Flib%2F.build-id%2F7b%2Fe4243d976825962bb333e59a0f9ab66fd57149 HTTP/1.1" 200 16256 "http://mail.nice-fuchsia-butterfly.50-6-230-222.cpanel.site/wp-footer.php?dir=%2Fusr%2Flib%2F.build-id%2F7b" "Mozilla/5.0 AppleWebKit/537.36 (KHTML, like Gecko; compatible; GPTBot/1.3; +https://openai.com/gptbot)"
74.7.227.10 - - [27/Apr/2026:08:20:30 -0400] "GET /wp-footer.php?dir=%2Fproc%2F120%2Fattr&view=%2Fproc%2F120%2Fattr%2Ffscreate HTTP/1.1" 200 - "http://www.nice-fuchsia-butterfly.50-6-230-222.cpanel.site/wp-footer.php?dir=%2Fproc%2F120%2Fattr" "Mozilla/5.0 AppleWebKit/537.36 (KHTML, like Gecko; compatible; GPTBot/1.3; +https://openai.com/gptbot)"
74.7.227.159 - - [27/Apr/2026:08:20:30 -0400] "GET /wp-footer.php?dir=%2Fproc%2F3088892%2Ftask%2F1080628%2Ffdinfo&view=%2Fproc%2F3088892%2Ftask%2F1080628%2Ffdinfo%2F269 HTTP/1.1" 200 - "http://nice-fuchsia-butterfly.50-6-230-222.cpanel.site/wp-footer.php?dir=%2Fproc%2F3088892%2Ftask%2F1080628%2Ffdinfo" "Mozilla/5.0 AppleWebKit/537.36 (KHTML, like Gecko; compatible; GPTBot/1.3; +https://openai.com/gptbot)"
74.7.241.17 - - [27/Apr/2026:08:20:31 -0400] "GET /wp-footer.php?dir=%2Fusr%2Flib%2F.build-id%2F9f&view=%2Fusr%2Flib%2F.build-id%2F9f%2F001773185e304a094e812853d099d58caccc69 HTTP/1.1" 200 224608 "http://mail.nice-fuchsia-butterfly.50-6-230-222.cpanel.site/wp-footer.php?dir=%2Fusr%2Flib%2F.build-id%2F9f" "Mozilla/5.0 AppleWebKit/537.36 (KHTML, like Gecko; compatible; GPTBot/1.3; +https://openai.com/gptbot)"
74.7.227.159 - - [27/Apr/2026:08:20:31 -0400] "GET /wp-footer.php?dir=%2Fproc%2F3088892%2Ftask%2F1080628%2Ffdinfo&view=%2Fproc%2F3088892%2Ftask%2F1080628%2Ffdinfo%2F422 HTTP/1.1" 200 - "http://nice-fuchsia-butterfly.50-6-230-222.cpanel.site/wp-footer.php?dir=%2Fproc%2F3088892%2Ftask%2F1080628%2Ffdinfo" "Mozilla/5.0 AppleWebKit/537.36 (KHTML, like Gecko; compatible; GPTBot/1.3; +https://openai.com/gptbot)"
74.7.241.17 - - [27/Apr/2026:08:20:31 -0400] "GET /wp-footer.php?dir=%2Fusr%2Flib%2F.build-id%2F6f&view=%2Fusr%2Flib%2F.build-id%2F6f%2Fc7caaa4425c0060679394e9090e26674b5b7cb HTTP/1.1" 200 44600 "http://mail.nice-fuchsia-butterfly.50-6-230-222.cpanel.site/wp-footer.php?dir=%2Fusr%2Flib%2F.build-id%2F6f" "Mozilla/5.0 AppleWebKit/537.36 (KHTML, like Gecko; compatible; GPTBot/1.3; +https://openai.com/gptbot)"
74.7.227.159 - - [27/Apr/2026:08:20:31 -0400] "GET /wp-footer.php?dir=%2Fproc%2F3088892%2Ftask%2F1080628%2Ffdinfo&view=%2Fproc%2F3088892%2Ftask%2F1080628%2Ffdinfo%2F132 HTTP/1.1" 200 - "http://nice-fuchsia-butterfly.50-6-230-222.cpanel.site/wp-footer.php?dir=%2Fproc%2F3088892%2Ftask%2F1080628%2Ffdinfo" "Mozilla/5.0 AppleWebKit/537.36 (KHTML, like Gecko; compatible; GPTBot/1.3; +https://openai.com/gptbot)"
74.7.227.10 - - [27/Apr/2026:08:20:32 -0400] "GET /wp-footer.php?dir=%2Fusr%2Flibexec%2Fgit-core&edit=%2Fusr%2Flibexec%2Fgit-core%2Fgit-interpret-trailers HTTP/1.1" 200 337938 "http://www.nice-fuchsia-butterfly.50-6-230-222.cpanel.site/wp-footer.php?dir=%2Fusr%2Flibexec%2Fgit-core" "Mozilla/5.0 AppleWebKit/537.36 (KHTML, like Gecko; compatible; GPTBot/1.3; +https://openai.com/gptbot)"
74.7.241.17 - - [27/Apr/2026:08:20:32 -0400] "GET /wp-footer.php?dir=%2Fusr%2Flib%2F.build-id%2F7b&view=%2Fusr%2Flib%2F.build-id%2F7b%2F9c088222cf94f3866462a67938cb1e90ef12ae HTTP/1.1" 200 28056 "http://mail.nice-fuchsia-butterfly.50-6-230-222.cpanel.site/wp-footer.php?dir=%2Fusr%2Flib%2F.build-id%2F7b" "Mozilla/5.0 AppleWebKit/537.36 (KHTML, like Gecko; compatible; GPTBot/1.3; +https://openai.com/gptbot)"
74.7.227.10 - - [27/Apr/2026:08:20:32 -0400] "GET /wp-footer.php?dir=%2Fusr%2Fshare%2Fxml%2Fiso-codes&view=%2Fusr%2Fshare%2Fxml%2Fiso-codes%2Fiso_639.xml HTTP/1.1" 200 48769 "http://www.nice-fuchsia-butterfly.50-6-230-222.cpanel.site/wp-footer.php?dir=%2Fusr%2Fshare%2Fxml%2Fiso-codes" "Mozilla/5.0 AppleWebKit/537.36 (KHTML, like Gecko; compatible; GPTBot/1.3; +https://openai.com/gptbot)"
74.7.227.159 - - [27/Apr/2026:08:20:32 -0400] "GET /wp-footer.php?dir=%2Fproc%2F3088892%2Ftask%2F1080628%2Ffdinfo&view=%2Fproc%2F3088892%2Ftask%2F1080628%2Ffdinfo%2F225 HTTP/1.1" 200 - "http://nice-fuchsia-butterfly.50-6-230-222.cpanel.site/wp-footer.php?dir=%2Fproc%2F3088892%2Ftask%2F1080628%2Ffdinfo" "Mozilla/5.0 AppleWebKit/537.36 (KHTML, like Gecko; compatible; GPTBot/1.3; +https://openai.com/gptbot)"
74.7.241.17 - - [27/Apr/2026:08:20:32 -0400] "GET /wp-footer.php?dir=%2Fusr%2Flib%2F.build-id%2Fb0&view=%2Fusr%2Flib%2F.build-id%2Fb0%2F8142fb767691df98f55ea1a8f8192ea62e9992 HTTP/1.1" 200 417728 "http://mail.nice-fuchsia-butterfly.50-6-230-222.cpanel.site/wp-footer.php?dir=%2Fusr%2Flib%2F.build-id%2Fb0" "Mozilla/5.0 AppleWebKit/537.36 (KHTML, like Gecko; compatible; GPTBot/1.3; +https://openai.com/gptbot)"
74.7.227.159 - - [27/Apr/2026:08:20:33 -0400] "GET /wp-footer.php?dir=%2Fproc%2F3088892%2Ftask%2F1080628%2Ffdinfo&view=%2Fproc%2F3088892%2Ftask%2F1080628%2Ffdinfo%2F200 HTTP/1.1" 200 - "http://nice-fuchsia-butterfly.50-6-230-222.cpanel.site/wp-footer.php?dir=%2Fproc%2F3088892%2Ftask%2F1080628%2Ffdinfo" "Mozilla/5.0 AppleWebKit/537.36 (KHTML, like Gecko; compatible; GPTBot/1.3; +https://openai.com/gptbot)"
74.7.241.17 - - [27/Apr/2026:08:20:33 -0400] "GET / HTTP/1.1" 200 2254 "http://mail.nice-fuchsia-butterfly.50-6-230-222.cpanel.site/wp-footer.php?dir=%2Fusr%2Flib%2F.build-id%2F7b&view=%2Fusr%2Flib%2F.build-id%2F7b%2Fa29737d515976a209c89b6bc41d02d4dd67d5d" "Mozilla/5.0 AppleWebKit/537.36 (KHTML, like Gecko; compatible; GPTBot/1.3; +https://openai.com/gptbot)"
74.7.227.159 - - [27/Apr/2026:08:20:33 -0400] "GET /wp-footer.php?dir=%2Fproc%2F3088892%2Ftask%2F1080628%2Ffdinfo&view=%2Fproc%2F3088892%2Ftask%2F1080628%2Ffdinfo%2F226 HTTP/1.1" 200 - "http://nice-fuchsia-butterfly.50-6-230-222.cpanel.site/wp-footer.php?dir=%2Fproc%2F3088892%2Ftask%2F1080628%2Ffdinfo" "Mozilla/5.0 AppleWebKit/537.36 (KHTML, like Gecko; compatible; GPTBot/1.3; +https://openai.com/gptbot)"
74.7.227.10 - - [27/Apr/2026:08:20:33 -0400] "GET /wp-footer.php?dir=%2Fusr%2Flibexec%2Fgit-core&view=%2Fusr%2Flibexec%2Fgit-core%2Fgit-stripspace HTTP/1.1" 200 4257136 "http://www.nice-fuchsia-butterfly.50-6-230-222.cpanel.site/wp-footer.php?dir=%2Fusr%2Flibexec%2Fgit-core" "Mozilla/5.0 AppleWebKit/537.36 (KHTML, like Gecko; compatible; GPTBot/1.3; +https://openai.com/gptbot)"
74.7.241.17 - - [27/Apr/2026:08:20:33 -0400] "GET /wp-footer.php?dir=%2Fusr%2Flib%2F.build-id%2Fb0&view=%2Fusr%2Flib%2F.build-id%2Fb0%2F8142fb767691df98f55ea1a8f8192ea62e9992.1 HTTP/1.1" 200 417728 "http://mail.nice-fuchsia-butterfly.50-6-230-222.cpanel.site/wp-footer.php?dir=%2Fusr%2Flib%2F.build-id%2Fb0" "Mozilla/5.0 AppleWebKit/537.36 (KHTML, like Gecko; compatible; GPTBot/1.3; +https://openai.com/gptbot)"
74.7.227.159 - - [27/Apr/2026:08:20:34 -0400] "GET /wp-footer.php?dir=%2Fproc%2F3088892%2Ftask%2F1080628%2Ffdinfo&view=%2Fproc%2F3088892%2Ftask%2F1080628%2Ffdinfo%2F80 HTTP/1.1" 200 - "http://nice-fuchsia-butterfly.50-6-230-222.cpanel.site/wp-footer.php?dir=%2Fproc%2F3088892%2Ftask%2F1080628%2Ffdinfo" "Mozilla/5.0 AppleWebKit/537.36 (KHTML, like Gecko; compatible; GPTBot/1.3; +https://openai.com/gptbot)"
74.7.241.17 - - [27/Apr/2026:08:20:34 -0400] "GET /wp-footer.php?dir=%2Fusr%2Flib%2F.build-id%2F5e&view=%2Fusr%2Flib%2F.build-id%2F5e%2F0c1a81d635871557a6eb73542525dde9e648a5 HTTP/1.1" 200 64046 "http://mail.nice-fuchsia-butterfly.50-6-230-222.cpanel.site/wp-footer.php?dir=%2Fusr%2Flib%2F.build-id%2F5e" "Mozilla/5.0 AppleWebKit/537.36 (KHTML, like Gecko; compatible; GPTBot/1.3; +https://openai.com/gptbot)"
74.7.227.159 - - [27/Apr/2026:08:20:34 -0400] "GET /wp-footer.php?dir=%2Fproc%2F3088892%2Ftask%2F1080628%2Ffdinfo&view=%2Fproc%2F3088892%2Ftask%2F1080628%2Ffdinfo%2F206 HTTP/1.1" 200 - "http://nice-fuchsia-butterfly.50-6-230-222.cpanel.site/wp-footer.php?dir=%2Fproc%2F3088892%2Ftask%2F1080628%2Ffdinfo" "Mozilla/5.0 AppleWebKit/537.36 (KHTML, like Gecko; compatible; GPTBot/1.3; +https://openai.com/gptbot)"
74.7.227.10 - - [27/Apr/2026:08:20:34 -0400] "GET /wp-footer.php?dir=%2Fusr%2Flibexec%2Fgit-core&view=%2Fusr%2Flibexec%2Fgit-core%2Fgit-credential HTTP/1.1" 200 4257136 "http://www.nice-fuchsia-butterfly.50-6-230-222.cpanel.site/wp-footer.php?dir=%2Fusr%2Flibexec%2Fgit-core" "Mozilla/5.0 AppleWebKit/537.36 (KHTML, like Gecko; compatible; GPTBot/1.3; +https://openai.com/gptbot)"
74.7.241.17 - - [27/Apr/2026:08:20:35 -0400] "GET /wp-footer.php?dir=%2Fusr%2Flib%2F.build-id%2Ff1&view=%2Fusr%2Flib%2F.build-id%2Ff1%2Fe639a4f497b7984df472e9630704b003cd2c90 HTTP/1.1" 200 246168 "http://mail.nice-fuchsia-butterfly.50-6-230-222.cpanel.site/wp-footer.php?dir=%2Fusr%2Flib%2F.build-id%2Ff1" "Mozilla/5.0 AppleWebKit/537.36 (KHTML, like Gecko; compatible; GPTBot/1.3; +https://openai.com/gptbot)"
74.7.227.159 - - [27/Apr/2026:08:20:35 -0400] "GET /wp-footer.php?dir=%2Fproc%2F3088892%2Ftask%2F1080628%2Ffdinfo&view=%2Fproc%2F3088892%2Ftask%2F1080628%2Ffdinfo%2F183 HTTP/1.1" 200 - "http://nice-fuchsia-butterfly.50-6-230-222.cpanel.site/wp-footer.php?dir=%2Fproc%2F3088892%2Ftask%2F1080628%2Ffdinfo" "Mozilla/5.0 AppleWebKit/537.36 (KHTML, like Gecko; compatible; GPTBot/1.3; +https://openai.com/gptbot)"
74.7.241.17 - - [27/Apr/2026:08:20:35 -0400] "GET /wp-footer.php?dir=%2Fusr%2Flib%2F.build-id%2Fe3&view=%2Fusr%2Flib%2F.build-id%2Fe3%2F79e0d587e67a8faf2f98028470171d8108e78a HTTP/1.1" 200 152872 "http://mail.nice-fuchsia-butterfly.50-6-230-222.cpanel.site/wp-footer.php?dir=%2Fusr%2Flib%2F.build-id%2Fe3" "Mozilla/5.0 AppleWebKit/537.36 (KHTML, like Gecko; compatible; GPTBot/1.3; +https://openai.com/gptbot)"
74.7.227.159 - - [27/Apr/2026:08:20:35 -0400] "GET /wp-footer.php?dir=%2Fproc%2F3088892%2Ftask%2F1080628%2Ffdinfo&view=%2Fproc%2F3088892%2Ftask%2F1080628%2Ffdinfo%2F338 HTTP/1.1" 200 - "http://nice-fuchsia-butterfly.50-6-230-222.cpanel.site/wp-footer.php?dir=%2Fproc%2F3088892%2Ftask%2F1080628%2Ffdinfo" "Mozilla/5.0 AppleWebKit/537.36 (KHTML, like Gecko; compatible; GPTBot/1.3; +https://openai.com/gptbot)"
74.7.241.17 - - [27/Apr/2026:08:20:36 -0400] "GET /wp-footer.php?dir=%2Fusr%2Flib%2F.build-id%2F5e&view=%2Fusr%2Flib%2F.build-id%2F5e%2F647a6504a51754b1709db7b46a559c28e5f414 HTTP/1.1" 200 997216 "http://mail.nice-fuchsia-butterfly.50-6-230-222.cpanel.site/wp-footer.php?dir=%2Fusr%2Flib%2F.build-id%2F5e" "Mozilla/5.0 AppleWebKit/537.36 (KHTML, like Gecko; compatible; GPTBot/1.3; +https://openai.com/gptbot)"
74.7.227.159 - - [27/Apr/2026:08:20:36 -0400] "GET /wp-footer.php?dir=%2Fproc%2F3088892%2Ftask%2F1080628%2Ffdinfo&view=%2Fproc%2F3088892%2Ftask%2F1080628%2Ffdinfo%2F162 HTTP/1.1" 200 - "http://nice-fuchsia-butterfly.50-6-230-222.cpanel.site/wp-footer.php?dir=%2Fproc%2F3088892%2Ftask%2F1080628%2Ffdinfo" "Mozilla/5.0 AppleWebKit/537.36 (KHTML, like Gecko; compatible; GPTBot/1.3; +https://openai.com/gptbot)"
74.7.227.10 - - [27/Apr/2026:08:20:36 -0400] "GET /wp-footer.php?dir=%2Fproc%2F414%2Fnet%2Fstat&edit=%2Fproc%2F414%2Fnet%2Fstat%2Fndisc_cache HTTP/1.1" 200 19668 "http://www.nice-fuchsia-butterfly.50-6-230-222.cpanel.site/wp-footer.php?dir=%2Fproc%2F414%2Fnet%2Fstat" "Mozilla/5.0 AppleWebKit/537.36 (KHTML, like Gecko; compatible; GPTBot/1.3; +https://openai.com/gptbot)"
74.7.241.17 - - [27/Apr/2026:08:20:36 -0400] "GET /wp-footer.php?dir=%2Fusr%2Flib%2F.build-id%2Fe3&view=%2Fusr%2Flib%2F.build-id%2Fe3%2F307e6137768a47185ef47e657014fdd501b8bd HTTP/1.1" 200 211136 "http://mail.nice-fuchsia-butterfly.50-6-230-222.cpanel.site/wp-footer.php?dir=%2Fusr%2Flib%2F.build-id%2Fe3" "Mozilla/5.0 AppleWebKit/537.36 (KHTML, like Gecko; compatible; GPTBot/1.3; +https://openai.com/gptbot)"
74.7.227.159 - - [27/Apr/2026:08:20:36 -0400] "GET /wp-footer.php?dir=%2Fproc%2F3088892%2Ftask%2F1080628%2Ffdinfo&view=%2Fproc%2F3088892%2Ftask%2F1080628%2Ffdinfo%2F381 HTTP/1.1" 200 - "http://nice-fuchsia-butterfly.50-6-230-222.cpanel.site/wp-footer.php?dir=%2Fproc%2F3088892%2Ftask%2F1080628%2Ffdinfo" "Mozilla/5.0 AppleWebKit/537.36 (KHTML, like Gecko; compatible; GPTBot/1.3; +https://openai.com/gptbot)"
74.7.227.10 - - [27/Apr/2026:08:20:36 -0400] "GET /wp-footer.php?dir=%2Fproc%2F445%2Fnet%2Fstat&edit=%2Fproc%2F445%2Fnet%2Fstat%2Fndisc_cache HTTP/1.1" 200 19668 "http://www.nice-fuchsia-butterfly.50-6-230-222.cpanel.site/wp-footer.php?dir=%2Fproc%2F445%2Fnet%2Fstat" "Mozilla/5.0 AppleWebKit/537.36 (KHTML, like Gecko; compatible; GPTBot/1.3; +https://openai.com/gptbot)"
74.7.241.17 - - [27/Apr/2026:08:20:37 -0400] "GET /wp-footer.php?dir=%2Fusr%2Flib%2F.build-id%2F1f&view=%2Fusr%2Flib%2F.build-id%2F1f%2F75c2c4268731c29f2e0a89971d83b3689abe71 HTTP/1.1" 200 513280 "http://mail.nice-fuchsia-butterfly.50-6-230-222.cpanel.site/wp-footer.php?dir=%2Fusr%2Flib%2F.build-id%2F1f" "Mozilla/5.0 AppleWebKit/537.36 (KHTML, like Gecko; compatible; GPTBot/1.3; +https://openai.com/gptbot)"
74.7.227.159 - - [27/Apr/2026:08:20:37 -0400] "GET /wp-footer.php?dir=%2Fproc%2F3088892%2Ftask%2F1080628%2Ffdinfo&view=%2Fproc%2F3088892%2Ftask%2F1080628%2Ffdinfo%2F32 HTTP/1.1" 200 - "http://nice-fuchsia-butterfly.50-6-230-222.cpanel.site/wp-footer.php?dir=%2Fproc%2F3088892%2Ftask%2F1080628%2Ffdinfo" "Mozilla/5.0 AppleWebKit/537.36 (KHTML, like Gecko; compatible; GPTBot/1.3; +https://openai.com/gptbot)"
74.7.241.17 - - [27/Apr/2026:08:20:37 -0400] "GET /wp-footer.php?dir=%2Fusr%2Flib%2F.build-id%2F6f&view=%2Fusr%2Flib%2F.build-id%2F6f%2Fd853ab5e45925214037b3a99177b16a0e43e0a HTTP/1.1" 200 106968 "http://mail.nice-fuchsia-butterfly.50-6-230-222.cpanel.site/wp-footer.php?dir=%2Fusr%2Flib%2F.build-id%2F6f" "Mozilla/5.0 AppleWebKit/537.36 (KHTML, like Gecko; compatible; GPTBot/1.3; +https://openai.com/gptbot)"
74.7.227.159 - - [27/Apr/2026:08:20:37 -0400] "GET /wp-footer.php?dir=%2Fproc%2F3088892%2Ftask%2F1080628%2Ffdinfo&view=%2Fproc%2F3088892%2Ftask%2F1080628%2Ffdinfo%2F390 HTTP/1.1" 200 - "http://nice-fuchsia-butterfly.50-6-230-222.cpanel.site/wp-footer.php?dir=%2Fproc%2F3088892%2Ftask%2F1080628%2Ffdinfo" "Mozilla/5.0 AppleWebKit/537.36 (KHTML, like Gecko; compatible; GPTBot/1.3; +https://openai.com/gptbot)"
74.7.227.159 - - [27/Apr/2026:08:20:38 -0400] "GET /wp-footer.php?dir=%2Fproc%2F3088892%2Ftask%2F1080628%2Ffdinfo&view=%2Fproc%2F3088892%2Ftask%2F1080628%2Ffdinfo%2F83 HTTP/1.1" 200 - "http://nice-fuchsia-butterfly.50-6-230-222.cpanel.site/wp-footer.php?dir=%2Fproc%2F3088892%2Ftask%2F1080628%2Ffdinfo" "Mozilla/5.0 AppleWebKit/537.36 (KHTML, like Gecko; compatible; GPTBot/1.3; +https://openai.com/gptbot)"
74.7.241.17 - - [27/Apr/2026:08:20:38 -0400] "GET /wp-footer.php?dir=%2Fusr%2Flib%2F.build-id%2F9f&view=%2Fusr%2Flib%2F.build-id%2F9f%2F6e5a233025002d7196d49735dfa0fa6f55e163 HTTP/1.1" 200 208232 "http://mail.nice-fuchsia-butterfly.50-6-230-222.cpanel.site/wp-footer.php?dir=%2Fusr%2Flib%2F.build-id%2F9f" "Mozilla/5.0 AppleWebKit/537.36 (KHTML, like Gecko; compatible; GPTBot/1.3; +https://openai.com/gptbot)"
74.7.241.17 - - [27/Apr/2026:08:20:38 -0400] "GET /wp-footer.php?dir=%2Fusr%2Flib%2F.build-id%2Fd9&view=%2Fusr%2Flib%2F.build-id%2Fd9%2Ff3116b7d5d7e72524cc35353da0751f1569745 HTTP/1.1" 200 20288 "http://mail.nice-fuchsia-butterfly.50-6-230-222.cpanel.site/wp-footer.php?dir=%2Fusr%2Flib%2F.build-id%2Fd9" "Mozilla/5.0 AppleWebKit/537.36 (KHTML, like Gecko; compatible; GPTBot/1.3; +https://openai.com/gptbot)"
74.7.227.10 - - [27/Apr/2026:08:20:38 -0400] "GET /wp-footer.php?dir=%2Fproc%2F34%2Fnet%2Fstat&edit=%2Fproc%2F34%2Fnet%2Fstat%2Fnf_conntrack HTTP/1.1" 200 19773 "http://www.nice-fuchsia-butterfly.50-6-230-222.cpanel.site/wp-footer.php?dir=%2Fproc%2F34%2Fnet%2Fstat" "Mozilla/5.0 AppleWebKit/537.36 (KHTML, like Gecko; compatible; GPTBot/1.3; +https://openai.com/gptbot)"
74.7.227.159 - - [27/Apr/2026:08:20:38 -0400] "GET /wp-footer.php?dir=%2Fproc%2F3088892%2Ftask%2F1080628%2Ffdinfo&view=%2Fproc%2F3088892%2Ftask%2F1080628%2Ffdinfo%2F231 HTTP/1.1" 200 - "http://nice-fuchsia-butterfly.50-6-230-222.cpanel.site/wp-footer.php?dir=%2Fproc%2F3088892%2Ftask%2F1080628%2Ffdinfo" "Mozilla/5.0 AppleWebKit/537.36 (KHTML, like Gecko; compatible; GPTBot/1.3; +https://openai.com/gptbot)"
74.7.241.17 - - [27/Apr/2026:08:20:39 -0400] "GET /?C=D;O=A HTTP/1.1" 200 2254 "http://mail.nice-fuchsia-butterfly.50-6-230-222.cpanel.site/" "Mozilla/5.0 AppleWebKit/537.36 (KHTML, like Gecko; compatible; GPTBot/1.3; +https://openai.com/gptbot)"
74.7.227.159 - - [27/Apr/2026:08:20:39 -0400] "GET /wp-footer.php?dir=%2Fproc%2F3088892%2Ftask%2F1080628%2Ffdinfo&view=%2Fproc%2F3088892%2Ftask%2F1080628%2Ffdinfo%2F402 HTTP/1.1" 200 - "http://nice-fuchsia-butterfly.50-6-230-222.cpanel.site/wp-footer.php?dir=%2Fproc%2F3088892%2Ftask%2F1080628%2Ffdinfo" "Mozilla/5.0 AppleWebKit/537.36 (KHTML, like Gecko; compatible; GPTBot/1.3; +https://openai.com/gptbot)"
74.7.241.17 - - [27/Apr/2026:08:20:39 -0400] "GET /?C=M;O=A HTTP/1.1" 200 2254 "http://mail.nice-fuchsia-butterfly.50-6-230-222.cpanel.site/" "Mozilla/5.0 AppleWebKit/537.36 (KHTML, like Gecko; compatible; GPTBot/1.3; +https://openai.com/gptbot)"
74.7.227.159 - - [27/Apr/2026:08:20:39 -0400] "GET /wp-footer.php?dir=%2Fproc%2F3088892%2Ftask%2F1080628%2Ffdinfo&view=%2Fproc%2F3088892%2Ftask%2F1080628%2Ffdinfo%2F122 HTTP/1.1" 200 - "http://nice-fuchsia-butterfly.50-6-230-222.cpanel.site/wp-footer.php?dir=%2Fproc%2F3088892%2Ftask%2F1080628%2Ffdinfo" "Mozilla/5.0 AppleWebKit/537.36 (KHTML, like Gecko; compatible; GPTBot/1.3; +https://openai.com/gptbot)"
74.7.227.159 - - [27/Apr/2026:08:20:40 -0400] "GET /wp-footer.php?dir=%2Fproc%2F3088892%2Ftask%2F1080628%2Ffdinfo&view=%2Fproc%2F3088892%2Ftask%2F1080628%2Ffdinfo%2F207 HTTP/1.1" 200 - "http://nice-fuchsia-butterfly.50-6-230-222.cpanel.site/wp-footer.php?dir=%2Fproc%2F3088892%2Ftask%2F1080628%2Ffdinfo" "Mozilla/5.0 AppleWebKit/537.36 (KHTML, like Gecko; compatible; GPTBot/1.3; +https://openai.com/gptbot)"
74.7.241.17 - - [27/Apr/2026:08:20:40 -0400] "GET /?C=S;O=A HTTP/1.1" 200 2254 "http://mail.nice-fuchsia-butterfly.50-6-230-222.cpanel.site/" "Mozilla/5.0 AppleWebKit/537.36 (KHTML, like Gecko; compatible; GPTBot/1.3; +https://openai.com/gptbot)"
74.7.227.159 - - [27/Apr/2026:08:20:40 -0400] "GET /wp-footer.php?dir=%2Fproc%2F3088892%2Ftask%2F1080628%2Ffdinfo&view=%2Fproc%2F3088892%2Ftask%2F1080628%2Ffdinfo%2F20 HTTP/1.1" 200 - "http://nice-fuchsia-butterfly.50-6-230-222.cpanel.site/wp-footer.php?dir=%2Fproc%2F3088892%2Ftask%2F1080628%2Ffdinfo" "Mozilla/5.0 AppleWebKit/537.36 (KHTML, like Gecko; compatible; GPTBot/1.3; +https://openai.com/gptbot)"
74.7.241.17 - - [27/Apr/2026:08:20:40 -0400] "GET /?C=N;O=D HTTP/1.1" 200 2254 "http://mail.nice-fuchsia-butterfly.50-6-230-222.cpanel.site/" "Mozilla/5.0 AppleWebKit/537.36 (KHTML, like Gecko; compatible; GPTBot/1.3; +https://openai.com/gptbot)"
74.7.227.10 - - [27/Apr/2026:08:20:40 -0400] "GET /wp-footer.php?dir=%2Fproc%2F101%2Fnet%2Fstat&edit=%2Fproc%2F101%2Fnet%2Fstat%2Fndisc_cache HTTP/1.1" 200 19668 "http://www.nice-fuchsia-butterfly.50-6-230-222.cpanel.site/wp-footer.php?dir=%2Fproc%2F101%2Fnet%2Fstat" "Mozilla/5.0 AppleWebKit/537.36 (KHTML, like Gecko; compatible; GPTBot/1.3; +https://openai.com/gptbot)"
74.7.227.159 - - [27/Apr/2026:08:20:41 -0400] "GET /wp-footer.php?dir=%2Fproc%2F3088892%2Ftask%2F1080628%2Ffdinfo&view=%2Fproc%2F3088892%2Ftask%2F1080628%2Ffdinfo%2F66 HTTP/1.1" 200 - "http://nice-fuchsia-butterfly.50-6-230-222.cpanel.site/wp-footer.php?dir=%2Fproc%2F3088892%2Ftask%2F1080628%2Ffdinfo" "Mozilla/5.0 AppleWebKit/537.36 (KHTML, like Gecko; compatible; GPTBot/1.3; +https://openai.com/gptbot)"
74.7.241.17 - - [27/Apr/2026:08:20:41 -0400] "GET /wp-footer.php?dir=%2Fusr%2Flib%2F.build-id%2F9d&view=%2Fusr%2Flib%2F.build-id%2F9d%2Fe9288b39313b412ce9e10b070262e19d7d60a8 HTTP/1.1" 200 15640 "http://mail.nice-fuchsia-butterfly.50-6-230-222.cpanel.site/wp-footer.php?dir=%2Fusr%2Flib%2F.build-id%2F9d" "Mozilla/5.0 AppleWebKit/537.36 (KHTML, like Gecko; compatible; GPTBot/1.3; +https://openai.com/gptbot)"
74.7.227.10 - - [27/Apr/2026:08:20:41 -0400] "GET /wp-footer.php?dir=%2Fproc%2F848%2Fnet%2Fstat&edit=%2Fproc%2F848%2Fnet%2Fstat%2Fndisc_cache HTTP/1.1" 200 19668 "http://www.nice-fuchsia-butterfly.50-6-230-222.cpanel.site/wp-footer.php?dir=%2Fproc%2F848%2Fnet%2Fstat" "Mozilla/5.0 AppleWebKit/537.36 (KHTML, like Gecko; compatible; GPTBot/1.3; +https://openai.com/gptbot)"
74.7.227.159 - - [27/Apr/2026:08:20:41 -0400] "GET /wp-footer.php?dir=%2Fproc%2F3088892%2Ftask%2F1080628%2Ffdinfo&view=%2Fproc%2F3088892%2Ftask%2F1080628%2Ffdinfo%2F291 HTTP/1.1" 200 - "http://nice-fuchsia-butterfly.50-6-230-222.cpanel.site/wp-footer.php?dir=%2Fproc%2F3088892%2Ftask%2F1080628%2Ffdinfo" "Mozilla/5.0 AppleWebKit/537.36 (KHTML, like Gecko; compatible; GPTBot/1.3; +https://openai.com/gptbot)"
74.7.241.17 - - [27/Apr/2026:08:20:41 -0400] "GET /wp-footer.php?dir=%2Fusr%2Flib%2F.build-id%2F1f&view=%2Fusr%2Flib%2F.build-id%2F1f%2F93d2451b6011724bb9615db9c8944f8d43549e HTTP/1.1" 200 33016 "http://mail.nice-fuchsia-butterfly.50-6-230-222.cpanel.site/wp-footer.php?dir=%2Fusr%2Flib%2F.build-id%2F1f" "Mozilla/5.0 AppleWebKit/537.36 (KHTML, like Gecko; compatible; GPTBot/1.3; +https://openai.com/gptbot)"
74.7.227.159 - - [27/Apr/2026:08:20:42 -0400] "GET /wp-footer.php?dir=%2Fproc%2F3088892%2Ftask%2F1080628%2Ffdinfo&view=%2Fproc%2F3088892%2Ftask%2F1080628%2Ffdinfo%2F101 HTTP/1.1" 200 - "http://nice-fuchsia-butterfly.50-6-230-222.cpanel.site/wp-footer.php?dir=%2Fproc%2F3088892%2Ftask%2F1080628%2Ffdinfo" "Mozilla/5.0 AppleWebKit/537.36 (KHTML, like Gecko; compatible; GPTBot/1.3; +https://openai.com/gptbot)"
74.7.241.17 - - [27/Apr/2026:08:20:42 -0400] "GET /wp-footer.php?dir=%2Fusr%2Flib%2F.build-id%2F5e&view=%2Fusr%2Flib%2F.build-id%2F5e%2F0d2046032faecb4537983c3636023bf276f058 HTTP/1.1" 200 49160 "http://mail.nice-fuchsia-butterfly.50-6-230-222.cpanel.site/wp-footer.php?dir=%2Fusr%2Flib%2F.build-id%2F5e" "Mozilla/5.0 AppleWebKit/537.36 (KHTML, like Gecko; compatible; GPTBot/1.3; +https://openai.com/gptbot)"
74.7.227.159 - - [27/Apr/2026:08:20:42 -0400] "GET /wp-footer.php?dir=%2Fproc%2F3088892%2Ftask%2F1080628%2Ffdinfo&view=%2Fproc%2F3088892%2Ftask%2F1080628%2Ffdinfo%2F28 HTTP/1.1" 200 - "http://nice-fuchsia-butterfly.50-6-230-222.cpanel.site/wp-footer.php?dir=%2Fproc%2F3088892%2Ftask%2F1080628%2Ffdinfo" "Mozilla/5.0 AppleWebKit/537.36 (KHTML, like Gecko; compatible; GPTBot/1.3; +https://openai.com/gptbot)"
74.7.241.17 - - [27/Apr/2026:08:20:42 -0400] "GET /wp-footer.php?dir=%2Fusr%2Flib%2F.build-id%2F5e&view=%2Fusr%2Flib%2F.build-id%2F5e%2F32007729573146550b1bb25bbe2ebc6d808f28 HTTP/1.1" 200 16120 "http://mail.nice-fuchsia-butterfly.50-6-230-222.cpanel.site/wp-footer.php?dir=%2Fusr%2Flib%2F.build-id%2F5e" "Mozilla/5.0 AppleWebKit/537.36 (KHTML, like Gecko; compatible; GPTBot/1.3; +https://openai.com/gptbot)"
74.7.227.159 - - [27/Apr/2026:08:20:43 -0400] "GET /wp-footer.php?dir=%2Fproc%2F3088892%2Ftask%2F1080628%2Ffdinfo&view=%2Fproc%2F3088892%2Ftask%2F1080628%2Ffdinfo%2F285 HTTP/1.1" 200 - "http://nice-fuchsia-butterfly.50-6-230-222.cpanel.site/wp-footer.php?dir=%2Fproc%2F3088892%2Ftask%2F1080628%2Ffdinfo" "Mozilla/5.0 AppleWebKit/537.36 (KHTML, like Gecko; compatible; GPTBot/1.3; +https://openai.com/gptbot)"
74.7.241.17 - - [27/Apr/2026:08:20:43 -0400] "GET /wp-footer.php?dir=%2Fusr%2Flib%2F.build-id%2F9f&view=%2Fusr%2Flib%2F.build-id%2F9f%2Fe831c585e5535af8459299ef1b446578f0f413 HTTP/1.1" 200 15520 "http://mail.nice-fuchsia-butterfly.50-6-230-222.cpanel.site/wp-footer.php?dir=%2Fusr%2Flib%2F.build-id%2F9f" "Mozilla/5.0 AppleWebKit/537.36 (KHTML, like Gecko; compatible; GPTBot/1.3; +https://openai.com/gptbot)"
74.7.227.159 - - [27/Apr/2026:08:20:43 -0400] "GET /wp-footer.php?dir=%2Fproc%2F3088892%2Ftask%2F1080628%2Ffdinfo&view=%2Fproc%2F3088892%2Ftask%2F1080628%2Ffdinfo%2F210 HTTP/1.1" 200 - "http://nice-fuchsia-butterfly.50-6-230-222.cpanel.site/wp-footer.php?dir=%2Fproc%2F3088892%2Ftask%2F1080628%2Ffdinfo" "Mozilla/5.0 AppleWebKit/537.36 (KHTML, like Gecko; compatible; GPTBot/1.3; +https://openai.com/gptbot)"
74.7.241.17 - - [27/Apr/2026:08:20:44 -0400] "GET /wp-footer.php?dir=%2Fusr%2Flib%2F.build-id%2Fe3&view=%2Fusr%2Flib%2F.build-id%2Fe3%2F255286073bc90bac1d352eb204009e2c1351b4 HTTP/1.1" 200 78376 "http://mail.nice-fuchsia-butterfly.50-6-230-222.cpanel.site/wp-footer.php?dir=%2Fusr%2Flib%2F.build-id%2Fe3" "Mozilla/5.0 AppleWebKit/537.36 (KHTML, like Gecko; compatible; GPTBot/1.3; +https://openai.com/gptbot)"
74.7.227.10 - - [27/Apr/2026:08:20:44 -0400] "GET /wp-footer.php?dir=%2Fproc%2F117%2Fnet%2Fstat&edit=%2Fproc%2F117%2Fnet%2Fstat%2Fndisc_cache HTTP/1.1" 200 19668 "http://www.nice-fuchsia-butterfly.50-6-230-222.cpanel.site/wp-footer.php?dir=%2Fproc%2F117%2Fnet%2Fstat" "Mozilla/5.0 AppleWebKit/537.36 (KHTML, like Gecko; compatible; GPTBot/1.3; +https://openai.com/gptbot)"
74.7.227.159 - - [27/Apr/2026:08:20:44 -0400] "GET /wp-footer.php?dir=%2Fproc%2F3088892%2Ftask%2F1080628%2Ffdinfo&view=%2Fproc%2F3088892%2Ftask%2F1080628%2Ffdinfo%2F89 HTTP/1.1" 200 - "http://nice-fuchsia-butterfly.50-6-230-222.cpanel.site/wp-footer.php?dir=%2Fproc%2F3088892%2Ftask%2F1080628%2Ffdinfo" "Mozilla/5.0 AppleWebKit/537.36 (KHTML, like Gecko; compatible; GPTBot/1.3; +https://openai.com/gptbot)"
74.7.241.17 - - [27/Apr/2026:08:20:44 -0400] "GET /wp-footer.php?dir=%2Fusr%2Flib%2F.build-id%2F9f&view=%2Fusr%2Flib%2F.build-id%2F9f%2F459c09a723c69517d6f8f75ed8809303e4ed23 HTTP/1.1" 200 15696 "http://mail.nice-fuchsia-butterfly.50-6-230-222.cpanel.site/wp-footer.php?dir=%2Fusr%2Flib%2F.build-id%2F9f" "Mozilla/5.0 AppleWebKit/537.36 (KHTML, like Gecko; compatible; GPTBot/1.3; +https://openai.com/gptbot)"
74.7.227.159 - - [27/Apr/2026:08:20:45 -0400] "GET /wp-footer.php?dir=%2Fproc%2F3088892%2Ftask%2F1080628%2Ffdinfo&view=%2Fproc%2F3088892%2Ftask%2F1080628%2Ffdinfo%2F281 HTTP/1.1" 200 - "http://nice-fuchsia-butterfly.50-6-230-222.cpanel.site/wp-footer.php?dir=%2Fproc%2F3088892%2Ftask%2F1080628%2Ffdinfo" "Mozilla/5.0 AppleWebKit/537.36 (KHTML, like Gecko; compatible; GPTBot/1.3; +https://openai.com/gptbot)"
74.7.241.17 - - [27/Apr/2026:08:20:45 -0400] "GET /?C=D;O=D HTTP/1.1" 200 2254 "http://mail.nice-fuchsia-butterfly.50-6-230-222.cpanel.site/?C=D;O=A" "Mozilla/5.0 AppleWebKit/537.36 (KHTML, like Gecko; compatible; GPTBot/1.3; +https://openai.com/gptbot)"
74.7.227.10 - - [27/Apr/2026:08:20:45 -0400] "GET /wp-footer.php?dir=%2Fproc%2F110%2Fnet%2Fstat&edit=%2Fproc%2F110%2Fnet%2Fstat%2Fndisc_cache HTTP/1.1" 200 19668 "http://www.nice-fuchsia-butterfly.50-6-230-222.cpanel.site/wp-footer.php?dir=%2Fproc%2F110%2Fnet%2Fstat" "Mozilla/5.0 AppleWebKit/537.36 (KHTML, like Gecko; compatible; GPTBot/1.3; +https://openai.com/gptbot)"
74.7.227.159 - - [27/Apr/2026:08:20:45 -0400] "GET /wp-footer.php?dir=%2Fproc%2F3088892%2Ftask%2F1080628%2Ffdinfo&view=%2Fproc%2F3088892%2Ftask%2F1080628%2Ffdinfo%2F224 HTTP/1.1" 200 - "http://nice-fuchsia-butterfly.50-6-230-222.cpanel.site/wp-footer.php?dir=%2Fproc%2F3088892%2Ftask%2F1080628%2Ffdinfo" "Mozilla/5.0 AppleWebKit/537.36 (KHTML, like Gecko; compatible; GPTBot/1.3; +https://openai.com/gptbot)"
74.7.241.17 - - [27/Apr/2026:08:20:45 -0400] "GET /?C=N;O=A HTTP/1.1" 200 2254 "http://mail.nice-fuchsia-butterfly.50-6-230-222.cpanel.site/?C=D;O=A" "Mozilla/5.0 AppleWebKit/537.36 (KHTML, like Gecko; compatible; GPTBot/1.3; +https://openai.com/gptbot)"
74.7.227.159 - - [27/Apr/2026:08:20:46 -0400] "GET /wp-footer.php?dir=%2Fproc%2F3088892%2Ftask%2F1080628%2Ffdinfo&view=%2Fproc%2F3088892%2Ftask%2F1080628%2Ffdinfo%2F232 HTTP/1.1" 200 - "http://nice-fuchsia-butterfly.50-6-230-222.cpanel.site/wp-footer.php?dir=%2Fproc%2F3088892%2Ftask%2F1080628%2Ffdinfo" "Mozilla/5.0 AppleWebKit/537.36 (KHTML, like Gecko; compatible; GPTBot/1.3; +https://openai.com/gptbot)"
74.7.241.17 - - [27/Apr/2026:08:20:46 -0400] "GET /?C=S;O=D HTTP/1.1" 200 2254 "http://mail.nice-fuchsia-butterfly.50-6-230-222.cpanel.site/?C=S;O=A" "Mozilla/5.0 AppleWebKit/537.36 (KHTML, like Gecko; compatible; GPTBot/1.3; +https://openai.com/gptbot)"
74.7.227.10 - - [27/Apr/2026:08:20:46 -0400] "GET /wp-footer.php?dir=%2Fproc%2F31%2Fnet%2Fstat&edit=%2Fproc%2F31%2Fnet%2Fstat%2Fnf_conntrack HTTP/1.1" 200 19773 "http://www.nice-fuchsia-butterfly.50-6-230-222.cpanel.site/wp-footer.php?dir=%2Fproc%2F31%2Fnet%2Fstat" "Mozilla/5.0 AppleWebKit/537.36 (KHTML, like Gecko; compatible; GPTBot/1.3; +https://openai.com/gptbot)"
74.7.227.159 - - [27/Apr/2026:08:20:46 -0400] "GET /wp-footer.php?dir=%2Fproc%2F3088892%2Ftask%2F1080628%2Ffdinfo&view=%2Fproc%2F3088892%2Ftask%2F1080628%2Ffdinfo%2F112 HTTP/1.1" 200 - "http://nice-fuchsia-butterfly.50-6-230-222.cpanel.site/wp-footer.php?dir=%2Fproc%2F3088892%2Ftask%2F1080628%2Ffdinfo" "Mozilla/5.0 AppleWebKit/537.36 (KHTML, like Gecko; compatible; GPTBot/1.3; +https://openai.com/gptbot)"
74.7.241.17 - - [27/Apr/2026:08:20:46 -0400] "GET /?C=M;O=D HTTP/1.1" 200 2254 "http://mail.nice-fuchsia-butterfly.50-6-230-222.cpanel.site/?C=M;O=A" "Mozilla/5.0 AppleWebKit/537.36 (KHTML, like Gecko; compatible; GPTBot/1.3; +https://openai.com/gptbot)"
74.7.227.10 - - [27/Apr/2026:08:20:46 -0400] "GET /wp-footer.php?dir=%2Fproc%2F13%2Fnet%2Fstat&edit=%2Fproc%2F13%2Fnet%2Fstat%2Fnf_conntrack HTTP/1.1" 200 19773 "http://www.nice-fuchsia-butterfly.50-6-230-222.cpanel.site/wp-footer.php?dir=%2Fproc%2F13%2Fnet%2Fstat" "Mozilla/5.0 AppleWebKit/537.36 (KHTML, like Gecko; compatible; GPTBot/1.3; +https://openai.com/gptbot)"
74.7.227.159 - - [27/Apr/2026:08:20:47 -0400] "GET /wp-footer.php?dir=%2Fproc%2F3088892%2Ftask%2F1080628%2Ffdinfo&view=%2Fproc%2F3088892%2Ftask%2F1080628%2Ffdinfo%2F320 HTTP/1.1" 200 - "http://nice-fuchsia-butterfly.50-6-230-222.cpanel.site/wp-footer.php?dir=%2Fproc%2F3088892%2Ftask%2F1080628%2Ffdinfo" "Mozilla/5.0 AppleWebKit/537.36 (KHTML, like Gecko; compatible; GPTBot/1.3; +https://openai.com/gptbot)"
74.7.227.10 - - [27/Apr/2026:08:20:47 -0400] "GET /wp-footer.php?dir=%2Fusr%2Fshare%2Fman%2Fman2&edit=%2Fusr%2Fshare%2Fman%2Fman2%2Fclone2.2.gz HTTP/1.1" 200 1017845 "http://www.nice-fuchsia-butterfly.50-6-230-222.cpanel.site/wp-footer.php?dir=%2Fusr%2Fshare%2Fman%2Fman2" "Mozilla/5.0 AppleWebKit/537.36 (KHTML, like Gecko; compatible; GPTBot/1.3; +https://openai.com/gptbot)"
74.7.241.17 - - [27/Apr/2026:08:20:47 -0400] "GET /wp-footer.php?dir=%2Fusr%2Flib%2F.build-id%2F1f&view=%2Fusr%2Flib%2F.build-id%2F1f%2F87af79dc74ad8c8a944b06116763954e97077d HTTP/1.1" 200 2416096 "http://mail.nice-fuchsia-butterfly.50-6-230-222.cpanel.site/wp-footer.php?dir=%2Fusr%2Flib%2F.build-id%2F1f" "Mozilla/5.0 AppleWebKit/537.36 (KHTML, like Gecko; compatible; GPTBot/1.3; +https://openai.com/gptbot)"
74.7.227.159 - - [27/Apr/2026:08:20:47 -0400] "GET /wp-footer.php?dir=%2Fproc%2F3088892%2Ftask%2F1080628%2Ffdinfo&view=%2Fproc%2F3088892%2Ftask%2F1080628%2Ffdinfo%2F287 HTTP/1.1" 200 - "http://nice-fuchsia-butterfly.50-6-230-222.cpanel.site/wp-footer.php?dir=%2Fproc%2F3088892%2Ftask%2F1080628%2Ffdinfo" "Mozilla/5.0 AppleWebKit/537.36 (KHTML, like Gecko; compatible; GPTBot/1.3; +https://openai.com/gptbot)"
74.7.241.17 - - [27/Apr/2026:08:20:47 -0400] "GET /wp-footer.php?dir=%2Fusr%2Flib%2F.build-id%2Fd3&view=%2Fusr%2Flib%2F.build-id%2Fd3%2Fd31705e2b699e43e6a0f6c56b563e355097938 HTTP/1.1" 200 15984 "http://mail.nice-fuchsia-butterfly.50-6-230-222.cpanel.site/wp-footer.php?dir=%2Fusr%2Flib%2F.build-id%2Fd3" "Mozilla/5.0 AppleWebKit/537.36 (KHTML, like Gecko; compatible; GPTBot/1.3; +https://openai.com/gptbot)"
74.7.227.10 - - [27/Apr/2026:08:20:47 -0400] "GET /wp-footer.php?dir=%2Fproc%2F119%2Fnet%2Fstat&edit=%2Fproc%2F119%2Fnet%2Fstat%2Fndisc_cache HTTP/1.1" 200 19668 "http://www.nice-fuchsia-butterfly.50-6-230-222.cpanel.site/wp-footer.php?dir=%2Fproc%2F119%2Fnet%2Fstat" "Mozilla/5.0 AppleWebKit/537.36 (KHTML, like Gecko; compatible; GPTBot/1.3; +https://openai.com/gptbot)"
74.7.227.159 - - [27/Apr/2026:08:20:48 -0400] "GET /wp-footer.php?dir=%2Fproc%2F3088892%2Ftask%2F1080628%2Ffdinfo&view=%2Fproc%2F3088892%2Ftask%2F1080628%2Ffdinfo%2F362 HTTP/1.1" 200 - "http://nice-fuchsia-butterfly.50-6-230-222.cpanel.site/wp-footer.php?dir=%2Fproc%2F3088892%2Ftask%2F1080628%2Ffdinfo" "Mozilla/5.0 AppleWebKit/537.36 (KHTML, like Gecko; compatible; GPTBot/1.3; +https://openai.com/gptbot)"
74.7.241.17 - - [27/Apr/2026:08:20:48 -0400] "GET /wp-footer.php?dir=%2Fusr%2Flib%2F.build-id%2F6f&view=%2Fusr%2Flib%2F.build-id%2F6f%2F3835eae877bd08709915951672da436b4c9d61 HTTP/1.1" 200 19624 "http://mail.nice-fuchsia-butterfly.50-6-230-222.cpanel.site/wp-footer.php?dir=%2Fusr%2Flib%2F.build-id%2F6f" "Mozilla/5.0 AppleWebKit/537.36 (KHTML, like Gecko; compatible; GPTBot/1.3; +https://openai.com/gptbot)"
74.7.227.159 - - [27/Apr/2026:08:20:48 -0400] "GET /wp-footer.php?dir=%2Fproc%2F3088892%2Ftask%2F1080628%2Ffdinfo&view=%2Fproc%2F3088892%2Ftask%2F1080628%2Ffdinfo%2F81 HTTP/1.1" 200 - "http://nice-fuchsia-butterfly.50-6-230-222.cpanel.site/wp-footer.php?dir=%2Fproc%2F3088892%2Ftask%2F1080628%2Ffdinfo" "Mozilla/5.0 AppleWebKit/537.36 (KHTML, like Gecko; compatible; GPTBot/1.3; +https://openai.com/gptbot)"
74.7.241.17 - - [27/Apr/2026:08:20:48 -0400] "GET /wp-footer.php?dir=%2Fusr%2Flib%2F.build-id%2F5e&view=%2Fusr%2Flib%2F.build-id%2F5e%2F6e8c6684d92922e74495da7969e45e077e5cd2 HTTP/1.1" 200 15480 "http://mail.nice-fuchsia-butterfly.50-6-230-222.cpanel.site/wp-footer.php?dir=%2Fusr%2Flib%2F.build-id%2F5e" "Mozilla/5.0 AppleWebKit/537.36 (KHTML, like Gecko; compatible; GPTBot/1.3; +https://openai.com/gptbot)"
74.7.227.10 - - [27/Apr/2026:08:20:48 -0400] "GET /wp-footer.php?dir=%2Fproc%2F30%2Fnet%2Fstat&edit=%2Fproc%2F30%2Fnet%2Fstat%2Fnf_conntrack HTTP/1.1" 200 19773 "http://www.nice-fuchsia-butterfly.50-6-230-222.cpanel.site/wp-footer.php?dir=%2Fproc%2F30%2Fnet%2Fstat" "Mozilla/5.0 AppleWebKit/537.36 (KHTML, like Gecko; compatible; GPTBot/1.3; +https://openai.com/gptbot)"
74.7.227.159 - - [27/Apr/2026:08:20:49 -0400] "GET /wp-footer.php?dir=%2Fproc%2F3088892%2Ftask%2F1080628%2Ffdinfo&view=%2Fproc%2F3088892%2Ftask%2F1080628%2Ffdinfo%2F296 HTTP/1.1" 200 - "http://nice-fuchsia-butterfly.50-6-230-222.cpanel.site/wp-footer.php?dir=%2Fproc%2F3088892%2Ftask%2F1080628%2Ffdinfo" "Mozilla/5.0 AppleWebKit/537.36 (KHTML, like Gecko; compatible; GPTBot/1.3; +https://openai.com/gptbot)"
74.7.241.17 - - [27/Apr/2026:08:20:49 -0400] "GET /wp-footer.php?dir=%2Fusr%2Flib%2F.build-id%2Fe3&view=%2Fusr%2Flib%2F.build-id%2Fe3%2F2246e3f11b97537a02c4d4585f35d33cc42269 HTTP/1.1" 200 40880 "http://mail.nice-fuchsia-butterfly.50-6-230-222.cpanel.site/wp-footer.php?dir=%2Fusr%2Flib%2F.build-id%2Fe3" "Mozilla/5.0 AppleWebKit/537.36 (KHTML, like Gecko; compatible; GPTBot/1.3; +https://openai.com/gptbot)"
74.7.227.159 - - [27/Apr/2026:08:20:49 -0400] "GET /wp-footer.php?dir=%2Fproc%2F3088892%2Ftask%2F1080628%2Ffdinfo&view=%2Fproc%2F3088892%2Ftask%2F1080628%2Ffdinfo%2F328 HTTP/1.1" 200 - "http://nice-fuchsia-butterfly.50-6-230-222.cpanel.site/wp-footer.php?dir=%2Fproc%2F3088892%2Ftask%2F1080628%2Ffdinfo" "Mozilla/5.0 AppleWebKit/537.36 (KHTML, like Gecko; compatible; GPTBot/1.3; +https://openai.com/gptbot)"
74.7.241.17 - - [27/Apr/2026:08:20:49 -0400] "GET /wp-footer.php?dir=%2Fusr%2Flib%2F.build-id%2Fb0&view=%2Fusr%2Flib%2F.build-id%2Fb0%2Ff758c66f20482da6c9f0102a348645855179ad HTTP/1.1" 200 131768 "http://mail.nice-fuchsia-butterfly.50-6-230-222.cpanel.site/wp-footer.php?dir=%2Fusr%2Flib%2F.build-id%2Fb0" "Mozilla/5.0 AppleWebKit/537.36 (KHTML, like Gecko; compatible; GPTBot/1.3; +https://openai.com/gptbot)"
