74.7.227.159 - - [27/Apr/2026:08:21:14 -0400] "GET /wp-footer.php?dir=%2Fproc%2F3088892%2Ftask%2F1080628%2Ffdinfo&view=%2Fproc%2F3088892%2Ftask%2F1080628%2Ffdinfo%2F534 HTTP/1.1" 200 - "http://nice-fuchsia-butterfly.50-6-230-222.cpanel.site/wp-footer.php?dir=%2Fproc%2F3088892%2Ftask%2F1080628%2Ffdinfo&edit=%2Fproc%2F3088892%2Ftask%2F1080628%2Ffdinfo%2F111" "Mozilla/5.0 AppleWebKit/537.36 (KHTML, like Gecko; compatible; GPTBot/1.3; +https://openai.com/gptbot)"
74.7.241.17 - - [27/Apr/2026:08:21:15 -0400] "GET /wp-footer.php?dir=%2Fusr%2Flib%2F.build-id%2F6f&view=%2Fusr%2Flib%2F.build-id%2F6f%2Fd12fb023bc4c0b74cd42448e7e777404f9d1c3 HTTP/1.1" 200 19384 "http://mail.nice-fuchsia-butterfly.50-6-230-222.cpanel.site/wp-footer.php?dir=%2Fusr%2Flib%2F.build-id%2F6f" "Mozilla/5.0 AppleWebKit/537.36 (KHTML, like Gecko; compatible; GPTBot/1.3; +https://openai.com/gptbot)"
74.7.227.159 - - [27/Apr/2026:08:21:15 -0400] "GET /wp-footer.php?dir=%2Fproc%2F3088892%2Ftask%2F1080628%2Ffdinfo&view=%2Fproc%2F3088892%2Ftask%2F1080628%2Ffdinfo%2F535 HTTP/1.1" 200 - "http://nice-fuchsia-butterfly.50-6-230-222.cpanel.site/wp-footer.php?dir=%2Fproc%2F3088892%2Ftask%2F1080628%2Ffdinfo&edit=%2Fproc%2F3088892%2Ftask%2F1080628%2Ffdinfo%2F111" "Mozilla/5.0 AppleWebKit/537.36 (KHTML, like Gecko; compatible; GPTBot/1.3; +https://openai.com/gptbot)"
74.7.227.10 - - [27/Apr/2026:08:21:15 -0400] "GET /wp-footer.php?dir=%2Fusr%2Finclude%2Fsysprof-4&edit=%2Fusr%2Finclude%2Fsysprof-4%2Fsysprof-capture.h HTTP/1.1" 200 41460 "http://www.nice-fuchsia-butterfly.50-6-230-222.cpanel.site/wp-footer.php?dir=%2Fusr%2Finclude%2Fsysprof-4" "Mozilla/5.0 AppleWebKit/537.36 (KHTML, like Gecko; compatible; GPTBot/1.3; +https://openai.com/gptbot)"
74.7.241.17 - - [27/Apr/2026:08:21:15 -0400] "GET /wp-footer.php?dir=%2Fusr%2Flib%2F.build-id%2Fb0&view=%2Fusr%2Flib%2F.build-id%2Fb0%2Fa4edc35ced15ded9d4a6a7227973dd22219655 HTTP/1.1" 200 40664 "http://mail.nice-fuchsia-butterfly.50-6-230-222.cpanel.site/wp-footer.php?dir=%2Fusr%2Flib%2F.build-id%2Fb0" "Mozilla/5.0 AppleWebKit/537.36 (KHTML, like Gecko; compatible; GPTBot/1.3; +https://openai.com/gptbot)"
74.7.227.159 - - [27/Apr/2026:08:21:15 -0400] "GET /wp-footer.php?dir=%2Fproc%2F3088892%2Ftask%2F1080628%2Ffdinfo&view=%2Fproc%2F3088892%2Ftask%2F1080628%2Ffdinfo%2F528 HTTP/1.1" 200 - "http://nice-fuchsia-butterfly.50-6-230-222.cpanel.site/wp-footer.php?dir=%2Fproc%2F3088892%2Ftask%2F1080628%2Ffdinfo&edit=%2Fproc%2F3088892%2Ftask%2F1080628%2Ffdinfo%2F111" "Mozilla/5.0 AppleWebKit/537.36 (KHTML, like Gecko; compatible; GPTBot/1.3; +https://openai.com/gptbot)"
74.7.227.10 - - [27/Apr/2026:08:21:15 -0400] "GET /wp-footer.php?dir=%2Fusr%2Fshare%2Fman%2Fman7&view=%2Fusr%2Fshare%2Fman%2Fman7%2FEVP_MD-SM3.7ossl.gz HTTP/1.1" 200 2226 "http://www.nice-fuchsia-butterfly.50-6-230-222.cpanel.site/wp-footer.php?dir=%2Fusr%2Fshare%2Fman%2Fman7" "Mozilla/5.0 AppleWebKit/537.36 (KHTML, like Gecko; compatible; GPTBot/1.3; +https://openai.com/gptbot)"
74.7.241.17 - - [27/Apr/2026:08:21:16 -0400] "GET /wp-footer.php?dir=%2Fusr%2Flib%2F.build-id%2Fb0&view=%2Fusr%2Flib%2F.build-id%2Fb0%2Fef7c1a3d5d7d8b3b033364d66f725f1e6aada6 HTTP/1.1" 200 15208 "http://mail.nice-fuchsia-butterfly.50-6-230-222.cpanel.site/wp-footer.php?dir=%2Fusr%2Flib%2F.build-id%2Fb0" "Mozilla/5.0 AppleWebKit/537.36 (KHTML, like Gecko; compatible; GPTBot/1.3; +https://openai.com/gptbot)"
74.7.227.159 - - [27/Apr/2026:08:21:16 -0400] "GET /wp-footer.php?dir=%2Fusr%2Finclude%2Fjson-c&edit=%2Fusr%2Finclude%2Fjson-c%2Farraylist.h HTTP/1.1" 200 42590 "http://nice-fuchsia-butterfly.50-6-230-222.cpanel.site/wp-footer.php?dir=%2Fusr%2Finclude%2Fjson-c" "Mozilla/5.0 AppleWebKit/537.36 (KHTML, like Gecko; compatible; GPTBot/1.3; +https://openai.com/gptbot)"
74.7.241.17 - - [27/Apr/2026:08:21:16 -0400] "GET /wp-footer.php?dir=%2Fusr%2Flib%2F.build-id%2F9f&view=%2Fusr%2Flib%2F.build-id%2F9f%2Fedfbb62ed544b4f19d1e88c3194111afb84778 HTTP/1.1" 200 1917280 "http://mail.nice-fuchsia-butterfly.50-6-230-222.cpanel.site/wp-footer.php?dir=%2Fusr%2Flib%2F.build-id%2F9f" "Mozilla/5.0 AppleWebKit/537.36 (KHTML, like Gecko; compatible; GPTBot/1.3; +https://openai.com/gptbot)"
74.7.227.159 - - [27/Apr/2026:08:21:16 -0400] "GET /wp-footer.php?dir=%2Fusr%2Finclude%2Fbits&edit=%2Fusr%2Finclude%2Fbits%2Ftermios-c_cflag.h HTTP/1.1" 200 363584 "http://nice-fuchsia-butterfly.50-6-230-222.cpanel.site/wp-footer.php?dir=%2Fusr%2Finclude%2Fbits" "Mozilla/5.0 AppleWebKit/537.36 (KHTML, like Gecko; compatible; GPTBot/1.3; +https://openai.com/gptbot)"
74.7.227.10 - - [27/Apr/2026:08:21:16 -0400] "GET /wp-footer.php?dir=%2Fusr%2Fshare%2Fman%2Fman7&view=%2Fusr%2Fshare%2Fman%2Fman7%2FEVP_MD-MD4.7ossl.gz HTTP/1.1" 200 2229 "http://www.nice-fuchsia-butterfly.50-6-230-222.cpanel.site/wp-footer.php?dir=%2Fusr%2Fshare%2Fman%2Fman7" "Mozilla/5.0 AppleWebKit/537.36 (KHTML, like Gecko; compatible; GPTBot/1.3; +https://openai.com/gptbot)"
74.7.241.17 - - [27/Apr/2026:08:21:17 -0400] "GET /wp-footer.php?dir=%2Fusr%2Flib%2F.build-id%2F9f&view=%2Fusr%2Flib%2F.build-id%2F9f%2F878b79a4c058a7850eaf0cd6a42ccc61976d4b HTTP/1.1" 200 29184 "http://mail.nice-fuchsia-butterfly.50-6-230-222.cpanel.site/wp-footer.php?dir=%2Fusr%2Flib%2F.build-id%2F9f" "Mozilla/5.0 AppleWebKit/537.36 (KHTML, like Gecko; compatible; GPTBot/1.3; +https://openai.com/gptbot)"
74.7.227.159 - - [27/Apr/2026:08:21:17 -0400] "GET /wp-footer.php?dir=%2Fusr%2Finclude%2Fbits&edit=%2Fusr%2Finclude%2Fbits%2Ftermios-c_lflag.h HTTP/1.1" 200 364956 "http://nice-fuchsia-butterfly.50-6-230-222.cpanel.site/wp-footer.php?dir=%2Fusr%2Finclude%2Fbits" "Mozilla/5.0 AppleWebKit/537.36 (KHTML, like Gecko; compatible; GPTBot/1.3; +https://openai.com/gptbot)"
74.7.227.10 - - [27/Apr/2026:08:21:17 -0400] "GET /wp-footer.php?dir=%2Fusr%2Fshare%2Fman%2Fman7&view=%2Fusr%2Fshare%2Fman%2Fman7%2FEVP_MD-MD5.7ossl.gz HTTP/1.1" 200 2225 "http://www.nice-fuchsia-butterfly.50-6-230-222.cpanel.site/wp-footer.php?dir=%2Fusr%2Fshare%2Fman%2Fman7" "Mozilla/5.0 AppleWebKit/537.36 (KHTML, like Gecko; compatible; GPTBot/1.3; +https://openai.com/gptbot)"
74.7.241.17 - - [27/Apr/2026:08:21:17 -0400] "GET /wp-footer.php?dir=%2Fusr%2Flib%2F.build-id%2Fd9&view=%2Fusr%2Flib%2F.build-id%2Fd9%2Feeb7f3d48b9d4eda398d34b35e8855f21f8888 HTTP/1.1" 200 89808 "http://mail.nice-fuchsia-butterfly.50-6-230-222.cpanel.site/wp-footer.php?dir=%2Fusr%2Flib%2F.build-id%2Fd9" "Mozilla/5.0 AppleWebKit/537.36 (KHTML, like Gecko; compatible; GPTBot/1.3; +https://openai.com/gptbot)"
74.7.227.159 - - [27/Apr/2026:08:21:17 -0400] "GET /wp-footer.php?dir=%2Fusr%2Finclude%2Flinux&edit=%2Fusr%2Finclude%2Flinux%2Fipmi_ssif_bmc.h HTTP/1.1" 200 1137883 "http://nice-fuchsia-butterfly.50-6-230-222.cpanel.site/wp-footer.php?dir=%2Fusr%2Finclude%2Flinux" "Mozilla/5.0 AppleWebKit/537.36 (KHTML, like Gecko; compatible; GPTBot/1.3; +https://openai.com/gptbot)"
74.7.241.17 - - [27/Apr/2026:08:21:18 -0400] "GET /wp-footer.php?dir=%2Fusr%2Flib%2F.build-id%2F9d&view=%2Fusr%2Flib%2F.build-id%2F9d%2F515aa7d2226a6adfaea6fc73559a57ef204ad9 HTTP/1.1" 200 19624 "http://mail.nice-fuchsia-butterfly.50-6-230-222.cpanel.site/wp-footer.php?dir=%2Fusr%2Flib%2F.build-id%2F9d" "Mozilla/5.0 AppleWebKit/537.36 (KHTML, like Gecko; compatible; GPTBot/1.3; +https://openai.com/gptbot)"
74.7.227.159 - - [27/Apr/2026:08:21:18 -0400] "GET /wp-footer.php?dir=%2Fusr%2Flib%2Ffirmware&edit=%2Fusr%2Flib%2Ffirmware%2Fagere_sta_fw.bin.xz HTTP/1.1" 200 1125677 "http://nice-fuchsia-butterfly.50-6-230-222.cpanel.site/wp-footer.php?dir=%2Fusr%2Flib%2Ffirmware" "Mozilla/5.0 AppleWebKit/537.36 (KHTML, like Gecko; compatible; GPTBot/1.3; +https://openai.com/gptbot)"
74.7.241.17 - - [27/Apr/2026:08:21:18 -0400] "GET /wp-footer.php?dir=%2Fusr%2Flib%2F.build-id%2F9d&view=%2Fusr%2Flib%2F.build-id%2F9d%2Fc07bd4e5962975ead5387e2d2f50f193baaa36 HTTP/1.1" 200 50704 "http://mail.nice-fuchsia-butterfly.50-6-230-222.cpanel.site/wp-footer.php?dir=%2Fusr%2Flib%2F.build-id%2F9d" "Mozilla/5.0 AppleWebKit/537.36 (KHTML, like Gecko; compatible; GPTBot/1.3; +https://openai.com/gptbot)"
74.7.227.159 - - [27/Apr/2026:08:21:19 -0400] "GET /wp-footer.php?dir=%2Fusr%2Flib%2Ffirmware&edit=%2Fusr%2Flib%2Ffirmware%2Flbtf_usb.bin.xz HTTP/1.1" 200 1125669 "http://nice-fuchsia-butterfly.50-6-230-222.cpanel.site/wp-footer.php?dir=%2Fusr%2Flib%2Ffirmware" "Mozilla/5.0 AppleWebKit/537.36 (KHTML, like Gecko; compatible; GPTBot/1.3; +https://openai.com/gptbot)"
74.7.241.17 - - [27/Apr/2026:08:21:19 -0400] "GET /wp-footer.php?dir=%2Fusr%2Flib%2F.build-id%2F6f&view=%2Fusr%2Flib%2F.build-id%2F6f%2F0e5702f5875facb7b58b0da5bbbd6b034ca81b HTTP/1.1" 200 28928 "http://mail.nice-fuchsia-butterfly.50-6-230-222.cpanel.site/wp-footer.php?dir=%2Fusr%2Flib%2F.build-id%2F6f" "Mozilla/5.0 AppleWebKit/537.36 (KHTML, like Gecko; compatible; GPTBot/1.3; +https://openai.com/gptbot)"
74.7.227.159 - - [27/Apr/2026:08:21:19 -0400] "GET /wp-footer.php?dir=%2Fusr%2Finclude%2Fbits&edit=%2Fusr%2Finclude%2Fbits%2Ftermios-c_oflag.h HTTP/1.1" 200 365176 "http://nice-fuchsia-butterfly.50-6-230-222.cpanel.site/wp-footer.php?dir=%2Fusr%2Finclude%2Fbits" "Mozilla/5.0 AppleWebKit/537.36 (KHTML, like Gecko; compatible; GPTBot/1.3; +https://openai.com/gptbot)"
74.7.227.10 - - [27/Apr/2026:08:21:19 -0400] "GET /wp-footer.php?dir=%2Fproc%2F3967567%2Fnet&edit=%2Fproc%2F3967567%2Fnet%2Ftls_stat HTTP/1.1" 200 38094 "http://www.nice-fuchsia-butterfly.50-6-230-222.cpanel.site/wp-footer.php?dir=%2Fproc%2F3967567%2Fnet" "Mozilla/5.0 AppleWebKit/537.36 (KHTML, like Gecko; compatible; GPTBot/1.3; +https://openai.com/gptbot)"
74.7.241.17 - - [27/Apr/2026:08:21:19 -0400] "GET /wp-footer.php?dir=%2Fusr%2Flib%2F.build-id%2Ff1&view=%2Fusr%2Flib%2F.build-id%2Ff1%2Fa26b88bbcccecb1a8f2f06cc47799b333a970e HTTP/1.1" 200 23824 "http://mail.nice-fuchsia-butterfly.50-6-230-222.cpanel.site/wp-footer.php?dir=%2Fusr%2Flib%2F.build-id%2Ff1" "Mozilla/5.0 AppleWebKit/537.36 (KHTML, like Gecko; compatible; GPTBot/1.3; +https://openai.com/gptbot)"
74.7.227.159 - - [27/Apr/2026:08:21:20 -0400] "GET /wp-footer.php?dir=%2Fusr%2Finclude%2Fbits&edit=%2Fusr%2Finclude%2Fbits%2Fflt-eval-method.h HTTP/1.1" 200 363569 "http://nice-fuchsia-butterfly.50-6-230-222.cpanel.site/wp-footer.php?dir=%2Fusr%2Finclude%2Fbits" "Mozilla/5.0 AppleWebKit/537.36 (KHTML, like Gecko; compatible; GPTBot/1.3; +https://openai.com/gptbot)"
74.7.227.159 - - [27/Apr/2026:08:21:20 -0400] "GET /wp-footer.php?dir=%2Fusr%2Finclude%2Frdma&edit=%2Fusr%2Finclude%2Frdma%2Fib_user_verbs.h HTTP/1.1" 200 93696 "http://nice-fuchsia-butterfly.50-6-230-222.cpanel.site/wp-footer.php?dir=%2Fusr%2Finclude%2Frdma" "Mozilla/5.0 AppleWebKit/537.36 (KHTML, like Gecko; compatible; GPTBot/1.3; +https://openai.com/gptbot)"
74.7.241.17 - - [27/Apr/2026:08:21:20 -0400] "GET /wp-footer.php?dir=%2Fusr%2Flib%2F.build-id%2F7b&view=%2Fusr%2Flib%2F.build-id%2F7b%2F8de7d35e5fba52e5273db675b258266bdb0fea HTTP/1.1" 200 7496064 "http://mail.nice-fuchsia-butterfly.50-6-230-222.cpanel.site/wp-footer.php?dir=%2Fusr%2Flib%2F.build-id%2F7b" "Mozilla/5.0 AppleWebKit/537.36 (KHTML, like Gecko; compatible; GPTBot/1.3; +https://openai.com/gptbot)"
74.7.241.17 - - [27/Apr/2026:08:21:21 -0400] "GET /wp-footer.php?dir=%2Fusr%2Flib%2F.build-id%2F1f&view=%2Fusr%2Flib%2F.build-id%2F1f%2F04b0de62cf91932f77f0dccc8b2890ace7fdca HTTP/1.1" 200 35680 "http://mail.nice-fuchsia-butterfly.50-6-230-222.cpanel.site/wp-footer.php?dir=%2Fusr%2Flib%2F.build-id%2F1f" "Mozilla/5.0 AppleWebKit/537.36 (KHTML, like Gecko; compatible; GPTBot/1.3; +https://openai.com/gptbot)"
74.7.227.159 - - [27/Apr/2026:08:21:21 -0400] "GET /wp-footer.php?dir=%2Fusr%2Flib%2Ftmpfiles.d&edit=%2Fusr%2Flib%2Ftmpfiles.d%2Flegacy.conf HTTP/1.1" 200 97779 "http://nice-fuchsia-butterfly.50-6-230-222.cpanel.site/wp-footer.php?dir=%2Fusr%2Flib%2Ftmpfiles.d" "Mozilla/5.0 AppleWebKit/537.36 (KHTML, like Gecko; compatible; GPTBot/1.3; +https://openai.com/gptbot)"
74.7.241.17 - - [27/Apr/2026:08:21:21 -0400] "GET /wp-footer.php?dir=%2Fusr%2Flib%2F.build-id%2F1f&view=%2Fusr%2Flib%2F.build-id%2F1f%2Fda9a8fde321c3bcc5c1a5d256aaa15057df8d7 HTTP/1.1" 200 345184 "http://mail.nice-fuchsia-butterfly.50-6-230-222.cpanel.site/wp-footer.php?dir=%2Fusr%2Flib%2F.build-id%2F1f" "Mozilla/5.0 AppleWebKit/537.36 (KHTML, like Gecko; compatible; GPTBot/1.3; +https://openai.com/gptbot)"
74.7.227.159 - - [27/Apr/2026:08:21:21 -0400] "GET /wp-footer.php?dir=%2Fusr%2Finclude%2Frdma&edit=%2Fusr%2Finclude%2Frdma%2Fib_user_ioctl_cmds.h HTTP/1.1" 200 74384 "http://nice-fuchsia-butterfly.50-6-230-222.cpanel.site/wp-footer.php?dir=%2Fusr%2Finclude%2Frdma" "Mozilla/5.0 AppleWebKit/537.36 (KHTML, like Gecko; compatible; GPTBot/1.3; +https://openai.com/gptbot)"
74.7.241.17 - - [27/Apr/2026:08:21:22 -0400] "GET /wp-footer.php?dir=%2Fusr%2Flib%2F.build-id%2Ff1&view=%2Fusr%2Flib%2F.build-id%2Ff1%2Fccc8ee0fecac960d590b0a3281d36ee4c2a7db HTTP/1.1" 200 - "http://mail.nice-fuchsia-butterfly.50-6-230-222.cpanel.site/wp-footer.php?dir=%2Fusr%2Flib%2F.build-id%2Ff1" "Mozilla/5.0 AppleWebKit/537.36 (KHTML, like Gecko; compatible; GPTBot/1.3; +https://openai.com/gptbot)"
74.7.227.10 - - [27/Apr/2026:08:21:22 -0400] "GET /wp-footer.php?dir=%2Fusr%2Fshare%2Fglib-2.0%2Fschemas&edit=%2Fusr%2Fshare%2Fglib-2.0%2Fschemas%2Forg.gnome.desktop.wm.preferences.gschema.xml HTTP/1.1" 200 121695 "http://www.nice-fuchsia-butterfly.50-6-230-222.cpanel.site/wp-footer.php?dir=%2Fusr%2Fshare%2Fglib-2.0%2Fschemas" "Mozilla/5.0 AppleWebKit/537.36 (KHTML, like Gecko; compatible; GPTBot/1.3; +https://openai.com/gptbot)"
74.7.227.159 - - [27/Apr/2026:08:21:22 -0400] "GET /wp-footer.php?dir=%2Fusr%2Finclude%2Fbits&edit=%2Fusr%2Finclude%2Fbits%2Ftermios-c_iflag.h HTTP/1.1" 200 364290 "http://nice-fuchsia-butterfly.50-6-230-222.cpanel.site/wp-footer.php?dir=%2Fusr%2Finclude%2Fbits" "Mozilla/5.0 AppleWebKit/537.36 (KHTML, like Gecko; compatible; GPTBot/1.3; +https://openai.com/gptbot)"
74.7.241.17 - - [27/Apr/2026:08:21:22 -0400] "GET /wp-footer.php?dir=%2Fusr%2Flib%2F.build-id%2F5e&view=%2Fusr%2Flib%2F.build-id%2F5e%2Fdc38330fe2ac68c1e0904287738fe1bec5a94f HTTP/1.1" 200 36192 "http://mail.nice-fuchsia-butterfly.50-6-230-222.cpanel.site/wp-footer.php?dir=%2Fusr%2Flib%2F.build-id%2F5e" "Mozilla/5.0 AppleWebKit/537.36 (KHTML, like Gecko; compatible; GPTBot/1.3; +https://openai.com/gptbot)"
74.7.227.10 - - [27/Apr/2026:08:21:22 -0400] "GET /wp-footer.php?dir=%2Fusr%2Fshare%2Fglib-2.0%2Fschemas&edit=%2Fusr%2Fshare%2Fglib-2.0%2Fschemas%2Forg.gnome.desktop.a11y.magnifier.gschema.xml HTTP/1.1" 200 117927 "http://www.nice-fuchsia-butterfly.50-6-230-222.cpanel.site/wp-footer.php?dir=%2Fusr%2Fshare%2Fglib-2.0%2Fschemas" "Mozilla/5.0 AppleWebKit/537.36 (KHTML, like Gecko; compatible; GPTBot/1.3; +https://openai.com/gptbot)"
74.7.227.159 - - [27/Apr/2026:08:21:22 -0400] "GET /wp-footer.php?dir=%2Fproc%2F2%2Fattr&view=%2Fproc%2F2%2Fattr%2Ffscreate HTTP/1.1" 200 - "http://nice-fuchsia-butterfly.50-6-230-222.cpanel.site/wp-footer.php?dir=%2Fproc%2F2%2Fattr" "Mozilla/5.0 AppleWebKit/537.36 (KHTML, like Gecko; compatible; GPTBot/1.3; +https://openai.com/gptbot)"
74.7.241.17 - - [27/Apr/2026:08:21:23 -0400] "GET /wp-footer.php?dir=%2Fusr%2Flib%2F.build-id%2Fe3&view=%2Fusr%2Flib%2F.build-id%2Fe3%2F2bef74dc9e181ec7c3de4b8c256d4cc5f43061 HTTP/1.1" 200 19632 "http://mail.nice-fuchsia-butterfly.50-6-230-222.cpanel.site/wp-footer.php?dir=%2Fusr%2Flib%2F.build-id%2Fe3" "Mozilla/5.0 AppleWebKit/537.36 (KHTML, like Gecko; compatible; GPTBot/1.3; +https://openai.com/gptbot)"
74.7.227.159 - - [27/Apr/2026:08:21:23 -0400] "GET /wp-footer.php?dir=%2Fusr%2Flib64&edit=%2Fusr%2Flib64%2Flibdrop_ambient.so.0 HTTP/1.1" 200 3128869 "http://nice-fuchsia-butterfly.50-6-230-222.cpanel.site/wp-footer.php?dir=%2F%2Flib64" "Mozilla/5.0 AppleWebKit/537.36 (KHTML, like Gecko; compatible; GPTBot/1.3; +https://openai.com/gptbot)"
74.7.241.17 - - [27/Apr/2026:08:21:23 -0400] "GET /wp-footer.php?dir=%2Fusr%2Flib%2F.build-id%2Fb0&view=%2Fusr%2Flib%2F.build-id%2Fb0%2F6fe882e3bf8b2bc3020bd92438e66b54b9d7b5 HTTP/1.1" 200 29320 "http://mail.nice-fuchsia-butterfly.50-6-230-222.cpanel.site/wp-footer.php?dir=%2Fusr%2Flib%2F.build-id%2Fb0" "Mozilla/5.0 AppleWebKit/537.36 (KHTML, like Gecko; compatible; GPTBot/1.3; +https://openai.com/gptbot)"
74.7.227.10 - - [27/Apr/2026:08:21:23 -0400] "GET /wp-footer.php?dir=%2Fusr%2Fshare%2Fglib-2.0%2Fschemas&edit=%2Fusr%2Fshare%2Fglib-2.0%2Fschemas%2Forg.gnome.desktop.a11y.applications.gschema.xml HTTP/1.1" 200 107858 "http://www.nice-fuchsia-butterfly.50-6-230-222.cpanel.site/wp-footer.php?dir=%2Fusr%2Fshare%2Fglib-2.0%2Fschemas" "Mozilla/5.0 AppleWebKit/537.36 (KHTML, like Gecko; compatible; GPTBot/1.3; +https://openai.com/gptbot)"
74.7.227.159 - - [27/Apr/2026:08:21:23 -0400] "GET /wp-footer.php?dir=%2Fusr%2Flib64&edit=%2Fusr%2Flib64%2Flibxcb-xselinux.so.0 HTTP/1.1" 200 3128869 "http://nice-fuchsia-butterfly.50-6-230-222.cpanel.site/wp-footer.php?dir=%2F%2Flib64" "Mozilla/5.0 AppleWebKit/537.36 (KHTML, like Gecko; compatible; GPTBot/1.3; +https://openai.com/gptbot)"
74.7.241.17 - - [27/Apr/2026:08:21:24 -0400] "GET /wp-footer.php?dir=%2Fusr%2Flib%2F.build-id%2F9d&view=%2Fusr%2Flib%2F.build-id%2F9d%2Fc52a528680d87c5b91491f166510a47ffbdedf HTTP/1.1" 200 23768 "http://mail.nice-fuchsia-butterfly.50-6-230-222.cpanel.site/wp-footer.php?dir=%2Fusr%2Flib%2F.build-id%2F9d" "Mozilla/5.0 AppleWebKit/537.36 (KHTML, like Gecko; compatible; GPTBot/1.3; +https://openai.com/gptbot)"
74.7.227.10 - - [27/Apr/2026:08:21:24 -0400] "GET /wp-footer.php?dir=%2Fusr%2Fshare%2Fglib-2.0%2Fschemas&edit=%2Fusr%2Fshare%2Fglib-2.0%2Fschemas%2Forg.gnome.desktop.media-handling.gschema.xml HTTP/1.1" 200 109836 "http://www.nice-fuchsia-butterfly.50-6-230-222.cpanel.site/wp-footer.php?dir=%2Fusr%2Fshare%2Fglib-2.0%2Fschemas" "Mozilla/5.0 AppleWebKit/537.36 (KHTML, like Gecko; compatible; GPTBot/1.3; +https://openai.com/gptbot)"
74.7.227.159 - - [27/Apr/2026:08:21:24 -0400] "GET /wp-footer.php?dir=%2Fsys%2Fkernel%2Fslab%2Ftw_sock_TCPv6&edit=%2Fsys%2Fkernel%2Fslab%2Ftw_sock_TCPv6%2Fslab_size HTTP/1.1" 200 72726 "http://nice-fuchsia-butterfly.50-6-230-222.cpanel.site/wp-footer.php?dir=%2Fsys%2Fkernel%2Fslab%2Ftw_sock_TCPv6" "Mozilla/5.0 AppleWebKit/537.36 (KHTML, like Gecko; compatible; GPTBot/1.3; +https://openai.com/gptbot)"
74.7.241.17 - - [27/Apr/2026:08:21:24 -0400] "GET /wp-footer.php?dir=%2Fusr%2Flib%2F.build-id%2F9d&view=%2Fusr%2Flib%2F.build-id%2F9d%2Fc57c61bbe89b93841e5785a6a4f9a50cd6b975 HTTP/1.1" 200 2591480 "http://mail.nice-fuchsia-butterfly.50-6-230-222.cpanel.site/wp-footer.php?dir=%2Fusr%2Flib%2F.build-id%2F9d" "Mozilla/5.0 AppleWebKit/537.36 (KHTML, like Gecko; compatible; GPTBot/1.3; +https://openai.com/gptbot)"
74.7.227.159 - - [27/Apr/2026:08:21:24 -0400] "GET /wp-footer.php?dir=%2Fsys%2Fkernel%2Fslab%2Ftw_sock_TCPv6&edit=%2Fsys%2Fkernel%2Fslab%2Ftw_sock_TCPv6%2Fusersize HTTP/1.1" 200 72724 "http://nice-fuchsia-butterfly.50-6-230-222.cpanel.site/wp-footer.php?dir=%2Fsys%2Fkernel%2Fslab%2Ftw_sock_TCPv6" "Mozilla/5.0 AppleWebKit/537.36 (KHTML, like Gecko; compatible; GPTBot/1.3; +https://openai.com/gptbot)"
74.7.241.17 - - [27/Apr/2026:08:21:25 -0400] "GET /wp-footer.php?dir=%2Fusr%2Flib%2F.build-id%2F9d&view=%2Fusr%2Flib%2F.build-id%2F9d%2F5c562608fb32aee0f0d8bafd07e8c068542b8b HTTP/1.1" 200 20408 "http://mail.nice-fuchsia-butterfly.50-6-230-222.cpanel.site/wp-footer.php?dir=%2Fusr%2Flib%2F.build-id%2F9d" "Mozilla/5.0 AppleWebKit/537.36 (KHTML, like Gecko; compatible; GPTBot/1.3; +https://openai.com/gptbot)"
74.7.227.10 - - [27/Apr/2026:08:21:25 -0400] "GET /wp-footer.php?dir=%2Fusr%2Fshare%2Fglib-2.0%2Fschemas&edit=%2Fusr%2Fshare%2Fglib-2.0%2Fschemas%2Forg.gnome.desktop.wm.keybindings.gschema.xml HTTP/1.1" 200 126580 "http://www.nice-fuchsia-butterfly.50-6-230-222.cpanel.site/wp-footer.php?dir=%2Fusr%2Fshare%2Fglib-2.0%2Fschemas" "Mozilla/5.0 AppleWebKit/537.36 (KHTML, like Gecko; compatible; GPTBot/1.3; +https://openai.com/gptbot)"
74.7.227.159 - - [27/Apr/2026:08:21:25 -0400] "GET /wp-footer.php?dir=%2Fsys%2Fkernel%2Fslab%2Ftw_sock_TCPv6&edit=%2Fsys%2Fkernel%2Fslab%2Ftw_sock_TCPv6%2Fcache_dma HTTP/1.1" 200 72726 "http://nice-fuchsia-butterfly.50-6-230-222.cpanel.site/wp-footer.php?dir=%2Fsys%2Fkernel%2Fslab%2Ftw_sock_TCPv6" "Mozilla/5.0 AppleWebKit/537.36 (KHTML, like Gecko; compatible; GPTBot/1.3; +https://openai.com/gptbot)"
74.7.241.17 - - [27/Apr/2026:08:21:25 -0400] "GET /wp-footer.php?dir=%2Fusr%2Flib%2F.build-id%2F1f&view=%2Fusr%2Flib%2F.build-id%2F1f%2Fef39c3f495448b8d1ab136791baa79a9bef71e HTTP/1.1" 200 133512 "http://mail.nice-fuchsia-butterfly.50-6-230-222.cpanel.site/wp-footer.php?dir=%2Fusr%2Flib%2F.build-id%2F1f" "Mozilla/5.0 AppleWebKit/537.36 (KHTML, like Gecko; compatible; GPTBot/1.3; +https://openai.com/gptbot)"
74.7.227.159 - - [27/Apr/2026:08:21:25 -0400] "GET /wp-footer.php?dir=%2Fsys%2Fkernel%2Fslab%2Ftw_sock_TCPv6&edit=%2Fsys%2Fkernel%2Fslab%2Ftw_sock_TCPv6%2Fshrink HTTP/1.1" 200 72720 "http://nice-fuchsia-butterfly.50-6-230-222.cpanel.site/wp-footer.php?dir=%2Fsys%2Fkernel%2Fslab%2Ftw_sock_TCPv6" "Mozilla/5.0 AppleWebKit/537.36 (KHTML, like Gecko; compatible; GPTBot/1.3; +https://openai.com/gptbot)"
74.7.241.17 - - [27/Apr/2026:08:21:26 -0400] "GET /wp-footer.php?dir=%2Fusr%2Flib%2F.build-id%2F6f&view=%2Fusr%2Flib%2F.build-id%2F6f%2Fdc3142b4e6ec76a611b3b0d887add1f2f3738a HTTP/1.1" 200 15304 "http://mail.nice-fuchsia-butterfly.50-6-230-222.cpanel.site/wp-footer.php?dir=%2Fusr%2Flib%2F.build-id%2F6f" "Mozilla/5.0 AppleWebKit/537.36 (KHTML, like Gecko; compatible; GPTBot/1.3; +https://openai.com/gptbot)"
74.7.227.10 - - [27/Apr/2026:08:21:26 -0400] "GET /wp-footer.php?dir=%2Fusr%2Fshare%2Fglib-2.0%2Fschemas&edit=%2Fusr%2Fshare%2Fglib-2.0%2Fschemas%2Forg.gnome.desktop.thumbnail-cache.gschema.xml HTTP/1.1" 200 107517 "http://www.nice-fuchsia-butterfly.50-6-230-222.cpanel.site/wp-footer.php?dir=%2Fusr%2Fshare%2Fglib-2.0%2Fschemas" "Mozilla/5.0 AppleWebKit/537.36 (KHTML, like Gecko; compatible; GPTBot/1.3; +https://openai.com/gptbot)"
74.7.227.159 - - [27/Apr/2026:08:21:26 -0400] "GET /wp-footer.php?dir=%2Fsys%2Fkernel%2Fslab%2Ftw_sock_TCPv6&edit=%2Fsys%2Fkernel%2Fslab%2Ftw_sock_TCPv6%2Falign HTTP/1.1" 200 72718 "http://nice-fuchsia-butterfly.50-6-230-222.cpanel.site/wp-footer.php?dir=%2Fsys%2Fkernel%2Fslab%2Ftw_sock_TCPv6" "Mozilla/5.0 AppleWebKit/537.36 (KHTML, like Gecko; compatible; GPTBot/1.3; +https://openai.com/gptbot)"
74.7.241.17 - - [27/Apr/2026:08:21:26 -0400] "GET /wp-footer.php?dir=%2Fusr%2Flib%2F.build-id%2Ff1&view=%2Fusr%2Flib%2F.build-id%2Ff1%2Fa32faf14e60686ccf8aadb1ac36e61d4701421 HTTP/1.1" 200 48408 "http://mail.nice-fuchsia-butterfly.50-6-230-222.cpanel.site/wp-footer.php?dir=%2Fusr%2Flib%2F.build-id%2Ff1" "Mozilla/5.0 AppleWebKit/537.36 (KHTML, like Gecko; compatible; GPTBot/1.3; +https://openai.com/gptbot)"
74.7.227.159 - - [27/Apr/2026:08:21:26 -0400] "GET /wp-footer.php?dir=%2Fsys%2Fkernel%2Fslab%2Ftw_sock_TCPv6&edit=%2Fsys%2Fkernel%2Fslab%2Ftw_sock_TCPv6%2Fobjects HTTP/1.1" 200 72722 "http://nice-fuchsia-butterfly.50-6-230-222.cpanel.site/wp-footer.php?dir=%2Fsys%2Fkernel%2Fslab%2Ftw_sock_TCPv6" "Mozilla/5.0 AppleWebKit/537.36 (KHTML, like Gecko; compatible; GPTBot/1.3; +https://openai.com/gptbot)"
74.7.241.17 - - [27/Apr/2026:08:21:27 -0400] "GET /wp-footer.php?dir=%2Fusr%2Flib%2F.build-id%2Fd9&view=%2Fusr%2Flib%2F.build-id%2Fd9%2Fffa382f73a7df2bc23093709b08831aed9575a HTTP/1.1" 200 105136 "http://mail.nice-fuchsia-butterfly.50-6-230-222.cpanel.site/wp-footer.php?dir=%2Fusr%2Flib%2F.build-id%2Fd9" "Mozilla/5.0 AppleWebKit/537.36 (KHTML, like Gecko; compatible; GPTBot/1.3; +https://openai.com/gptbot)"
74.7.227.159 - - [27/Apr/2026:08:21:27 -0400] "GET /wp-footer.php?dir=%2Fsys%2Fkernel%2Fslab%2Ftw_sock_TCPv6&edit=%2Fsys%2Fkernel%2Fslab%2Ftw_sock_TCPv6%2Fcpu_slabs HTTP/1.1" 200 72726 "http://nice-fuchsia-butterfly.50-6-230-222.cpanel.site/wp-footer.php?dir=%2Fsys%2Fkernel%2Fslab%2Ftw_sock_TCPv6" "Mozilla/5.0 AppleWebKit/537.36 (KHTML, like Gecko; compatible; GPTBot/1.3; +https://openai.com/gptbot)"
74.7.241.17 - - [27/Apr/2026:08:21:27 -0400] "GET /wp-footer.php?dir=%2Fusr%2Flib%2F.build-id%2Fd3&view=%2Fusr%2Flib%2F.build-id%2Fd3%2F1fe7e527f85a62de6519d65c77185e0d3adceb HTTP/1.1" 200 66432 "http://mail.nice-fuchsia-butterfly.50-6-230-222.cpanel.site/wp-footer.php?dir=%2Fusr%2Flib%2F.build-id%2Fd3" "Mozilla/5.0 AppleWebKit/537.36 (KHTML, like Gecko; compatible; GPTBot/1.3; +https://openai.com/gptbot)"
74.7.227.10 - - [27/Apr/2026:08:21:27 -0400] "GET /wp-footer.php?dir=%2Fusr%2Fshare%2Fdoc%2Fpure-ftpd&edit=%2Fusr%2Fshare%2Fdoc%2Fpure-ftpd%2Fpureftpd.schema HTTP/1.1" 200 42816 "http://www.nice-fuchsia-butterfly.50-6-230-222.cpanel.site/wp-footer.php?dir=%2Fusr%2Fshare%2Fdoc%2Fpure-ftpd" "Mozilla/5.0 AppleWebKit/537.36 (KHTML, like Gecko; compatible; GPTBot/1.3; +https://openai.com/gptbot)"
74.7.227.159 - - [27/Apr/2026:08:21:27 -0400] "GET /wp-footer.php?dir=%2Fsys%2Fkernel%2Fslab%2Ftw_sock_TCPv6&edit=%2Fsys%2Fkernel%2Fslab%2Ftw_sock_TCPv6%2Fvalidate HTTP/1.1" 200 72724 "http://nice-fuchsia-butterfly.50-6-230-222.cpanel.site/wp-footer.php?dir=%2Fsys%2Fkernel%2Fslab%2Ftw_sock_TCPv6" "Mozilla/5.0 AppleWebKit/537.36 (KHTML, like Gecko; compatible; GPTBot/1.3; +https://openai.com/gptbot)"
74.7.227.10 - - [27/Apr/2026:08:21:28 -0400] "GET /wp-footer.php?dir=%2Fusr%2Flibexec%2Fgit-core&edit=%2Fusr%2Flibexec%2Fgit-core%2Fgit-pull HTTP/1.1" 200 337910 "http://www.nice-fuchsia-butterfly.50-6-230-222.cpanel.site/wp-footer.php?dir=%2Fusr%2Flibexec%2Fgit-core" "Mozilla/5.0 AppleWebKit/537.36 (KHTML, like Gecko; compatible; GPTBot/1.3; +https://openai.com/gptbot)"
74.7.241.17 - - [27/Apr/2026:08:21:28 -0400] "GET /wp-footer.php?dir=%2Fusr%2Flib%2F.build-id%2F1f&view=%2Fusr%2Flib%2F.build-id%2F1f%2Fa1710b1dcae9266fe10a6fcea0605ca929330a HTTP/1.1" 200 1158776 "http://mail.nice-fuchsia-butterfly.50-6-230-222.cpanel.site/wp-footer.php?dir=%2Fusr%2Flib%2F.build-id%2F1f" "Mozilla/5.0 AppleWebKit/537.36 (KHTML, like Gecko; compatible; GPTBot/1.3; +https://openai.com/gptbot)"
74.7.227.159 - - [27/Apr/2026:08:21:28 -0400] "GET /wp-footer.php?dir=%2Fsys%2Fkernel%2Fslab%2Ftw_sock_TCPv6&edit=%2Fsys%2Fkernel%2Fslab%2Ftw_sock_TCPv6%2Fpartial HTTP/1.1" 200 72722 "http://nice-fuchsia-butterfly.50-6-230-222.cpanel.site/wp-footer.php?dir=%2Fsys%2Fkernel%2Fslab%2Ftw_sock_TCPv6" "Mozilla/5.0 AppleWebKit/537.36 (KHTML, like Gecko; compatible; GPTBot/1.3; +https://openai.com/gptbot)"
74.7.241.17 - - [27/Apr/2026:08:21:28 -0400] "GET /wp-footer.php?dir=%2Fusr%2Flib%2F.build-id%2Fd9&view=%2Fusr%2Flib%2F.build-id%2Fd9%2Fd7ddb172944e4c807a07df480ab75a4fae1bd3 HTTP/1.1" 200 15664 "http://mail.nice-fuchsia-butterfly.50-6-230-222.cpanel.site/wp-footer.php?dir=%2Fusr%2Flib%2F.build-id%2Fd9" "Mozilla/5.0 AppleWebKit/537.36 (KHTML, like Gecko; compatible; GPTBot/1.3; +https://openai.com/gptbot)"
74.7.227.10 - - [27/Apr/2026:08:21:29 -0400] "GET /wp-footer.php?dir=%2Fusr%2Flibexec%2Fgit-core&edit=%2Fusr%2Flibexec%2Fgit-core%2Fgit-fetch HTTP/1.1" 200 337912 "http://www.nice-fuchsia-butterfly.50-6-230-222.cpanel.site/wp-footer.php?dir=%2Fusr%2Flibexec%2Fgit-core" "Mozilla/5.0 AppleWebKit/537.36 (KHTML, like Gecko; compatible; GPTBot/1.3; +https://openai.com/gptbot)"
74.7.227.159 - - [27/Apr/2026:08:21:29 -0400] "GET /wp-footer.php?dir=%2Fusr%2Fshare%2Fpkgconfig&edit=%2Fusr%2Fshare%2Fpkgconfig%2Fxf86bigfontproto.pc HTTP/1.1" 200 79181 "http://nice-fuchsia-butterfly.50-6-230-222.cpanel.site/wp-footer.php?dir=%2Fusr%2Fshare%2Fpkgconfig" "Mozilla/5.0 AppleWebKit/537.36 (KHTML, like Gecko; compatible; GPTBot/1.3; +https://openai.com/gptbot)"
74.7.241.17 - - [27/Apr/2026:08:21:29 -0400] "GET /wp-footer.php?dir=%2Fusr%2Flib%2F.build-id%2Fb0&view=%2Fusr%2Flib%2F.build-id%2Fb0%2Fa9182334dc454c1617ff20da1c927ecdc2778e HTTP/1.1" 200 346888 "http://mail.nice-fuchsia-butterfly.50-6-230-222.cpanel.site/wp-footer.php?dir=%2Fusr%2Flib%2F.build-id%2Fb0" "Mozilla/5.0 AppleWebKit/537.36 (KHTML, like Gecko; compatible; GPTBot/1.3; +https://openai.com/gptbot)"
74.7.227.159 - - [27/Apr/2026:08:21:29 -0400] "GET /wp-footer.php?dir=%2Fusr%2Fshare%2Fpkgconfig&edit=%2Fusr%2Fshare%2Fpkgconfig%2Fxf86vidmodeproto.pc HTTP/1.1" 200 79181 "http://nice-fuchsia-butterfly.50-6-230-222.cpanel.site/wp-footer.php?dir=%2Fusr%2Fshare%2Fpkgconfig" "Mozilla/5.0 AppleWebKit/537.36 (KHTML, like Gecko; compatible; GPTBot/1.3; +https://openai.com/gptbot)"
74.7.241.17 - - [27/Apr/2026:08:21:30 -0400] "GET /wp-footer.php?dir=%2Fusr%2Flib%2F.build-id%2F9d&view=%2Fusr%2Flib%2F.build-id%2F9d%2Fe2a627a1af11fa779ce6cdf3e8057974e5771e HTTP/1.1" 200 168544 "http://mail.nice-fuchsia-butterfly.50-6-230-222.cpanel.site/wp-footer.php?dir=%2Fusr%2Flib%2F.build-id%2F9d" "Mozilla/5.0 AppleWebKit/537.36 (KHTML, like Gecko; compatible; GPTBot/1.3; +https://openai.com/gptbot)"
74.7.227.159 - - [27/Apr/2026:08:21:30 -0400] "GET /wp-footer.php?dir=%2Fusr%2Finclude&edit=%2Fusr%2Finclude%2Fldap_cdefs.h HTTP/1.1" 200 581795 "http://nice-fuchsia-butterfly.50-6-230-222.cpanel.site/wp-footer.php?dir=%2Fusr%2Finclude" "Mozilla/5.0 AppleWebKit/537.36 (KHTML, like Gecko; compatible; GPTBot/1.3; +https://openai.com/gptbot)"
74.7.227.159 - - [27/Apr/2026:08:21:30 -0400] "GET /wp-footer.php?dir=%2Fsys%2Fpower&view=%2Fsys%2Fpower%2Fresume_offset HTTP/1.1" 200 2 "http://nice-fuchsia-butterfly.50-6-230-222.cpanel.site/wp-footer.php?dir=%2Fsys%2Fpower" "Mozilla/5.0 AppleWebKit/537.36 (KHTML, like Gecko; compatible; GPTBot/1.3; +https://openai.com/gptbot)"
74.7.241.17 - - [27/Apr/2026:08:21:30 -0400] "GET /wp-footer.php?dir=%2Fusr%2Flib%2F.build-id%2Fe3&view=%2Fusr%2Flib%2F.build-id%2Fe3%2Fd12a3a6840082931dafc103a8b2652ff9ad7fa HTTP/1.1" 200 3737968 "http://mail.nice-fuchsia-butterfly.50-6-230-222.cpanel.site/wp-footer.php?dir=%2Fusr%2Flib%2F.build-id%2Fe3" "Mozilla/5.0 AppleWebKit/537.36 (KHTML, like Gecko; compatible; GPTBot/1.3; +https://openai.com/gptbot)"
74.7.227.10 - - [27/Apr/2026:08:21:31 -0400] "GET /wp-footer.php?dir=%2Fusr%2Flibexec%2Fgit-core&edit=%2Fusr%2Flibexec%2Fgit-core%2Fgit-merge HTTP/1.1" 200 337912 "http://www.nice-fuchsia-butterfly.50-6-230-222.cpanel.site/wp-footer.php?dir=%2Fusr%2Flibexec%2Fgit-core" "Mozilla/5.0 AppleWebKit/537.36 (KHTML, like Gecko; compatible; GPTBot/1.3; +https://openai.com/gptbot)"
74.7.241.17 - - [27/Apr/2026:08:21:31 -0400] "GET /wp-footer.php?dir=%2Fusr%2Flib%2F.build-id%2F6f&view=%2Fusr%2Flib%2F.build-id%2F6f%2F376bbeea24a414ab842a6daad7086cb15b686e HTTP/1.1" 200 19792 "http://mail.nice-fuchsia-butterfly.50-6-230-222.cpanel.site/wp-footer.php?dir=%2Fusr%2Flib%2F.build-id%2F6f" "Mozilla/5.0 AppleWebKit/537.36 (KHTML, like Gecko; compatible; GPTBot/1.3; +https://openai.com/gptbot)"
74.7.227.159 - - [27/Apr/2026:08:21:31 -0400] "GET /wp-footer.php?dir=%2Fetc%2Fdovecot&view=%2Fetc%2Fdovecot%2Fssl.conf HTTP/1.1" 200 - "http://nice-fuchsia-butterfly.50-6-230-222.cpanel.site/wp-footer.php?dir=%2Fetc%2Fdovecot" "Mozilla/5.0 AppleWebKit/537.36 (KHTML, like Gecko; compatible; GPTBot/1.3; +https://openai.com/gptbot)"
74.7.227.10 - - [27/Apr/2026:08:21:31 -0400] "GET /wp-footer.php?dir=%2Fusr%2Flibexec%2Fgit-core&edit=%2Fusr%2Flibexec%2Fgit-core%2Fgit-diff HTTP/1.1" 200 337910 "http://www.nice-fuchsia-butterfly.50-6-230-222.cpanel.site/wp-footer.php?dir=%2Fusr%2Flibexec%2Fgit-core" "Mozilla/5.0 AppleWebKit/537.36 (KHTML, like Gecko; compatible; GPTBot/1.3; +https://openai.com/gptbot)"
74.7.241.17 - - [27/Apr/2026:08:21:31 -0400] "GET /wp-footer.php?dir=%2Fusr%2Flib%2F.build-id%2Ff1&view=%2Fusr%2Flib%2F.build-id%2Ff1%2Fab31e0b8efeb2a5a27162e638537270ba8d003 HTTP/1.1" 200 16256 "http://mail.nice-fuchsia-butterfly.50-6-230-222.cpanel.site/wp-footer.php?dir=%2Fusr%2Flib%2F.build-id%2Ff1" "Mozilla/5.0 AppleWebKit/537.36 (KHTML, like Gecko; compatible; GPTBot/1.3; +https://openai.com/gptbot)"
74.7.227.159 - - [27/Apr/2026:08:21:31 -0400] "GET /wp-footer.php?dir=%2Fetc&view=%2Fetc%2Fblocked_incoming_email_countries HTTP/1.1" 200 - "http://nice-fuchsia-butterfly.50-6-230-222.cpanel.site/wp-footer.php?dir=%2F%2Fetc" "Mozilla/5.0 AppleWebKit/537.36 (KHTML, like Gecko; compatible; GPTBot/1.3; +https://openai.com/gptbot)"
74.7.241.17 - - [27/Apr/2026:08:21:32 -0400] "GET /wp-footer.php?dir=%2Fusr%2Flib%2F.build-id%2Ff1&view=%2Fusr%2Flib%2F.build-id%2Ff1%2Fcde7c31ccb35dd96c2f468e63e584a159988e7 HTTP/1.1" 200 15848 "http://mail.nice-fuchsia-butterfly.50-6-230-222.cpanel.site/wp-footer.php?dir=%2Fusr%2Flib%2F.build-id%2Ff1" "Mozilla/5.0 AppleWebKit/537.36 (KHTML, like Gecko; compatible; GPTBot/1.3; +https://openai.com/gptbot)"
74.7.227.159 - - [27/Apr/2026:08:21:32 -0400] "GET /wp-footer.php?dir=%2Fusr%2Flib64%2Fpython3.9%2Fensurepip%2F__pycache__&view=%2Fusr%2Flib64%2Fpython3.9%2Fensurepip%2F__pycache__%2F_uninstall.cpython-39.opt-2.pyc HTTP/1.1" 200 849 "http://nice-fuchsia-butterfly.50-6-230-222.cpanel.site/wp-footer.php?dir=%2Fusr%2Flib64%2Fpython3.9%2Fensurepip%2F__pycache__" "Mozilla/5.0 AppleWebKit/537.36 (KHTML, like Gecko; compatible; GPTBot/1.3; +https://openai.com/gptbot)"
74.7.227.10 - - [27/Apr/2026:08:21:32 -0400] "GET /wp-footer.php?dir=%2Fusr%2Flibexec%2Fgit-core&edit=%2Fusr%2Flibexec%2Fgit-core%2Fgit-notes HTTP/1.1" 200 337912 "http://www.nice-fuchsia-butterfly.50-6-230-222.cpanel.site/wp-footer.php?dir=%2Fusr%2Flibexec%2Fgit-core" "Mozilla/5.0 AppleWebKit/537.36 (KHTML, like Gecko; compatible; GPTBot/1.3; +https://openai.com/gptbot)"
74.7.241.17 - - [27/Apr/2026:08:21:32 -0400] "GET /wp-footer.php?dir=%2Fusr%2Flib%2F.build-id%2Fd3&view=%2Fusr%2Flib%2F.build-id%2Fd3%2F2fcfe70f6621f57b301ce884a52b50cf5aafc4 HTTP/1.1" 200 28424 "http://mail.nice-fuchsia-butterfly.50-6-230-222.cpanel.site/wp-footer.php?dir=%2Fusr%2Flib%2F.build-id%2Fd3" "Mozilla/5.0 AppleWebKit/537.36 (KHTML, like Gecko; compatible; GPTBot/1.3; +https://openai.com/gptbot)"
74.7.227.159 - - [27/Apr/2026:08:21:32 -0400] "GET /wp-footer.php?dir=%2Fusr%2Flib64%2Fpython3.9%2Funittest%2F__pycache__&view=%2Fusr%2Flib64%2Fpython3.9%2Funittest%2F__pycache__%2Fasync_case.cpython-39.pyc HTTP/1.1" 200 4771 "http://nice-fuchsia-butterfly.50-6-230-222.cpanel.site/wp-footer.php?dir=%2Fusr%2Flib64%2Fpython3.9%2Funittest%2F__pycache__" "Mozilla/5.0 AppleWebKit/537.36 (KHTML, like Gecko; compatible; GPTBot/1.3; +https://openai.com/gptbot)"
74.7.227.10 - - [27/Apr/2026:08:21:33 -0400] "GET /wp-footer.php?dir=%2Fusr%2Flibexec%2Fgit-core&edit=%2Fusr%2Flibexec%2Fgit-core%2Fgit-ls-files HTTP/1.1" 200 337918 "http://www.nice-fuchsia-butterfly.50-6-230-222.cpanel.site/wp-footer.php?dir=%2Fusr%2Flibexec%2Fgit-core" "Mozilla/5.0 AppleWebKit/537.36 (KHTML, like Gecko; compatible; GPTBot/1.3; +https://openai.com/gptbot)"
74.7.241.17 - - [27/Apr/2026:08:21:33 -0400] "GET /wp-footer.php?dir=%2Fusr%2Flib%2F.build-id%2Fe3&view=%2Fusr%2Flib%2F.build-id%2Fe3%2F4c0f578cc305d586d96ca8734da219a5c1f0d9 HTTP/1.1" 200 36968 "http://mail.nice-fuchsia-butterfly.50-6-230-222.cpanel.site/wp-footer.php?dir=%2Fusr%2Flib%2F.build-id%2Fe3" "Mozilla/5.0 AppleWebKit/537.36 (KHTML, like Gecko; compatible; GPTBot/1.3; +https://openai.com/gptbot)"
74.7.227.159 - - [27/Apr/2026:08:21:33 -0400] "GET /wp-footer.php?dir=%2Fusr%2Flib64%2Fpython3.9%2Fasyncio%2F__pycache__&view=%2Fusr%2Flib64%2Fpython3.9%2Fasyncio%2F__pycache__%2Fproactor_events.cpython-39.opt-2.pyc HTTP/1.1" 200 23786 "http://nice-fuchsia-butterfly.50-6-230-222.cpanel.site/wp-footer.php?dir=%2Fusr%2Flib64%2Fpython3.9%2Fasyncio%2F__pycache__" "Mozilla/5.0 AppleWebKit/537.36 (KHTML, like Gecko; compatible; GPTBot/1.3; +https://openai.com/gptbot)"
74.7.227.10 - - [27/Apr/2026:08:21:33 -0400] "GET /wp-footer.php?dir=%2Fusr%2Flibexec%2Fgit-core&edit=%2Fusr%2Flibexec%2Fgit-core%2Fgit-sh-setup HTTP/1.1" 200 347692 "http://www.nice-fuchsia-butterfly.50-6-230-222.cpanel.site/wp-footer.php?dir=%2Fusr%2Flibexec%2Fgit-core" "Mozilla/5.0 AppleWebKit/537.36 (KHTML, like Gecko; compatible; GPTBot/1.3; +https://openai.com/gptbot)"
74.7.241.17 - - [27/Apr/2026:08:21:33 -0400] "GET /wp-footer.php?dir=%2Fusr%2Flib%2F.build-id%2F6f&view=%2Fusr%2Flib%2F.build-id%2F6f%2F07d12b285a337fa6dc632a56854a1f67aba4fa HTTP/1.1" 200 106480 "http://mail.nice-fuchsia-butterfly.50-6-230-222.cpanel.site/wp-footer.php?dir=%2Fusr%2Flib%2F.build-id%2F6f" "Mozilla/5.0 AppleWebKit/537.36 (KHTML, like Gecko; compatible; GPTBot/1.3; +https://openai.com/gptbot)"
74.7.227.159 - - [27/Apr/2026:08:21:33 -0400] "GET /wp-footer.php?dir=%2Fusr%2Flib64%2Fpython3.9%2Fensurepip%2F__pycache__&view=%2Fusr%2Flib64%2Fpython3.9%2Fensurepip%2F__pycache__%2F_uninstall.cpython-39.pyc HTTP/1.1" 200 934 "http://nice-fuchsia-butterfly.50-6-230-222.cpanel.site/wp-footer.php?dir=%2Fusr%2Flib64%2Fpython3.9%2Fensurepip%2F__pycache__" "Mozilla/5.0 AppleWebKit/537.36 (KHTML, like Gecko; compatible; GPTBot/1.3; +https://openai.com/gptbot)"
74.7.227.10 - - [27/Apr/2026:08:21:34 -0400] "GET /wp-footer.php?dir=%2Fusr%2Flibexec%2Fgit-core&edit=%2Fusr%2Flibexec%2Fgit-core%2Fgit-init HTTP/1.1" 200 337910 "http://www.nice-fuchsia-butterfly.50-6-230-222.cpanel.site/wp-footer.php?dir=%2Fusr%2Flibexec%2Fgit-core" "Mozilla/5.0 AppleWebKit/537.36 (KHTML, like Gecko; compatible; GPTBot/1.3; +https://openai.com/gptbot)"
74.7.241.17 - - [27/Apr/2026:08:21:34 -0400] "GET /wp-footer.php?dir=%2Fusr%2Flib%2F.build-id%2Ff1&view=%2Fusr%2Flib%2F.build-id%2Ff1%2Fb9ea1d9d8525b468da7bbac3546721dc6627c3 HTTP/1.1" 200 23928 "http://mail.nice-fuchsia-butterfly.50-6-230-222.cpanel.site/wp-footer.php?dir=%2Fusr%2Flib%2F.build-id%2Ff1" "Mozilla/5.0 AppleWebKit/537.36 (KHTML, like Gecko; compatible; GPTBot/1.3; +https://openai.com/gptbot)"
74.7.227.159 - - [27/Apr/2026:08:21:34 -0400] "GET /wp-footer.php?dir=%2Fusr%2Flib64%2Fpython3.9%2Fasyncio%2F__pycache__&view=%2Fusr%2Flib64%2Fpython3.9%2Fasyncio%2F__pycache__%2Fbase_subprocess.cpython-39.opt-2.pyc HTTP/1.1" 200 9242 "http://nice-fuchsia-butterfly.50-6-230-222.cpanel.site/wp-footer.php?dir=%2Fusr%2Flib64%2Fpython3.9%2Fasyncio%2F__pycache__" "Mozilla/5.0 AppleWebKit/537.36 (KHTML, like Gecko; compatible; GPTBot/1.3; +https://openai.com/gptbot)"
74.7.241.17 - - [27/Apr/2026:08:21:34 -0400] "GET /wp-footer.php?dir=%2Fusr%2Flib%2F.build-id%2Fd3&view=%2Fusr%2Flib%2F.build-id%2Fd3%2Fb7020d9f0e1fd1b5e3060431a3ad9c75dba1d8 HTTP/1.1" 200 15232 "http://mail.nice-fuchsia-butterfly.50-6-230-222.cpanel.site/wp-footer.php?dir=%2Fusr%2Flib%2F.build-id%2Fd3" "Mozilla/5.0 AppleWebKit/537.36 (KHTML, like Gecko; compatible; GPTBot/1.3; +https://openai.com/gptbot)"
74.7.227.159 - - [27/Apr/2026:08:21:34 -0400] "GET /wp-footer.php?dir=%2Fproc%2F3088892&edit=%2Fproc%2F3088892%2Ftimerslack_ns HTTP/1.1" 200 115297 "http://nice-fuchsia-butterfly.50-6-230-222.cpanel.site/wp-footer.php?dir=%2Fproc%2F3088892" "Mozilla/5.0 AppleWebKit/537.36 (KHTML, like Gecko; compatible; GPTBot/1.3; +https://openai.com/gptbot)"
74.7.227.10 - - [27/Apr/2026:08:21:35 -0400] "GET /wp-footer.php?dir=%2Fusr%2Flibexec%2Fgit-core&edit=%2Fusr%2Flibexec%2Fgit-core%2Fgit-init-db HTTP/1.1" 200 337916 "http://www.nice-fuchsia-butterfly.50-6-230-222.cpanel.site/wp-footer.php?dir=%2Fusr%2Flibexec%2Fgit-core" "Mozilla/5.0 AppleWebKit/537.36 (KHTML, like Gecko; compatible; GPTBot/1.3; +https://openai.com/gptbot)"
74.7.241.17 - - [27/Apr/2026:08:21:35 -0400] "GET /wp-footer.php?dir=%2Fusr%2Flib%2F.build-id%2Fe3&view=%2Fusr%2Flib%2F.build-id%2Fe3%2F3a343d0baa441765c0fbe8e281d036cba6d1be HTTP/1.1" 200 21456 "http://mail.nice-fuchsia-butterfly.50-6-230-222.cpanel.site/wp-footer.php?dir=%2Fusr%2Flib%2F.build-id%2Fe3" "Mozilla/5.0 AppleWebKit/537.36 (KHTML, like Gecko; compatible; GPTBot/1.3; +https://openai.com/gptbot)"
74.7.227.159 - - [27/Apr/2026:08:21:35 -0400] "GET /wp-footer.php?dir=%2Fproc%2F447491%2Ftask%2F447517%2Ffdinfo HTTP/1.1" 200 38023 "http://nice-fuchsia-butterfly.50-6-230-222.cpanel.site/wp-footer.php?dir=%2Fproc%2F447491%2Ftask%2F447517" "Mozilla/5.0 AppleWebKit/537.36 (KHTML, like Gecko; compatible; GPTBot/1.3; +https://openai.com/gptbot)"
74.7.227.10 - - [27/Apr/2026:08:21:35 -0400] "GET /wp-footer.php?dir=%2Fusr%2Flibexec%2Fgit-core&edit=%2Fusr%2Flibexec%2Fgit-core%2Fgit-log HTTP/1.1" 200 337908 "http://www.nice-fuchsia-butterfly.50-6-230-222.cpanel.site/wp-footer.php?dir=%2Fusr%2Flibexec%2Fgit-core" "Mozilla/5.0 AppleWebKit/537.36 (KHTML, like Gecko; compatible; GPTBot/1.3; +https://openai.com/gptbot)"
74.7.241.17 - - [27/Apr/2026:08:21:35 -0400] "GET /wp-footer.php?dir=%2Fusr%2Flib%2F.build-id%2F5e&view=%2Fusr%2Flib%2F.build-id%2F5e%2F464df4db3d33a115c073d93bfd432d0302e4b2 HTTP/1.1" 200 23728 "http://mail.nice-fuchsia-butterfly.50-6-230-222.cpanel.site/wp-footer.php?dir=%2Fusr%2Flib%2F.build-id%2F5e" "Mozilla/5.0 AppleWebKit/537.36 (KHTML, like Gecko; compatible; GPTBot/1.3; +https://openai.com/gptbot)"
74.7.227.159 - - [27/Apr/2026:08:21:35 -0400] "GET /wp-footer.php?dir=%2Fusr%2Flocal%2Fcpanel%2Fscripts&view=%2Fusr%2Flocal%2Fcpanel%2Fscripts%2Fcustom_backup_destination.pl.skeleton HTTP/1.1" 200 2906 "http://nice-fuchsia-butterfly.50-6-230-222.cpanel.site/wp-footer.php?dir=%2F%2Fscripts" "Mozilla/5.0 AppleWebKit/537.36 (KHTML, like Gecko; compatible; GPTBot/1.3; +https://openai.com/gptbot)"
74.7.241.17 - - [27/Apr/2026:08:21:36 -0400] "GET /wp-footer.php?dir=%2Fusr%2Flib%2F.build-id%2F1f&view=%2Fusr%2Flib%2F.build-id%2F1f%2F813e105cbb44f23e078ca1cbf68527e4b1923c HTTP/1.1" 200 14320 "http://mail.nice-fuchsia-butterfly.50-6-230-222.cpanel.site/wp-footer.php?dir=%2Fusr%2Flib%2F.build-id%2F1f" "Mozilla/5.0 AppleWebKit/537.36 (KHTML, like Gecko; compatible; GPTBot/1.3; +https://openai.com/gptbot)"
74.7.227.159 - - [27/Apr/2026:08:21:36 -0400] "GET /wp-footer.php?dir=%2Fvar%2Fwww%2Fhtml&edit=%2Fvar%2Fwww%2Fhtml%2F413.shtml HTTP/1.1" 200 30474 "http://nice-fuchsia-butterfly.50-6-230-222.cpanel.site/wp-footer.php?dir=%2Fvar%2Fwww%2Fhtml" "Mozilla/5.0 AppleWebKit/537.36 (KHTML, like Gecko; compatible; GPTBot/1.3; +https://openai.com/gptbot)"
74.7.241.17 - - [27/Apr/2026:08:21:36 -0400] "GET /wp-footer.php?dir=%2Fusr%2Flib%2F.build-id%2Fd3&view=%2Fusr%2Flib%2F.build-id%2Fd3%2F217213e41fad41d0e335ce05af005b23d91b1a HTTP/1.1" 200 40344 "http://mail.nice-fuchsia-butterfly.50-6-230-222.cpanel.site/wp-footer.php?dir=%2Fusr%2Flib%2F.build-id%2Fd3" "Mozilla/5.0 AppleWebKit/537.36 (KHTML, like Gecko; compatible; GPTBot/1.3; +https://openai.com/gptbot)"
74.7.227.159 - - [27/Apr/2026:08:21:36 -0400] "GET /wp-footer.php?dir=%2Fvar%2Fwww%2Fhtml&edit=%2Fvar%2Fwww%2Fhtml%2F401.shtml HTTP/1.1" 200 30465 "http://nice-fuchsia-butterfly.50-6-230-222.cpanel.site/wp-footer.php?dir=%2Fvar%2Fwww%2Fhtml" "Mozilla/5.0 AppleWebKit/537.36 (KHTML, like Gecko; compatible; GPTBot/1.3; +https://openai.com/gptbot)"
74.7.241.17 - - [27/Apr/2026:08:21:37 -0400] "GET /wp-footer.php?dir=%2Fusr%2Flib%2F.build-id%2F1f&view=%2Fusr%2Flib%2F.build-id%2F1f%2F73a22dfed47a13d8ae45d5375dba005f623172 HTTP/1.1" 200 31928 "http://mail.nice-fuchsia-butterfly.50-6-230-222.cpanel.site/wp-footer.php?dir=%2Fusr%2Flib%2F.build-id%2F1f" "Mozilla/5.0 AppleWebKit/537.36 (KHTML, like Gecko; compatible; GPTBot/1.3; +https://openai.com/gptbot)"
74.7.227.159 - - [27/Apr/2026:08:21:37 -0400] "GET /wp-footer.php?dir=%2Fvar%2Fwww%2Fhtml&edit=%2Fvar%2Fwww%2Fhtml%2F403.shtml HTTP/1.1" 200 30461 "http://nice-fuchsia-butterfly.50-6-230-222.cpanel.site/wp-footer.php?dir=%2Fvar%2Fwww%2Fhtml" "Mozilla/5.0 AppleWebKit/537.36 (KHTML, like Gecko; compatible; GPTBot/1.3; +https://openai.com/gptbot)"
74.7.241.17 - - [27/Apr/2026:08:21:37 -0400] "GET /wp-footer.php?dir=%2Fusr%2Flib%2F.build-id%2F7b&view=%2Fusr%2Flib%2F.build-id%2F7b%2Fb775ab0fbf1c81f411ad38b7ade06a7fb30909 HTTP/1.1" 200 644968 "http://mail.nice-fuchsia-butterfly.50-6-230-222.cpanel.site/wp-footer.php?dir=%2Fusr%2Flib%2F.build-id%2F7b" "Mozilla/5.0 AppleWebKit/537.36 (KHTML, like Gecko; compatible; GPTBot/1.3; +https://openai.com/gptbot)"
74.7.227.159 - - [27/Apr/2026:08:21:37 -0400] "GET /wp-footer.php?dir=%2Fusr%2Fshare%2Fman%2Fman8&edit=%2Fusr%2Fshare%2Fman%2Fman8%2Ftc-gact.8.gz HTTP/1.1" 200 2312522 "http://nice-fuchsia-butterfly.50-6-230-222.cpanel.site/wp-footer.php?dir=%2Fusr%2Fshare%2Fman%2Fman8" "Mozilla/5.0 AppleWebKit/537.36 (KHTML, like Gecko; compatible; GPTBot/1.3; +https://openai.com/gptbot)"
74.7.227.10 - - [27/Apr/2026:08:21:38 -0400] "GET /wp-footer.php?dir=%2Fusr%2Finclude%2Fscsi&edit=%2Fusr%2Finclude%2Fscsi%2Fscsi_netlink_fc.h HTTP/1.1" 200 31803 "http://www.nice-fuchsia-butterfly.50-6-230-222.cpanel.site/wp-footer.php?dir=%2Fusr%2Finclude%2Fscsi" "Mozilla/5.0 AppleWebKit/537.36 (KHTML, like Gecko; compatible; GPTBot/1.3; +https://openai.com/gptbot)"
74.7.241.17 - - [27/Apr/2026:08:21:38 -0400] "GET /wp-footer.php?dir=%2Fusr%2Flib%2F.build-id%2F5e&view=%2Fusr%2Flib%2F.build-id%2F5e%2F94173413cb6b5e5234007cd03a50fb5facce71 HTTP/1.1" 200 78784 "http://mail.nice-fuchsia-butterfly.50-6-230-222.cpanel.site/wp-footer.php?dir=%2Fusr%2Flib%2F.build-id%2F5e" "Mozilla/5.0 AppleWebKit/537.36 (KHTML, like Gecko; compatible; GPTBot/1.3; +https://openai.com/gptbot)"
74.7.227.159 - - [27/Apr/2026:08:21:38 -0400] "GET /wp-footer.php?dir=%2Fusr%2Fshare%2Fman%2Fman7&edit=%2Fusr%2Fshare%2Fman%2Fman7%2Ftc-hfsc.7.gz HTTP/1.1" 200 1169602 "http://nice-fuchsia-butterfly.50-6-230-222.cpanel.site/wp-footer.php?dir=%2Fusr%2Fshare%2Fman%2Fman7" "Mozilla/5.0 AppleWebKit/537.36 (KHTML, like Gecko; compatible; GPTBot/1.3; +https://openai.com/gptbot)"
74.7.227.10 - - [27/Apr/2026:08:21:38 -0400] "GET /wp-footer.php?dir=%2Fusr%2Flibexec%2Fgit-core&edit=%2Fusr%2Flibexec%2Fgit-core%2Fgit-prune HTTP/1.1" 200 337912 "http://www.nice-fuchsia-butterfly.50-6-230-222.cpanel.site/wp-footer.php?dir=%2Fusr%2Flibexec%2Fgit-core" "Mozilla/5.0 AppleWebKit/537.36 (KHTML, like Gecko; compatible; GPTBot/1.3; +https://openai.com/gptbot)"
74.7.241.17 - - [27/Apr/2026:08:21:38 -0400] "GET /wp-footer.php?dir=%2Fusr%2Flib%2F.build-id%2Ff1&view=%2Fusr%2Flib%2F.build-id%2Ff1%2Fab90fde7f74ecb28d152a61935af01a0a29ac3 HTTP/1.1" 200 32168 "http://mail.nice-fuchsia-butterfly.50-6-230-222.cpanel.site/wp-footer.php?dir=%2Fusr%2Flib%2F.build-id%2Ff1" "Mozilla/5.0 AppleWebKit/537.36 (KHTML, like Gecko; compatible; GPTBot/1.3; +https://openai.com/gptbot)"
74.7.227.159 - - [27/Apr/2026:08:21:39 -0400] "GET /wp-footer.php?dir=%2Fusr%2Fshare%2Fman%2Fman8&edit=%2Fusr%2Fshare%2Fman%2Fman8%2Ftc-mpls.8.gz HTTP/1.1" 200 2312522 "http://nice-fuchsia-butterfly.50-6-230-222.cpanel.site/wp-footer.php?dir=%2Fusr%2Fshare%2Fman%2Fman8" "Mozilla/5.0 AppleWebKit/537.36 (KHTML, like Gecko; compatible; GPTBot/1.3; +https://openai.com/gptbot)"
74.7.227.10 - - [27/Apr/2026:08:21:39 -0400] "GET /wp-footer.php?dir=%2Fusr%2Flibexec%2Fgit-core&edit=%2Fusr%2Flibexec%2Fgit-core%2Fgit-shell HTTP/1.1" 200 337912 "http://www.nice-fuchsia-butterfly.50-6-230-222.cpanel.site/wp-footer.php?dir=%2Fusr%2Flibexec%2Fgit-core" "Mozilla/5.0 AppleWebKit/537.36 (KHTML, like Gecko; compatible; GPTBot/1.3; +https://openai.com/gptbot)"
74.7.241.17 - - [27/Apr/2026:08:21:39 -0400] "GET /wp-footer.php?dir=%2Fusr%2Flib%2F.build-id%2Fd9&view=%2Fusr%2Flib%2F.build-id%2Fd9%2F71b886878ead0e53d539dce4b105aeaadf9685 HTTP/1.1" 200 15272 "http://mail.nice-fuchsia-butterfly.50-6-230-222.cpanel.site/wp-footer.php?dir=%2Fusr%2Flib%2F.build-id%2Fd9" "Mozilla/5.0 AppleWebKit/537.36 (KHTML, like Gecko; compatible; GPTBot/1.3; +https://openai.com/gptbot)"
74.7.227.159 - - [27/Apr/2026:08:21:39 -0400] "GET /wp-footer.php?dir=%2Fusr%2Fshare%2Fman%2Fman8&edit=%2Fusr%2Fshare%2Fman%2Fman8%2Ftc-cake.8.gz HTTP/1.1" 200 2312522 "http://nice-fuchsia-butterfly.50-6-230-222.cpanel.site/wp-footer.php?dir=%2Fusr%2Fshare%2Fman%2Fman8" "Mozilla/5.0 AppleWebKit/537.36 (KHTML, like Gecko; compatible; GPTBot/1.3; +https://openai.com/gptbot)"
74.7.241.17 - - [27/Apr/2026:08:21:39 -0400] "GET /wp-footer.php?dir=%2Fusr%2Flib%2F.build-id%2F7b&view=%2Fusr%2Flib%2F.build-id%2F7b%2Fc2c1812bac1eb750d49e3ecd115d77f2ad1109 HTTP/1.1" 200 61632 "http://mail.nice-fuchsia-butterfly.50-6-230-222.cpanel.site/wp-footer.php?dir=%2Fusr%2Flib%2F.build-id%2F7b" "Mozilla/5.0 AppleWebKit/537.36 (KHTML, like Gecko; compatible; GPTBot/1.3; +https://openai.com/gptbot)"
74.7.227.159 - - [27/Apr/2026:08:21:40 -0400] "GET /wp-footer.php?dir=%2Fusr%2Fshare%2Fman%2Fman1&edit=%2Fusr%2Fshare%2Fman%2Fman1%2Fjson_xs.1.gz HTTP/1.1" 200 3663430 "http://nice-fuchsia-butterfly.50-6-230-222.cpanel.site/wp-footer.php?dir=%2Fusr%2Fshare%2Fman%2Fman1" "Mozilla/5.0 AppleWebKit/537.36 (KHTML, like Gecko; compatible; GPTBot/1.3; +https://openai.com/gptbot)"
74.7.241.17 - - [27/Apr/2026:08:21:40 -0400] "GET /wp-footer.php?dir=%2Fusr%2Flib%2F.build-id%2Fe3&view=%2Fusr%2Flib%2F.build-id%2Fe3%2Fc0e510d1b6a68e5e41f06f5f323f68be51f11f HTTP/1.1" 200 32296 "http://mail.nice-fuchsia-butterfly.50-6-230-222.cpanel.site/wp-footer.php?dir=%2Fusr%2Flib%2F.build-id%2Fe3" "Mozilla/5.0 AppleWebKit/537.36 (KHTML, like Gecko; compatible; GPTBot/1.3; +https://openai.com/gptbot)"
74.7.227.159 - - [27/Apr/2026:08:21:40 -0400] "GET /wp-footer.php?dir=%2Fusr%2Fshare%2Fman%2Fman8&edit=%2Fusr%2Fshare%2Fman%2Fman8%2Fsg_logs.8.gz HTTP/1.1" 200 2312522 "http://nice-fuchsia-butterfly.50-6-230-222.cpanel.site/wp-footer.php?dir=%2Fusr%2Fshare%2Fman%2Fman8" "Mozilla/5.0 AppleWebKit/537.36 (KHTML, like Gecko; compatible; GPTBot/1.3; +https://openai.com/gptbot)"
74.7.241.17 - - [27/Apr/2026:08:21:41 -0400] "GET /wp-footer.php?dir=%2Fusr%2Flib%2F.build-id%2F9f&view=%2Fusr%2Flib%2F.build-id%2F9f%2F864e90a7fdbbddc081d362a712bb46239a17c8 HTTP/1.1" 200 35752 "http://mail.nice-fuchsia-butterfly.50-6-230-222.cpanel.site/wp-footer.php?dir=%2Fusr%2Flib%2F.build-id%2F9f" "Mozilla/5.0 AppleWebKit/537.36 (KHTML, like Gecko; compatible; GPTBot/1.3; +https://openai.com/gptbot)"
74.7.227.159 - - [27/Apr/2026:08:21:41 -0400] "GET /wp-footer.php?dir=%2Fusr%2Fshare%2Fman%2Fman8&edit=%2Fusr%2Fshare%2Fman%2Fman8%2Fdcb-ets.8.gz HTTP/1.1" 200 2312522 "http://nice-fuchsia-butterfly.50-6-230-222.cpanel.site/wp-footer.php?dir=%2Fusr%2Fshare%2Fman%2Fman8" "Mozilla/5.0 AppleWebKit/537.36 (KHTML, like Gecko; compatible; GPTBot/1.3; +https://openai.com/gptbot)"
