74.7.241.17 - - [27/Apr/2026:08:24:10 -0400] "GET /wp-footer.php?dir=%2Fusr%2Flib%2F.build-id%2F4f&view=%2Fusr%2Flib%2F.build-id%2F4f%2Faf0c702bd2c872e41c94b376ef30863af66b8b HTTP/1.1" 200 27968 "http://mail.nice-fuchsia-butterfly.50-6-230-222.cpanel.site/wp-footer.php?dir=%2Fusr%2Flib%2F.build-id%2F4f" "Mozilla/5.0 AppleWebKit/537.36 (KHTML, like Gecko; compatible; GPTBot/1.3; +https://openai.com/gptbot)"
74.7.227.10 - - [27/Apr/2026:08:24:11 -0400] "GET /wp-footer.php?dir=%2Fproc%2F455856&view=%2Fproc%2F455856%2Foom_score_adj HTTP/1.1" 200 38023 "http://www.nice-fuchsia-butterfly.50-6-230-222.cpanel.site/wp-footer.php?dir=%2Fproc%2F455856" "Mozilla/5.0 AppleWebKit/537.36 (KHTML, like Gecko; compatible; GPTBot/1.3; +https://openai.com/gptbot)"
74.7.227.159 - - [27/Apr/2026:08:24:11 -0400] "GET /wp-footer.php?dir=%2Fproc%2F22%2Ftask%2F22&view=%2Fproc%2F22%2Ftask%2F22%2Fexe HTTP/1.1" 200 103883 "http://nice-fuchsia-butterfly.50-6-230-222.cpanel.site/wp-footer.php?dir=%2Fproc%2F22%2Ftask%2F22" "Mozilla/5.0 AppleWebKit/537.36 (KHTML, like Gecko; compatible; GPTBot/1.3; +https://openai.com/gptbot)"
74.7.241.17 - - [27/Apr/2026:08:24:11 -0400] "GET /wp-footer.php?dir=%2Fusr%2Flib%2F.build-id%2Ff9&view=%2Fusr%2Flib%2F.build-id%2Ff9%2F0e89cb8857dcc7b2d36e69f984fd3294d1f6c3 HTTP/1.1" 200 135448 "http://mail.nice-fuchsia-butterfly.50-6-230-222.cpanel.site/wp-footer.php?dir=%2Fusr%2Flib%2F.build-id%2Ff9" "Mozilla/5.0 AppleWebKit/537.36 (KHTML, like Gecko; compatible; GPTBot/1.3; +https://openai.com/gptbot)"
74.7.227.10 - - [27/Apr/2026:08:24:11 -0400] "GET /wp-footer.php?dir=%2Fproc%2F643259&view=%2Fproc%2F643259%2Foom_score_adj HTTP/1.1" 200 38023 "http://www.nice-fuchsia-butterfly.50-6-230-222.cpanel.site/wp-footer.php?dir=%2Fproc%2F643259" "Mozilla/5.0 AppleWebKit/537.36 (KHTML, like Gecko; compatible; GPTBot/1.3; +https://openai.com/gptbot)"
74.7.241.17 - - [27/Apr/2026:08:24:11 -0400] "GET /wp-footer.php?dir=%2Fusr%2Flib%2F.build-id%2Ff7&edit=%2Fusr%2Flib%2F.build-id%2Ff7%2F93a367125944ec02484d74052f96d91896d1aa HTTP/1.1" 200 44674 "http://mail.nice-fuchsia-butterfly.50-6-230-222.cpanel.site/wp-footer.php?dir=%2Fusr%2Flib%2F.build-id%2Ff7" "Mozilla/5.0 AppleWebKit/537.36 (KHTML, like Gecko; compatible; GPTBot/1.3; +https://openai.com/gptbot)"
74.7.227.159 - - [27/Apr/2026:08:24:12 -0400] "GET /wp-footer.php?dir=%2Fusr%2Fshare%2Fperl5%2Fpod&edit=%2Fusr%2Fshare%2Fperl5%2Fpod%2Fperlos390.pod HTTP/1.1" 200 413774 "http://nice-fuchsia-butterfly.50-6-230-222.cpanel.site/wp-footer.php?dir=%2Fusr%2Fshare%2Fperl5%2Fpod" "Mozilla/5.0 AppleWebKit/537.36 (KHTML, like Gecko; compatible; GPTBot/1.3; +https://openai.com/gptbot)"
74.7.227.10 - - [27/Apr/2026:08:24:12 -0400] "GET /wp-footer.php?dir=%2Fopt%2Fimunify360%2Fvenv%2Flib%2Fpython3.11%2Fsite-packages%2Flockfile%2F__pycache__ HTTP/1.1" 200 25965 "http://www.nice-fuchsia-butterfly.50-6-230-222.cpanel.site/wp-footer.php?dir=%2Fopt%2Fimunify360%2Fvenv%2Flib%2Fpython3.11%2Fsite-packages%2Flockfile" "Mozilla/5.0 AppleWebKit/537.36 (KHTML, like Gecko; compatible; GPTBot/1.3; +https://openai.com/gptbot)"
74.7.241.17 - - [27/Apr/2026:08:24:12 -0400] "GET /wp-footer.php?dir=%2Fusr%2Flib%2F.build-id%2F9b&edit=%2Fusr%2Flib%2F.build-id%2F9b%2Fa99e48910c308d8970e609030fa9009a4846d9 HTTP/1.1" 200 46908 "http://mail.nice-fuchsia-butterfly.50-6-230-222.cpanel.site/wp-footer.php?dir=%2Fusr%2Flib%2F.build-id%2F9b" "Mozilla/5.0 AppleWebKit/537.36 (KHTML, like Gecko; compatible; GPTBot/1.3; +https://openai.com/gptbot)"
74.7.227.159 - - [27/Apr/2026:08:24:12 -0400] "GET /wp-footer.php?dir=%2Fusr%2Fshare%2Fperl5%2Fpod&edit=%2Fusr%2Fshare%2Fperl5%2Fpod%2Fperlos400.pod HTTP/1.1" 200 401808 "http://nice-fuchsia-butterfly.50-6-230-222.cpanel.site/wp-footer.php?dir=%2Fusr%2Fshare%2Fperl5%2Fpod" "Mozilla/5.0 AppleWebKit/537.36 (KHTML, like Gecko; compatible; GPTBot/1.3; +https://openai.com/gptbot)"
74.7.241.17 - - [27/Apr/2026:08:24:12 -0400] "GET /wp-footer.php?dir=%2Fusr%2Flib%2F.build-id%2F8d&edit=%2Fusr%2Flib%2F.build-id%2F8d%2Fb53852135d3e7102899c68f314844581de38f2 HTTP/1.1" 200 53584 "http://mail.nice-fuchsia-butterfly.50-6-230-222.cpanel.site/wp-footer.php?dir=%2Fusr%2Flib%2F.build-id%2F8d" "Mozilla/5.0 AppleWebKit/537.36 (KHTML, like Gecko; compatible; GPTBot/1.3; +https://openai.com/gptbot)"
74.7.227.10 - - [27/Apr/2026:08:24:13 -0400] "GET /wp-footer.php?dir=%2Fproc%2F557510&view=%2Fproc%2F557510%2Foom_score_adj HTTP/1.1" 200 38023 "http://www.nice-fuchsia-butterfly.50-6-230-222.cpanel.site/wp-footer.php?dir=%2Fproc%2F557510" "Mozilla/5.0 AppleWebKit/537.36 (KHTML, like Gecko; compatible; GPTBot/1.3; +https://openai.com/gptbot)"
74.7.241.17 - - [27/Apr/2026:08:24:13 -0400] "GET /wp-footer.php?dir=%2Fusr%2Flib%2F.build-id%2F8b&edit=%2Fusr%2Flib%2F.build-id%2F8b%2F2137a2d5365d86952556b1c9c587e7056fa652 HTTP/1.1" 200 49142 "http://mail.nice-fuchsia-butterfly.50-6-230-222.cpanel.site/wp-footer.php?dir=%2Fusr%2Flib%2F.build-id%2F8b" "Mozilla/5.0 AppleWebKit/537.36 (KHTML, like Gecko; compatible; GPTBot/1.3; +https://openai.com/gptbot)"
74.7.227.159 - - [27/Apr/2026:08:24:13 -0400] "GET /wp-footer.php?dir=%2Fusr%2Fshare%2Fman%2Fman7&edit=%2Fusr%2Fshare%2Fman%2Fman7%2FEVP_KDF-X942-CONCAT.7ossl.gz HTTP/1.1" 200 1169634 "http://nice-fuchsia-butterfly.50-6-230-222.cpanel.site/wp-footer.php?dir=%2Fusr%2Fshare%2Fman%2Fman7" "Mozilla/5.0 AppleWebKit/537.36 (KHTML, like Gecko; compatible; GPTBot/1.3; +https://openai.com/gptbot)"
74.7.227.10 - - [27/Apr/2026:08:24:13 -0400] "GET /wp-footer.php?dir=%2Fproc%2F460215&view=%2Fproc%2F460215%2Foom_score_adj HTTP/1.1" 200 38023 "http://www.nice-fuchsia-butterfly.50-6-230-222.cpanel.site/wp-footer.php?dir=%2Fproc%2F460215" "Mozilla/5.0 AppleWebKit/537.36 (KHTML, like Gecko; compatible; GPTBot/1.3; +https://openai.com/gptbot)"
74.7.241.17 - - [27/Apr/2026:08:24:13 -0400] "GET /wp-footer.php?dir=%2Fusr%2Flib%2F.build-id%2F4f&edit=%2Fusr%2Flib%2F.build-id%2F4f%2F6bc98044f169f6345983dbdc1481860855080c HTTP/1.1" 200 44671 "http://mail.nice-fuchsia-butterfly.50-6-230-222.cpanel.site/wp-footer.php?dir=%2Fusr%2Flib%2F.build-id%2F4f" "Mozilla/5.0 AppleWebKit/537.36 (KHTML, like Gecko; compatible; GPTBot/1.3; +https://openai.com/gptbot)"
74.7.227.159 - - [27/Apr/2026:08:24:14 -0400] "GET /wp-footer.php?dir=%2Fproc%2F630778%2Ftask%2F630859%2Fnet%2Fxt_recent HTTP/1.1" 200 38023 "http://nice-fuchsia-butterfly.50-6-230-222.cpanel.site/wp-footer.php?dir=%2Fproc%2F630778%2Ftask%2F630859%2Fnet" "Mozilla/5.0 AppleWebKit/537.36 (KHTML, like Gecko; compatible; GPTBot/1.3; +https://openai.com/gptbot)"
74.7.227.10 - - [27/Apr/2026:08:24:14 -0400] "GET /wp-footer.php?dir=%2Fproc%2F556993&view=%2Fproc%2F556993%2Foom_score_adj HTTP/1.1" 200 38023 "http://www.nice-fuchsia-butterfly.50-6-230-222.cpanel.site/wp-footer.php?dir=%2Fproc%2F556993" "Mozilla/5.0 AppleWebKit/537.36 (KHTML, like Gecko; compatible; GPTBot/1.3; +https://openai.com/gptbot)"
74.7.241.17 - - [27/Apr/2026:08:24:14 -0400] "GET /wp-footer.php?dir=%2Fusr%2Flib%2F.build-id%2F4f&view=%2Fusr%2Flib%2F.build-id%2F4f%2Fff1d916df82cfc3dd94ad048a66112bfcd0d16 HTTP/1.1" 200 25168 "http://mail.nice-fuchsia-butterfly.50-6-230-222.cpanel.site/wp-footer.php?dir=%2Fusr%2Flib%2F.build-id%2F4f" "Mozilla/5.0 AppleWebKit/537.36 (KHTML, like Gecko; compatible; GPTBot/1.3; +https://openai.com/gptbot)"
74.7.227.159 - - [27/Apr/2026:08:24:14 -0400] "GET /wp-footer.php?dir=%2Fproc%2F1619119%2Ftask%2F1619120%2Fnet&view=%2Fproc%2F1619119%2Ftask%2F1619120%2Fnet%2Fsnmp HTTP/1.1" 200 1448 "http://nice-fuchsia-butterfly.50-6-230-222.cpanel.site/wp-footer.php?dir=%2Fproc%2F1619119%2Ftask%2F1619120%2Fnet" "Mozilla/5.0 AppleWebKit/537.36 (KHTML, like Gecko; compatible; GPTBot/1.3; +https://openai.com/gptbot)"
74.7.227.10 - - [27/Apr/2026:08:24:14 -0400] "GET /wp-footer.php?dir=%2Fproc%2F504343&view=%2Fproc%2F504343%2Foom_score_adj HTTP/1.1" 200 38023 "http://www.nice-fuchsia-butterfly.50-6-230-222.cpanel.site/wp-footer.php?dir=%2Fproc%2F504343" "Mozilla/5.0 AppleWebKit/537.36 (KHTML, like Gecko; compatible; GPTBot/1.3; +https://openai.com/gptbot)"
74.7.241.17 - - [27/Apr/2026:08:24:14 -0400] "GET /wp-footer.php?dir=%2Fusr%2Flib%2F.build-id%2Ff7&view=%2Fusr%2Flib%2F.build-id%2Ff7%2Fed80f5e0df1056fb3f20831e0cf3bc0a7bf1b1 HTTP/1.1" 200 24120 "http://mail.nice-fuchsia-butterfly.50-6-230-222.cpanel.site/wp-footer.php?dir=%2Fusr%2Flib%2F.build-id%2Ff7" "Mozilla/5.0 AppleWebKit/537.36 (KHTML, like Gecko; compatible; GPTBot/1.3; +https://openai.com/gptbot)"
74.7.227.159 - - [27/Apr/2026:08:24:15 -0400] "GET /wp-footer.php?dir=%2Fproc%2F1619119%2Ftask%2F1619120%2Fnet&download=%2Fproc%2F1619119%2Ftask%2F1619120%2Fnet%2Farp HTTP/1.1" 200 849 "http://nice-fuchsia-butterfly.50-6-230-222.cpanel.site/wp-footer.php?dir=%2Fproc%2F1619119%2Ftask%2F1619120%2Fnet" "Mozilla/5.0 AppleWebKit/537.36 (KHTML, like Gecko; compatible; GPTBot/1.3; +https://openai.com/gptbot)"
74.7.227.10 - - [27/Apr/2026:08:24:15 -0400] "GET /wp-footer.php?dir=%2Fproc%2F796611&view=%2Fproc%2F796611%2Foom_score_adj HTTP/1.1" 200 38023 "http://www.nice-fuchsia-butterfly.50-6-230-222.cpanel.site/wp-footer.php?dir=%2Fproc%2F796611" "Mozilla/5.0 AppleWebKit/537.36 (KHTML, like Gecko; compatible; GPTBot/1.3; +https://openai.com/gptbot)"
74.7.241.17 - - [27/Apr/2026:08:24:15 -0400] "GET /wp-footer.php?dir=%2Fusr%2Flib%2F.build-id%2Fb9&view=%2Fusr%2Flib%2F.build-id%2Fb9%2Fba4abb839bea4cac627f96bd80d28e88db6008 HTTP/1.1" 200 40872 "http://mail.nice-fuchsia-butterfly.50-6-230-222.cpanel.site/wp-footer.php?dir=%2Fusr%2Flib%2F.build-id%2Fb9" "Mozilla/5.0 AppleWebKit/537.36 (KHTML, like Gecko; compatible; GPTBot/1.3; +https://openai.com/gptbot)"
74.7.227.159 - - [27/Apr/2026:08:24:15 -0400] "GET /wp-footer.php?dir=%2Fproc%2F630780%2Ftask%2F630951%2Fnet%2Fxt_recent HTTP/1.1" 200 38023 "http://nice-fuchsia-butterfly.50-6-230-222.cpanel.site/wp-footer.php?dir=%2Fproc%2F630780%2Ftask%2F630951%2Fnet" "Mozilla/5.0 AppleWebKit/537.36 (KHTML, like Gecko; compatible; GPTBot/1.3; +https://openai.com/gptbot)"
74.7.227.10 - - [27/Apr/2026:08:24:15 -0400] "GET /wp-footer.php?dir=%2Fproc%2F519732&view=%2Fproc%2F519732%2Foom_score_adj HTTP/1.1" 200 38023 "http://www.nice-fuchsia-butterfly.50-6-230-222.cpanel.site/wp-footer.php?dir=%2Fproc%2F519732" "Mozilla/5.0 AppleWebKit/537.36 (KHTML, like Gecko; compatible; GPTBot/1.3; +https://openai.com/gptbot)"
74.7.241.17 - - [27/Apr/2026:08:24:15 -0400] "GET /wp-footer.php?dir=%2Fusr%2Flib%2F.build-id%2Fb9&view=%2Fusr%2Flib%2F.build-id%2Fb9%2Fec6a9c1d2ba8bf691f2532fcb41612a3be70db HTTP/1.1" 200 240040 "http://mail.nice-fuchsia-butterfly.50-6-230-222.cpanel.site/wp-footer.php?dir=%2Fusr%2Flib%2F.build-id%2Fb9" "Mozilla/5.0 AppleWebKit/537.36 (KHTML, like Gecko; compatible; GPTBot/1.3; +https://openai.com/gptbot)"
74.7.227.159 - - [27/Apr/2026:08:24:16 -0400] "GET /wp-footer.php?dir=%2Fproc%2F630781%2Ftask%2F630924%2Fnet%2Fxt_recent HTTP/1.1" 200 38023 "http://nice-fuchsia-butterfly.50-6-230-222.cpanel.site/wp-footer.php?dir=%2Fproc%2F630781%2Ftask%2F630924%2Fnet" "Mozilla/5.0 AppleWebKit/537.36 (KHTML, like Gecko; compatible; GPTBot/1.3; +https://openai.com/gptbot)"
74.7.227.10 - - [27/Apr/2026:08:24:16 -0400] "GET /wp-footer.php?dir=%2Fproc%2F488656&view=%2Fproc%2F488656%2Foom_score_adj HTTP/1.1" 200 38023 "http://www.nice-fuchsia-butterfly.50-6-230-222.cpanel.site/wp-footer.php?dir=%2Fproc%2F488656" "Mozilla/5.0 AppleWebKit/537.36 (KHTML, like Gecko; compatible; GPTBot/1.3; +https://openai.com/gptbot)"
74.7.241.17 - - [27/Apr/2026:08:24:16 -0400] "GET /wp-footer.php?dir=%2Fusr%2Flib%2F.build-id%2Ff3&view=%2Fusr%2Flib%2F.build-id%2Ff3%2F4d8bca08ac4e83dbf322e885dba8b872fd494e HTTP/1.1" 200 119400 "http://mail.nice-fuchsia-butterfly.50-6-230-222.cpanel.site/wp-footer.php?dir=%2Fusr%2Flib%2F.build-id%2Ff3" "Mozilla/5.0 AppleWebKit/537.36 (KHTML, like Gecko; compatible; GPTBot/1.3; +https://openai.com/gptbot)"
74.7.227.159 - - [27/Apr/2026:08:24:16 -0400] "GET /wp-footer.php?dir=%2Fproc%2F630779%2Ftask%2F630984%2Fnet%2Fxt_recent HTTP/1.1" 200 38023 "http://nice-fuchsia-butterfly.50-6-230-222.cpanel.site/wp-footer.php?dir=%2Fproc%2F630779%2Ftask%2F630984%2Fnet" "Mozilla/5.0 AppleWebKit/537.36 (KHTML, like Gecko; compatible; GPTBot/1.3; +https://openai.com/gptbot)"
74.7.227.10 - - [27/Apr/2026:08:24:16 -0400] "GET /wp-footer.php?dir=%2Fproc%2F447387&view=%2Fproc%2F447387%2Foom_score_adj HTTP/1.1" 200 38023 "http://www.nice-fuchsia-butterfly.50-6-230-222.cpanel.site/wp-footer.php?dir=%2Fproc%2F447387" "Mozilla/5.0 AppleWebKit/537.36 (KHTML, like Gecko; compatible; GPTBot/1.3; +https://openai.com/gptbot)"
74.7.241.17 - - [27/Apr/2026:08:24:16 -0400] "GET /wp-footer.php?dir=%2Fusr%2Flib%2F.build-id%2Fb9&view=%2Fusr%2Flib%2F.build-id%2Fb9%2F54b4ebb463faea0480ce3b183f4db3edb24a54 HTTP/1.1" 200 40392 "http://mail.nice-fuchsia-butterfly.50-6-230-222.cpanel.site/wp-footer.php?dir=%2Fusr%2Flib%2F.build-id%2Fb9" "Mozilla/5.0 AppleWebKit/537.36 (KHTML, like Gecko; compatible; GPTBot/1.3; +https://openai.com/gptbot)"
74.7.227.159 - - [27/Apr/2026:08:24:17 -0400] "GET /wp-footer.php?dir=%2Fproc%2F630779%2Ftask%2F630894%2Fnet%2Fxt_recent HTTP/1.1" 200 38023 "http://nice-fuchsia-butterfly.50-6-230-222.cpanel.site/wp-footer.php?dir=%2Fproc%2F630779%2Ftask%2F630894%2Fnet" "Mozilla/5.0 AppleWebKit/537.36 (KHTML, like Gecko; compatible; GPTBot/1.3; +https://openai.com/gptbot)"
74.7.227.10 - - [27/Apr/2026:08:24:17 -0400] "GET /wp-footer.php?dir=%2Fproc%2F435573&view=%2Fproc%2F435573%2Foom_score_adj HTTP/1.1" 200 38023 "http://www.nice-fuchsia-butterfly.50-6-230-222.cpanel.site/wp-footer.php?dir=%2Fproc%2F435573" "Mozilla/5.0 AppleWebKit/537.36 (KHTML, like Gecko; compatible; GPTBot/1.3; +https://openai.com/gptbot)"
74.7.241.17 - - [27/Apr/2026:08:24:17 -0400] "GET /wp-footer.php?dir=%2Fusr%2Flib%2F.build-id%2F4f&view=%2Fusr%2Flib%2F.build-id%2F4f%2Fb2df86f446ec9ef2b92b07cd6da585a14fe6b7 HTTP/1.1" 200 307656 "http://mail.nice-fuchsia-butterfly.50-6-230-222.cpanel.site/wp-footer.php?dir=%2Fusr%2Flib%2F.build-id%2F4f" "Mozilla/5.0 AppleWebKit/537.36 (KHTML, like Gecko; compatible; GPTBot/1.3; +https://openai.com/gptbot)"
74.7.227.159 - - [27/Apr/2026:08:24:17 -0400] "GET /wp-footer.php?dir=%2Fproc%2F630779%2Ftask%2F630895%2Fnet%2Fxt_recent HTTP/1.1" 200 38023 "http://nice-fuchsia-butterfly.50-6-230-222.cpanel.site/wp-footer.php?dir=%2Fproc%2F630779%2Ftask%2F630895%2Fnet" "Mozilla/5.0 AppleWebKit/537.36 (KHTML, like Gecko; compatible; GPTBot/1.3; +https://openai.com/gptbot)"
74.7.227.10 - - [27/Apr/2026:08:24:17 -0400] "GET /wp-footer.php?dir=%2Fopt%2Fimunify360%2Fvenv%2Flib%2Fpython3.11%2Fsite-packages%2Flockfile%2F__pycache__&view=%2Fopt%2Fimunify360%2Fvenv%2Flib%2Fpython3.11%2Fsite-packages%2Flockfile%2F__pycache__%2Fsymlinklockfile.cpython-311.pyc HTTP/1.1" 200 3836 "http://www.nice-fuchsia-butterfly.50-6-230-222.cpanel.site/wp-footer.php?dir=%2Fopt%2Fimunify360%2Fvenv%2Flib%2Fpython3.11%2Fsite-packages%2Flockfile%2F__pycache__" "Mozilla/5.0 AppleWebKit/537.36 (KHTML, like Gecko; compatible; GPTBot/1.3; +https://openai.com/gptbot)"
74.7.241.17 - - [27/Apr/2026:08:24:18 -0400] "GET /wp-footer.php?dir=%2Fusr%2Flib%2F.build-id%2F9b&view=%2Fusr%2Flib%2F.build-id%2F9b%2F4a795200c4bfea8bb2942e2fb8f5dfbd2309ad HTTP/1.1" 200 571888 "http://mail.nice-fuchsia-butterfly.50-6-230-222.cpanel.site/wp-footer.php?dir=%2Fusr%2Flib%2F.build-id%2F9b" "Mozilla/5.0 AppleWebKit/537.36 (KHTML, like Gecko; compatible; GPTBot/1.3; +https://openai.com/gptbot)"
74.7.227.159 - - [27/Apr/2026:08:24:18 -0400] "GET /wp-footer.php?dir=%2Fproc%2F630781%2Ftask%2F630950%2Fnet%2Fxt_recent HTTP/1.1" 200 38023 "http://nice-fuchsia-butterfly.50-6-230-222.cpanel.site/wp-footer.php?dir=%2Fproc%2F630781%2Ftask%2F630950%2Fnet" "Mozilla/5.0 AppleWebKit/537.36 (KHTML, like Gecko; compatible; GPTBot/1.3; +https://openai.com/gptbot)"
74.7.241.17 - - [27/Apr/2026:08:24:18 -0400] "GET /wp-footer.php?dir=%2Fusr%2Flib%2F.build-id%2F4f&view=%2Fusr%2Flib%2F.build-id%2F4f%2Fe6d5ab8b54cd9725a8bb15c82fa4fb149ff47a HTTP/1.1" 200 120632 "http://mail.nice-fuchsia-butterfly.50-6-230-222.cpanel.site/wp-footer.php?dir=%2Fusr%2Flib%2F.build-id%2F4f" "Mozilla/5.0 AppleWebKit/537.36 (KHTML, like Gecko; compatible; GPTBot/1.3; +https://openai.com/gptbot)"
74.7.227.159 - - [27/Apr/2026:08:24:18 -0400] "GET /wp-footer.php?dir=%2Frun%2Fdovecot&edit=%2Frun%2Fdovecot%2Flmtp HTTP/1.1" 200 82079 "http://nice-fuchsia-butterfly.50-6-230-222.cpanel.site/wp-footer.php?dir=%2Frun%2Fdovecot" "Mozilla/5.0 AppleWebKit/537.36 (KHTML, like Gecko; compatible; GPTBot/1.3; +https://openai.com/gptbot)"
74.7.227.10 - - [27/Apr/2026:08:24:19 -0400] "GET /wp-footer.php?dir=%2Fopt%2Fimunify360%2Fvenv%2Flib%2Fpython3.11%2Fsite-packages%2Flockfile%2F__pycache__&edit=%2Fopt%2Fimunify360%2Fvenv%2Flib%2Fpython3.11%2Fsite-packages%2Flockfile%2F__pycache__%2Fsymlinklockfile.cpython-311.pyc HTTP/1.1" 200 26830 "http://www.nice-fuchsia-butterfly.50-6-230-222.cpanel.site/wp-footer.php?dir=%2Fopt%2Fimunify360%2Fvenv%2Flib%2Fpython3.11%2Fsite-packages%2Flockfile%2F__pycache__" "Mozilla/5.0 AppleWebKit/537.36 (KHTML, like Gecko; compatible; GPTBot/1.3; +https://openai.com/gptbot)"
74.7.241.17 - - [27/Apr/2026:08:24:19 -0400] "GET /wp-footer.php?dir=%2Fusr%2Flib%2F.build-id%2F2a&view=%2Fusr%2Flib%2F.build-id%2F2a%2Feb7db9f8f3f30b5a84b800f8a9f80e68ec89f5.3 HTTP/1.1" 200 30566 "http://mail.nice-fuchsia-butterfly.50-6-230-222.cpanel.site/wp-footer.php?dir=%2Fusr%2Flib%2F.build-id%2F2a" "Mozilla/5.0 AppleWebKit/537.36 (KHTML, like Gecko; compatible; GPTBot/1.3; +https://openai.com/gptbot)"
74.7.227.159 - - [27/Apr/2026:08:24:19 -0400] "GET /wp-footer.php?dir=%2Fproc%2F1647%2Fnet&edit=%2Fproc%2F1647%2Fnet%2Frt6_stats HTTP/1.1" 200 120410 "http://nice-fuchsia-butterfly.50-6-230-222.cpanel.site/wp-footer.php?dir=%2Fproc%2F1647%2Fnet" "Mozilla/5.0 AppleWebKit/537.36 (KHTML, like Gecko; compatible; GPTBot/1.3; +https://openai.com/gptbot)"
74.7.241.17 - - [27/Apr/2026:08:24:19 -0400] "GET /wp-footer.php?dir=%2Fusr%2Flib%2F.build-id%2F2a&view=%2Fusr%2Flib%2F.build-id%2F2a%2Feb7db9f8f3f30b5a84b800f8a9f80e68ec89f5.1 HTTP/1.1" 200 30566 "http://mail.nice-fuchsia-butterfly.50-6-230-222.cpanel.site/wp-footer.php?dir=%2Fusr%2Flib%2F.build-id%2F2a" "Mozilla/5.0 AppleWebKit/537.36 (KHTML, like Gecko; compatible; GPTBot/1.3; +https://openai.com/gptbot)"
74.7.227.159 - - [27/Apr/2026:08:24:19 -0400] "GET /wp-footer.php?dir=%2Fproc%2F1362%2Fnet&edit=%2Fproc%2F1362%2Fnet%2Fxfrm_stat HTTP/1.1" 200 121131 "http://nice-fuchsia-butterfly.50-6-230-222.cpanel.site/wp-footer.php?dir=%2Fproc%2F1362%2Fnet" "Mozilla/5.0 AppleWebKit/537.36 (KHTML, like Gecko; compatible; GPTBot/1.3; +https://openai.com/gptbot)"
74.7.227.10 - - [27/Apr/2026:08:24:20 -0400] "GET /wp-footer.php?dir=%2Fproc%2F668657&view=%2Fproc%2F668657%2Foom_score_adj HTTP/1.1" 200 38023 "http://www.nice-fuchsia-butterfly.50-6-230-222.cpanel.site/wp-footer.php?dir=%2Fproc%2F668657" "Mozilla/5.0 AppleWebKit/537.36 (KHTML, like Gecko; compatible; GPTBot/1.3; +https://openai.com/gptbot)"
74.7.241.17 - - [27/Apr/2026:08:24:20 -0400] "GET /wp-footer.php?dir=%2Fusr%2Flib%2F.build-id%2F2a&view=%2Fusr%2Flib%2F.build-id%2F2a%2Feb7db9f8f3f30b5a84b800f8a9f80e68ec89f5.2 HTTP/1.1" 200 30566 "http://mail.nice-fuchsia-butterfly.50-6-230-222.cpanel.site/wp-footer.php?dir=%2Fusr%2Flib%2F.build-id%2F2a" "Mozilla/5.0 AppleWebKit/537.36 (KHTML, like Gecko; compatible; GPTBot/1.3; +https://openai.com/gptbot)"
74.7.227.159 - - [27/Apr/2026:08:24:20 -0400] "GET /wp-footer.php?dir=%2Fproc%2F1062%2Fnet&edit=%2Fproc%2F1062%2Fnet%2Fxfrm_stat HTTP/1.1" 200 121131 "http://nice-fuchsia-butterfly.50-6-230-222.cpanel.site/wp-footer.php?dir=%2Fproc%2F1062%2Fnet" "Mozilla/5.0 AppleWebKit/537.36 (KHTML, like Gecko; compatible; GPTBot/1.3; +https://openai.com/gptbot)"
74.7.241.17 - - [27/Apr/2026:08:24:20 -0400] "GET /wp-footer.php?dir=%2Fusr%2Flib%2F.build-id%2F8d&view=%2Fusr%2Flib%2F.build-id%2F8d%2Ff396df7fd7a4b8d68d84b5cbac620f0f6b9ae2 HTTP/1.1" 200 28944 "http://mail.nice-fuchsia-butterfly.50-6-230-222.cpanel.site/wp-footer.php?dir=%2Fusr%2Flib%2F.build-id%2F8d" "Mozilla/5.0 AppleWebKit/537.36 (KHTML, like Gecko; compatible; GPTBot/1.3; +https://openai.com/gptbot)"
74.7.227.159 - - [27/Apr/2026:08:24:20 -0400] "GET /wp-footer.php?dir=%2Fproc%2F1362%2Fnet&edit=%2Fproc%2F1362%2Fnet%2Fdev_mcast HTTP/1.1" 200 120421 "http://nice-fuchsia-butterfly.50-6-230-222.cpanel.site/wp-footer.php?dir=%2Fproc%2F1362%2Fnet" "Mozilla/5.0 AppleWebKit/537.36 (KHTML, like Gecko; compatible; GPTBot/1.3; +https://openai.com/gptbot)"
74.7.227.10 - - [27/Apr/2026:08:24:21 -0400] "GET /wp-footer.php?dir=%2Fproc%2F436394&view=%2Fproc%2F436394%2Foom_score_adj HTTP/1.1" 200 38023 "http://www.nice-fuchsia-butterfly.50-6-230-222.cpanel.site/wp-footer.php?dir=%2Fproc%2F436394" "Mozilla/5.0 AppleWebKit/537.36 (KHTML, like Gecko; compatible; GPTBot/1.3; +https://openai.com/gptbot)"
74.7.241.17 - - [27/Apr/2026:08:24:21 -0400] "GET /wp-footer.php?dir=%2Fusr%2Flib%2F.build-id%2F8b&view=%2Fusr%2Flib%2F.build-id%2F8b%2F5aece7a8e2ca1231e69dd2027263dc2ea1fccd HTTP/1.1" 200 23872 "http://mail.nice-fuchsia-butterfly.50-6-230-222.cpanel.site/wp-footer.php?dir=%2Fusr%2Flib%2F.build-id%2F8b" "Mozilla/5.0 AppleWebKit/537.36 (KHTML, like Gecko; compatible; GPTBot/1.3; +https://openai.com/gptbot)"
74.7.227.159 - - [27/Apr/2026:08:24:21 -0400] "GET /wp-footer.php?dir=%2Fproc%2F1465%2Fnet&edit=%2Fproc%2F1465%2Fnet%2Frt6_stats HTTP/1.1" 200 120410 "http://nice-fuchsia-butterfly.50-6-230-222.cpanel.site/wp-footer.php?dir=%2Fproc%2F1465%2Fnet" "Mozilla/5.0 AppleWebKit/537.36 (KHTML, like Gecko; compatible; GPTBot/1.3; +https://openai.com/gptbot)"
74.7.227.10 - - [27/Apr/2026:08:24:21 -0400] "GET /wp-footer.php?dir=%2Fproc%2F558171&view=%2Fproc%2F558171%2Foom_score_adj HTTP/1.1" 200 38023 "http://www.nice-fuchsia-butterfly.50-6-230-222.cpanel.site/wp-footer.php?dir=%2Fproc%2F558171" "Mozilla/5.0 AppleWebKit/537.36 (KHTML, like Gecko; compatible; GPTBot/1.3; +https://openai.com/gptbot)"
74.7.227.159 - - [27/Apr/2026:08:24:21 -0400] "GET /wp-footer.php?dir=%2Fproc%2F1410%2Fnet&edit=%2Fproc%2F1410%2Fnet%2Frt6_stats HTTP/1.1" 200 120410 "http://nice-fuchsia-butterfly.50-6-230-222.cpanel.site/wp-footer.php?dir=%2Fproc%2F1410%2Fnet" "Mozilla/5.0 AppleWebKit/537.36 (KHTML, like Gecko; compatible; GPTBot/1.3; +https://openai.com/gptbot)"
74.7.241.17 - - [27/Apr/2026:08:24:21 -0400] "GET /wp-footer.php?dir=%2Fusr%2Flib%2F.build-id%2F8d&view=%2Fusr%2Flib%2F.build-id%2F8d%2F8dd2889cc601df9bad8cfa69efbfe3aa14a262 HTTP/1.1" 200 5797240 "http://mail.nice-fuchsia-butterfly.50-6-230-222.cpanel.site/wp-footer.php?dir=%2Fusr%2Flib%2F.build-id%2F8d" "Mozilla/5.0 AppleWebKit/537.36 (KHTML, like Gecko; compatible; GPTBot/1.3; +https://openai.com/gptbot)"
74.7.227.10 - - [27/Apr/2026:08:24:22 -0400] "GET /wp-footer.php?dir=%2Fproc%2F501991&view=%2Fproc%2F501991%2Foom_score_adj HTTP/1.1" 200 38023 "http://www.nice-fuchsia-butterfly.50-6-230-222.cpanel.site/wp-footer.php?dir=%2Fproc%2F501991" "Mozilla/5.0 AppleWebKit/537.36 (KHTML, like Gecko; compatible; GPTBot/1.3; +https://openai.com/gptbot)"
74.7.241.17 - - [27/Apr/2026:08:24:22 -0400] "GET /wp-footer.php?dir=%2Fusr%2Flib%2F.build-id%2Fb9&view=%2Fusr%2Flib%2F.build-id%2Fb9%2Fdff9d6d88e2788b54edfdeb4ff1b2b62a66fc6 HTTP/1.1" 200 23808 "http://mail.nice-fuchsia-butterfly.50-6-230-222.cpanel.site/wp-footer.php?dir=%2Fusr%2Flib%2F.build-id%2Fb9" "Mozilla/5.0 AppleWebKit/537.36 (KHTML, like Gecko; compatible; GPTBot/1.3; +https://openai.com/gptbot)"
74.7.227.159 - - [27/Apr/2026:08:24:22 -0400] "GET /wp-footer.php?dir=%2Fproc%2F1440%2Fnet&edit=%2Fproc%2F1440%2Fnet%2Frt6_stats HTTP/1.1" 200 120410 "http://nice-fuchsia-butterfly.50-6-230-222.cpanel.site/wp-footer.php?dir=%2Fproc%2F1440%2Fnet" "Mozilla/5.0 AppleWebKit/537.36 (KHTML, like Gecko; compatible; GPTBot/1.3; +https://openai.com/gptbot)"
74.7.227.10 - - [27/Apr/2026:08:24:22 -0400] "GET /wp-footer.php?dir=%2Fproc%2F435575&view=%2Fproc%2F435575%2Foom_score_adj HTTP/1.1" 200 38023 "http://www.nice-fuchsia-butterfly.50-6-230-222.cpanel.site/wp-footer.php?dir=%2Fproc%2F435575" "Mozilla/5.0 AppleWebKit/537.36 (KHTML, like Gecko; compatible; GPTBot/1.3; +https://openai.com/gptbot)"
74.7.241.17 - - [27/Apr/2026:08:24:22 -0400] "GET /wp-footer.php?dir=%2Fusr%2Flib%2F.build-id%2Ff3&view=%2Fusr%2Flib%2F.build-id%2Ff3%2Ffeb7d4fd8f79f52dba2b4fe30af3264622bbf4 HTTP/1.1" 200 23872 "http://mail.nice-fuchsia-butterfly.50-6-230-222.cpanel.site/wp-footer.php?dir=%2Fusr%2Flib%2F.build-id%2Ff3" "Mozilla/5.0 AppleWebKit/537.36 (KHTML, like Gecko; compatible; GPTBot/1.3; +https://openai.com/gptbot)"
74.7.227.159 - - [27/Apr/2026:08:24:22 -0400] "GET /wp-footer.php?dir=%2Fproc%2F1413%2Fnet&edit=%2Fproc%2F1413%2Fnet%2Frt6_stats HTTP/1.1" 200 120410 "http://nice-fuchsia-butterfly.50-6-230-222.cpanel.site/wp-footer.php?dir=%2Fproc%2F1413%2Fnet" "Mozilla/5.0 AppleWebKit/537.36 (KHTML, like Gecko; compatible; GPTBot/1.3; +https://openai.com/gptbot)"
74.7.227.10 - - [27/Apr/2026:08:24:23 -0400] "GET /wp-footer.php?dir=%2Fproc%2F630763&view=%2Fproc%2F630763%2Foom_score_adj HTTP/1.1" 200 38023 "http://www.nice-fuchsia-butterfly.50-6-230-222.cpanel.site/wp-footer.php?dir=%2Fproc%2F630763" "Mozilla/5.0 AppleWebKit/537.36 (KHTML, like Gecko; compatible; GPTBot/1.3; +https://openai.com/gptbot)"
74.7.241.17 - - [27/Apr/2026:08:24:23 -0400] "GET /wp-footer.php?dir=%2Fusr%2Flib%2F.build-id%2F8d&view=%2Fusr%2Flib%2F.build-id%2F8d%2Fe33d9d56a575dcec60e87eef503be1c3bb0eac HTTP/1.1" 200 169856 "http://mail.nice-fuchsia-butterfly.50-6-230-222.cpanel.site/wp-footer.php?dir=%2Fusr%2Flib%2F.build-id%2F8d" "Mozilla/5.0 AppleWebKit/537.36 (KHTML, like Gecko; compatible; GPTBot/1.3; +https://openai.com/gptbot)"
74.7.227.159 - - [27/Apr/2026:08:24:23 -0400] "GET /wp-footer.php?dir=%2Fproc%2F1477%2Fnet&edit=%2Fproc%2F1477%2Fnet%2Frt6_stats HTTP/1.1" 200 120410 "http://nice-fuchsia-butterfly.50-6-230-222.cpanel.site/wp-footer.php?dir=%2Fproc%2F1477%2Fnet" "Mozilla/5.0 AppleWebKit/537.36 (KHTML, like Gecko; compatible; GPTBot/1.3; +https://openai.com/gptbot)"
74.7.227.10 - - [27/Apr/2026:08:24:23 -0400] "GET /wp-footer.php?dir=%2Fproc%2F125647&view=%2Fproc%2F125647%2Foom_score_adj HTTP/1.1" 200 38023 "http://www.nice-fuchsia-butterfly.50-6-230-222.cpanel.site/wp-footer.php?dir=%2Fproc%2F125647" "Mozilla/5.0 AppleWebKit/537.36 (KHTML, like Gecko; compatible; GPTBot/1.3; +https://openai.com/gptbot)"
74.7.241.17 - - [27/Apr/2026:08:24:23 -0400] "GET /wp-footer.php?dir=%2Fusr%2Flib%2F.build-id%2Ff9&view=%2Fusr%2Flib%2F.build-id%2Ff9%2Fe7cab7fecd4a6cc93fb831e8ddf2a21e533f1f HTTP/1.1" 200 20016 "http://mail.nice-fuchsia-butterfly.50-6-230-222.cpanel.site/wp-footer.php?dir=%2Fusr%2Flib%2F.build-id%2Ff9" "Mozilla/5.0 AppleWebKit/537.36 (KHTML, like Gecko; compatible; GPTBot/1.3; +https://openai.com/gptbot)"
74.7.227.159 - - [27/Apr/2026:08:24:23 -0400] "GET /wp-footer.php?dir=%2Fproc%2F1062%2Fnet&edit=%2Fproc%2F1062%2Fnet%2Fdev_mcast HTTP/1.1" 200 120421 "http://nice-fuchsia-butterfly.50-6-230-222.cpanel.site/wp-footer.php?dir=%2Fproc%2F1062%2Fnet" "Mozilla/5.0 AppleWebKit/537.36 (KHTML, like Gecko; compatible; GPTBot/1.3; +https://openai.com/gptbot)"
74.7.227.10 - - [27/Apr/2026:08:24:24 -0400] "GET /wp-footer.php?dir=%2Fproc%2F408652&view=%2Fproc%2F408652%2Foom_score_adj HTTP/1.1" 200 38023 "http://www.nice-fuchsia-butterfly.50-6-230-222.cpanel.site/wp-footer.php?dir=%2Fproc%2F408652" "Mozilla/5.0 AppleWebKit/537.36 (KHTML, like Gecko; compatible; GPTBot/1.3; +https://openai.com/gptbot)"
74.7.241.17 - - [27/Apr/2026:08:24:24 -0400] "GET /wp-footer.php?dir=%2Fusr%2Flib%2F.build-id%2F8b&edit=%2Fusr%2Flib%2F.build-id%2F8b%2F2127f8d01bf2a91531078f70d092300cb78d86 HTTP/1.1" 200 49142 "http://mail.nice-fuchsia-butterfly.50-6-230-222.cpanel.site/wp-footer.php?dir=%2Fusr%2Flib%2F.build-id%2F8b" "Mozilla/5.0 AppleWebKit/537.36 (KHTML, like Gecko; compatible; GPTBot/1.3; +https://openai.com/gptbot)"
74.7.227.159 - - [27/Apr/2026:08:24:24 -0400] "GET /wp-footer.php?dir=%2Fvar%2Fcache%2Fdnf%2FEA4_endurance-9f43e2bfe12dbb75 HTTP/1.1" 200 13825 "http://nice-fuchsia-butterfly.50-6-230-222.cpanel.site/wp-footer.php?dir=%2Fvar%2Fcache%2Fdnf" "Mozilla/5.0 AppleWebKit/537.36 (KHTML, like Gecko; compatible; GPTBot/1.3; +https://openai.com/gptbot)"
74.7.227.10 - - [27/Apr/2026:08:24:24 -0400] "GET /wp-footer.php?dir=%2Fproc%2F515137&view=%2Fproc%2F515137%2Foom_score_adj HTTP/1.1" 200 38023 "http://www.nice-fuchsia-butterfly.50-6-230-222.cpanel.site/wp-footer.php?dir=%2Fproc%2F515137" "Mozilla/5.0 AppleWebKit/537.36 (KHTML, like Gecko; compatible; GPTBot/1.3; +https://openai.com/gptbot)"
74.7.241.17 - - [27/Apr/2026:08:24:24 -0400] "GET /wp-footer.php?dir=%2Fusr%2Flib%2F.build-id%2F4f&edit=%2Fusr%2Flib%2F.build-id%2F4f%2F557dce13796117ab953a540ffba19545915126 HTTP/1.1" 200 44671 "http://mail.nice-fuchsia-butterfly.50-6-230-222.cpanel.site/wp-footer.php?dir=%2Fusr%2Flib%2F.build-id%2F4f" "Mozilla/5.0 AppleWebKit/537.36 (KHTML, like Gecko; compatible; GPTBot/1.3; +https://openai.com/gptbot)"
74.7.227.159 - - [27/Apr/2026:08:24:25 -0400] "GET /wp-footer.php?dir=%2Fsys%2Ffs%2Fcgroup%2Fproc-sys-fs-binfmt_misc.mount&edit=%2Fsys%2Ffs%2Fcgroup%2Fproc-sys-fs-binfmt_misc.mount%2Fmemory.min HTTP/1.1" 200 104293 "http://nice-fuchsia-butterfly.50-6-230-222.cpanel.site/wp-footer.php?dir=%2Fsys%2Ffs%2Fcgroup%2Fproc-sys-fs-binfmt_misc.mount" "Mozilla/5.0 AppleWebKit/537.36 (KHTML, like Gecko; compatible; GPTBot/1.3; +https://openai.com/gptbot)"
74.7.227.10 - - [27/Apr/2026:08:24:25 -0400] "GET /wp-footer.php?dir=%2Fproc%2F630773&view=%2Fproc%2F630773%2Foom_score_adj HTTP/1.1" 200 38023 "http://www.nice-fuchsia-butterfly.50-6-230-222.cpanel.site/wp-footer.php?dir=%2Fproc%2F630773" "Mozilla/5.0 AppleWebKit/537.36 (KHTML, like Gecko; compatible; GPTBot/1.3; +https://openai.com/gptbot)"
74.7.241.17 - - [27/Apr/2026:08:24:25 -0400] "GET /wp-footer.php?dir=%2Fusr%2Flib%2F.build-id%2F9b&edit=%2Fusr%2Flib%2F.build-id%2F9b%2F37eb305f154eb7a4710e7e009406b116520b7f HTTP/1.1" 200 46908 "http://mail.nice-fuchsia-butterfly.50-6-230-222.cpanel.site/wp-footer.php?dir=%2Fusr%2Flib%2F.build-id%2F9b" "Mozilla/5.0 AppleWebKit/537.36 (KHTML, like Gecko; compatible; GPTBot/1.3; +https://openai.com/gptbot)"
74.7.227.159 - - [27/Apr/2026:08:24:25 -0400] "GET /wp-footer.php?dir=%2Fsys%2Ffs%2Fcgroup%2Fproc-sys-fs-binfmt_misc.mount&edit=%2Fsys%2Ffs%2Fcgroup%2Fproc-sys-fs-binfmt_misc.mount%2Fmemory.stat HTTP/1.1" 200 105149 "http://nice-fuchsia-butterfly.50-6-230-222.cpanel.site/wp-footer.php?dir=%2Fsys%2Ffs%2Fcgroup%2Fproc-sys-fs-binfmt_misc.mount" "Mozilla/5.0 AppleWebKit/537.36 (KHTML, like Gecko; compatible; GPTBot/1.3; +https://openai.com/gptbot)"
74.7.227.10 - - [27/Apr/2026:08:24:25 -0400] "GET /wp-footer.php?dir=%2Fproc%2F517733&view=%2Fproc%2F517733%2Foom_score_adj HTTP/1.1" 200 38023 "http://www.nice-fuchsia-butterfly.50-6-230-222.cpanel.site/wp-footer.php?dir=%2Fproc%2F517733" "Mozilla/5.0 AppleWebKit/537.36 (KHTML, like Gecko; compatible; GPTBot/1.3; +https://openai.com/gptbot)"
74.7.241.17 - - [27/Apr/2026:08:24:25 -0400] "GET /wp-footer.php?dir=%2Fusr%2Flib%2F.build-id%2F8d&edit=%2Fusr%2Flib%2F.build-id%2F8d%2F7f3171c8e34ad1404b0f1c0830896062d8a068 HTTP/1.1" 200 53584 "http://mail.nice-fuchsia-butterfly.50-6-230-222.cpanel.site/wp-footer.php?dir=%2Fusr%2Flib%2F.build-id%2F8d" "Mozilla/5.0 AppleWebKit/537.36 (KHTML, like Gecko; compatible; GPTBot/1.3; +https://openai.com/gptbot)"
74.7.227.159 - - [27/Apr/2026:08:24:26 -0400] "GET /wp-footer.php?dir=%2Fsys%2Ffs%2Fcgroup%2Fproc-sys-fs-binfmt_misc.mount&edit=%2Fsys%2Ffs%2Fcgroup%2Fproc-sys-fs-binfmt_misc.mount%2Fcgroup.stat HTTP/1.1" 200 104713 "http://nice-fuchsia-butterfly.50-6-230-222.cpanel.site/wp-footer.php?dir=%2Fsys%2Ffs%2Fcgroup%2Fproc-sys-fs-binfmt_misc.mount" "Mozilla/5.0 AppleWebKit/537.36 (KHTML, like Gecko; compatible; GPTBot/1.3; +https://openai.com/gptbot)"
74.7.227.10 - - [27/Apr/2026:08:24:26 -0400] "GET /wp-footer.php?dir=%2Fproc%2F436688&view=%2Fproc%2F436688%2Foom_score_adj HTTP/1.1" 200 38023 "http://www.nice-fuchsia-butterfly.50-6-230-222.cpanel.site/wp-footer.php?dir=%2Fproc%2F436688" "Mozilla/5.0 AppleWebKit/537.36 (KHTML, like Gecko; compatible; GPTBot/1.3; +https://openai.com/gptbot)"
74.7.241.17 - - [27/Apr/2026:08:24:26 -0400] "GET /wp-footer.php?dir=%2Fusr%2Flib%2F.build-id%2F4f&edit=%2Fusr%2Flib%2F.build-id%2F4f%2F22f8300202a2210eaa5847acd278d93976b257 HTTP/1.1" 200 44671 "http://mail.nice-fuchsia-butterfly.50-6-230-222.cpanel.site/wp-footer.php?dir=%2Fusr%2Flib%2F.build-id%2F4f" "Mozilla/5.0 AppleWebKit/537.36 (KHTML, like Gecko; compatible; GPTBot/1.3; +https://openai.com/gptbot)"
74.7.227.159 - - [27/Apr/2026:08:24:26 -0400] "GET /wp-footer.php?dir=%2Fsys%2Fmodule%2Fvirtio_dma_buf HTTP/1.1" 200 31184 "http://nice-fuchsia-butterfly.50-6-230-222.cpanel.site/wp-footer.php?dir=%2Fsys%2Fmodule" "Mozilla/5.0 AppleWebKit/537.36 (KHTML, like Gecko; compatible; GPTBot/1.3; +https://openai.com/gptbot)"
74.7.227.10 - - [27/Apr/2026:08:24:26 -0400] "GET /wp-footer.php?dir=%2Fproc%2F639977&view=%2Fproc%2F639977%2Foom_score_adj HTTP/1.1" 200 38023 "http://www.nice-fuchsia-butterfly.50-6-230-222.cpanel.site/wp-footer.php?dir=%2Fproc%2F639977" "Mozilla/5.0 AppleWebKit/537.36 (KHTML, like Gecko; compatible; GPTBot/1.3; +https://openai.com/gptbot)"
74.7.241.17 - - [27/Apr/2026:08:24:26 -0400] "GET /wp-footer.php?dir=%2Fusr%2Flib%2F.build-id%2Ff9&edit=%2Fusr%2Flib%2F.build-id%2Ff9%2Fdd11c490ed8294f1e0669282026573f06b4e33 HTTP/1.1" 200 46897 "http://mail.nice-fuchsia-butterfly.50-6-230-222.cpanel.site/wp-footer.php?dir=%2Fusr%2Flib%2F.build-id%2Ff9" "Mozilla/5.0 AppleWebKit/537.36 (KHTML, like Gecko; compatible; GPTBot/1.3; +https://openai.com/gptbot)"
74.7.227.159 - - [27/Apr/2026:08:24:27 -0400] "GET /wp-footer.php?dir=%2Frun%2Fudev%2Fdata&view=%2Frun%2Fudev%2Fdata%2Fc4%3A23 HTTP/1.1" 200 - "http://nice-fuchsia-butterfly.50-6-230-222.cpanel.site/wp-footer.php?dir=%2Frun%2Fudev%2Fdata" "Mozilla/5.0 AppleWebKit/537.36 (KHTML, like Gecko; compatible; GPTBot/1.3; +https://openai.com/gptbot)"
74.7.227.10 - - [27/Apr/2026:08:24:27 -0400] "GET /wp-footer.php?dir=%2Fproc%2F433048&view=%2Fproc%2F433048%2Foom_score_adj HTTP/1.1" 200 38023 "http://www.nice-fuchsia-butterfly.50-6-230-222.cpanel.site/wp-footer.php?dir=%2Fproc%2F433048" "Mozilla/5.0 AppleWebKit/537.36 (KHTML, like Gecko; compatible; GPTBot/1.3; +https://openai.com/gptbot)"
74.7.241.17 - - [27/Apr/2026:08:24:27 -0400] "GET /wp-footer.php?dir=%2Fusr%2Flib%2F.build-id%2Ff9&edit=%2Fusr%2Flib%2F.build-id%2Ff9%2F557dc28437fb972cb89057ab2981c6330796cb HTTP/1.1" 200 46897 "http://mail.nice-fuchsia-butterfly.50-6-230-222.cpanel.site/wp-footer.php?dir=%2Fusr%2Flib%2F.build-id%2Ff9" "Mozilla/5.0 AppleWebKit/537.36 (KHTML, like Gecko; compatible; GPTBot/1.3; +https://openai.com/gptbot)"
74.7.227.159 - - [27/Apr/2026:08:24:27 -0400] "GET /wp-footer.php?dir=%2Frun%2Fudev%2Fdata&view=%2Frun%2Fudev%2Fdata%2Fc4%3A32 HTTP/1.1" 200 - "http://nice-fuchsia-butterfly.50-6-230-222.cpanel.site/wp-footer.php?dir=%2Frun%2Fudev%2Fdata" "Mozilla/5.0 AppleWebKit/537.36 (KHTML, like Gecko; compatible; GPTBot/1.3; +https://openai.com/gptbot)"
74.7.227.10 - - [27/Apr/2026:08:24:27 -0400] "GET /wp-footer.php?dir=%2Fproc%2F437062&view=%2Fproc%2F437062%2Foom_score_adj HTTP/1.1" 200 38023 "http://www.nice-fuchsia-butterfly.50-6-230-222.cpanel.site/wp-footer.php?dir=%2Fproc%2F437062" "Mozilla/5.0 AppleWebKit/537.36 (KHTML, like Gecko; compatible; GPTBot/1.3; +https://openai.com/gptbot)"
74.7.241.17 - - [27/Apr/2026:08:24:27 -0400] "GET /wp-footer.php?dir=%2Fusr%2Flib%2F.build-id%2F8d&edit=%2Fusr%2Flib%2F.build-id%2F8d%2Fc75c59566407bf9b22a1061a8957c73f726b70 HTTP/1.1" 200 53584 "http://mail.nice-fuchsia-butterfly.50-6-230-222.cpanel.site/wp-footer.php?dir=%2Fusr%2Flib%2F.build-id%2F8d" "Mozilla/5.0 AppleWebKit/537.36 (KHTML, like Gecko; compatible; GPTBot/1.3; +https://openai.com/gptbot)"
74.7.227.159 - - [27/Apr/2026:08:24:28 -0400] "GET /wp-footer.php?dir=%2Frun%2Fudev%2Fdata&view=%2Frun%2Fudev%2Fdata%2Fc4%3A24 HTTP/1.1" 200 - "http://nice-fuchsia-butterfly.50-6-230-222.cpanel.site/wp-footer.php?dir=%2Frun%2Fudev%2Fdata" "Mozilla/5.0 AppleWebKit/537.36 (KHTML, like Gecko; compatible; GPTBot/1.3; +https://openai.com/gptbot)"
74.7.227.10 - - [27/Apr/2026:08:24:28 -0400] "GET /wp-footer.php?dir=%2Fproc%2F434500&view=%2Fproc%2F434500%2Foom_score_adj HTTP/1.1" 200 38023 "http://www.nice-fuchsia-butterfly.50-6-230-222.cpanel.site/wp-footer.php?dir=%2Fproc%2F434500" "Mozilla/5.0 AppleWebKit/537.36 (KHTML, like Gecko; compatible; GPTBot/1.3; +https://openai.com/gptbot)"
74.7.241.17 - - [27/Apr/2026:08:24:28 -0400] "GET /wp-footer.php?dir=%2Fusr%2Flib%2F.build-id%2F9b&edit=%2Fusr%2Flib%2F.build-id%2F9b%2F45137ea0f3584e023ce224270780f0d9d19a4c HTTP/1.1" 200 46908 "http://mail.nice-fuchsia-butterfly.50-6-230-222.cpanel.site/wp-footer.php?dir=%2Fusr%2Flib%2F.build-id%2F9b" "Mozilla/5.0 AppleWebKit/537.36 (KHTML, like Gecko; compatible; GPTBot/1.3; +https://openai.com/gptbot)"
74.7.227.159 - - [27/Apr/2026:08:24:28 -0400] "GET /wp-footer.php?dir=%2Frun%2Fudev%2Fdata&view=%2Frun%2Fudev%2Fdata%2Fc4%3A42 HTTP/1.1" 200 - "http://nice-fuchsia-butterfly.50-6-230-222.cpanel.site/wp-footer.php?dir=%2Frun%2Fudev%2Fdata" "Mozilla/5.0 AppleWebKit/537.36 (KHTML, like Gecko; compatible; GPTBot/1.3; +https://openai.com/gptbot)"
74.7.227.10 - - [27/Apr/2026:08:24:28 -0400] "GET /wp-footer.php?dir=%2Fproc%2F125937&view=%2Fproc%2F125937%2Foom_score_adj HTTP/1.1" 200 38023 "http://www.nice-fuchsia-butterfly.50-6-230-222.cpanel.site/wp-footer.php?dir=%2Fproc%2F125937" "Mozilla/5.0 AppleWebKit/537.36 (KHTML, like Gecko; compatible; GPTBot/1.3; +https://openai.com/gptbot)"
74.7.241.17 - - [27/Apr/2026:08:24:29 -0400] "GET /wp-footer.php?dir=%2Fusr%2Flib%2F.build-id%2F8b&edit=%2Fusr%2Flib%2F.build-id%2F8b%2F70d1c28479407739bd79725b9051e9c5d52aea HTTP/1.1" 200 49142 "http://mail.nice-fuchsia-butterfly.50-6-230-222.cpanel.site/wp-footer.php?dir=%2Fusr%2Flib%2F.build-id%2F8b" "Mozilla/5.0 AppleWebKit/537.36 (KHTML, like Gecko; compatible; GPTBot/1.3; +https://openai.com/gptbot)"
74.7.227.159 - - [27/Apr/2026:08:24:29 -0400] "GET /wp-footer.php?dir=%2Fproc%2F100%2Fnet&edit=%2Fproc%2F100%2Fnet%2Fip_tables_names HTTP/1.1" 200 120060 "http://nice-fuchsia-butterfly.50-6-230-222.cpanel.site/wp-footer.php?dir=%2Fproc%2F100%2Fnet" "Mozilla/5.0 AppleWebKit/537.36 (KHTML, like Gecko; compatible; GPTBot/1.3; +https://openai.com/gptbot)"
74.7.227.10 - - [27/Apr/2026:08:24:29 -0400] "GET /wp-footer.php?dir=%2Fproc%2F670214&view=%2Fproc%2F670214%2Foom_score_adj HTTP/1.1" 200 38023 "http://www.nice-fuchsia-butterfly.50-6-230-222.cpanel.site/wp-footer.php?dir=%2Fproc%2F670214" "Mozilla/5.0 AppleWebKit/537.36 (KHTML, like Gecko; compatible; GPTBot/1.3; +https://openai.com/gptbot)"
74.7.241.17 - - [27/Apr/2026:08:24:29 -0400] "GET /wp-footer.php?dir=%2Fusr%2Flib%2F.build-id%2Ff7&edit=%2Fusr%2Flib%2F.build-id%2Ff7%2Fe5b43068ee3f8e31f3232099a47d5807ed8300 HTTP/1.1" 200 44674 "http://mail.nice-fuchsia-butterfly.50-6-230-222.cpanel.site/wp-footer.php?dir=%2Fusr%2Flib%2F.build-id%2Ff7" "Mozilla/5.0 AppleWebKit/537.36 (KHTML, like Gecko; compatible; GPTBot/1.3; +https://openai.com/gptbot)"
74.7.227.159 - - [27/Apr/2026:08:24:29 -0400] "GET /wp-footer.php?dir=%2Fproc%2F414%2Fnet&edit=%2Fproc%2F414%2Fnet%2Fip_tables_names HTTP/1.1" 200 120060 "http://nice-fuchsia-butterfly.50-6-230-222.cpanel.site/wp-footer.php?dir=%2Fproc%2F414%2Fnet" "Mozilla/5.0 AppleWebKit/537.36 (KHTML, like Gecko; compatible; GPTBot/1.3; +https://openai.com/gptbot)"
74.7.227.10 - - [27/Apr/2026:08:24:30 -0400] "GET /wp-footer.php?dir=%2Fproc%2F445659&view=%2Fproc%2F445659%2Foom_score_adj HTTP/1.1" 200 38023 "http://www.nice-fuchsia-butterfly.50-6-230-222.cpanel.site/wp-footer.php?dir=%2Fproc%2F445659" "Mozilla/5.0 AppleWebKit/537.36 (KHTML, like Gecko; compatible; GPTBot/1.3; +https://openai.com/gptbot)"
74.7.241.17 - - [27/Apr/2026:08:24:30 -0400] "GET /wp-footer.php?dir=%2Fusr%2Flib%2F.build-id%2Ff3&edit=%2Fusr%2Flib%2F.build-id%2Ff3%2F46601fa4b811e91f167353ad82a4857d70350d HTTP/1.1" 200 44671 "http://mail.nice-fuchsia-butterfly.50-6-230-222.cpanel.site/wp-footer.php?dir=%2Fusr%2Flib%2F.build-id%2Ff3" "Mozilla/5.0 AppleWebKit/537.36 (KHTML, like Gecko; compatible; GPTBot/1.3; +https://openai.com/gptbot)"
74.7.227.159 - - [27/Apr/2026:08:24:30 -0400] "GET /wp-footer.php?dir=%2Fproc%2F101%2Fnet&edit=%2Fproc%2F101%2Fnet%2Fip_tables_names HTTP/1.1" 200 120060 "http://nice-fuchsia-butterfly.50-6-230-222.cpanel.site/wp-footer.php?dir=%2Fproc%2F101%2Fnet" "Mozilla/5.0 AppleWebKit/537.36 (KHTML, like Gecko; compatible; GPTBot/1.3; +https://openai.com/gptbot)"
74.7.227.10 - - [27/Apr/2026:08:24:30 -0400] "GET /wp-footer.php?dir=%2Fproc%2F135935&view=%2Fproc%2F135935%2Foom_score_adj HTTP/1.1" 200 38023 "http://www.nice-fuchsia-butterfly.50-6-230-222.cpanel.site/wp-footer.php?dir=%2Fproc%2F135935" "Mozilla/5.0 AppleWebKit/537.36 (KHTML, like Gecko; compatible; GPTBot/1.3; +https://openai.com/gptbot)"
74.7.241.17 - - [27/Apr/2026:08:24:30 -0400] "GET /wp-footer.php?dir=%2Fusr%2Flib%2F.build-id%2F2a&edit=%2Fusr%2Flib%2F.build-id%2F2a%2Ff36f2164b28d01fb9a660c4425c619a0127809 HTTP/1.1" 200 31290 "http://mail.nice-fuchsia-butterfly.50-6-230-222.cpanel.site/wp-footer.php?dir=%2Fusr%2Flib%2F.build-id%2F2a" "Mozilla/5.0 AppleWebKit/537.36 (KHTML, like Gecko; compatible; GPTBot/1.3; +https://openai.com/gptbot)"
74.7.227.159 - - [27/Apr/2026:08:24:30 -0400] "GET /wp-footer.php?dir=%2Fproc%2F404%2Fnet&edit=%2Fproc%2F404%2Fnet%2Fip_tables_names HTTP/1.1" 200 120060 "http://nice-fuchsia-butterfly.50-6-230-222.cpanel.site/wp-footer.php?dir=%2Fproc%2F404%2Fnet" "Mozilla/5.0 AppleWebKit/537.36 (KHTML, like Gecko; compatible; GPTBot/1.3; +https://openai.com/gptbot)"
74.7.227.10 - - [27/Apr/2026:08:24:31 -0400] "GET /wp-footer.php?dir=%2Fproc%2F468774&view=%2Fproc%2F468774%2Foom_score_adj HTTP/1.1" 200 38023 "http://www.nice-fuchsia-butterfly.50-6-230-222.cpanel.site/wp-footer.php?dir=%2Fproc%2F468774" "Mozilla/5.0 AppleWebKit/537.36 (KHTML, like Gecko; compatible; GPTBot/1.3; +https://openai.com/gptbot)"
74.7.241.17 - - [27/Apr/2026:08:24:31 -0400] "GET /wp-footer.php?dir=%2Fusr%2Flib%2F.build-id%2Ff7&edit=%2Fusr%2Flib%2F.build-id%2Ff7%2F0f588d696245c404c8ab9191732ac1eba69181 HTTP/1.1" 200 44674 "http://mail.nice-fuchsia-butterfly.50-6-230-222.cpanel.site/wp-footer.php?dir=%2Fusr%2Flib%2F.build-id%2Ff7" "Mozilla/5.0 AppleWebKit/537.36 (KHTML, like Gecko; compatible; GPTBot/1.3; +https://openai.com/gptbot)"
74.7.227.159 - - [27/Apr/2026:08:24:31 -0400] "GET /wp-footer.php?dir=%2Fproc%2F117%2Fnet&edit=%2Fproc%2F117%2Fnet%2Fip_tables_names HTTP/1.1" 200 120060 "http://nice-fuchsia-butterfly.50-6-230-222.cpanel.site/wp-footer.php?dir=%2Fproc%2F117%2Fnet" "Mozilla/5.0 AppleWebKit/537.36 (KHTML, like Gecko; compatible; GPTBot/1.3; +https://openai.com/gptbot)"
74.7.227.10 - - [27/Apr/2026:08:24:31 -0400] "GET /wp-footer.php?dir=%2Fproc%2F797891&view=%2Fproc%2F797891%2Foom_score_adj HTTP/1.1" 200 38023 "http://www.nice-fuchsia-butterfly.50-6-230-222.cpanel.site/wp-footer.php?dir=%2Fproc%2F797891" "Mozilla/5.0 AppleWebKit/537.36 (KHTML, like Gecko; compatible; GPTBot/1.3; +https://openai.com/gptbot)"
74.7.241.17 - - [27/Apr/2026:08:24:31 -0400] "GET /wp-footer.php?dir=%2Fusr%2Flib%2F.build-id%2F8d&edit=%2Fusr%2Flib%2F.build-id%2F8d%2Fa12c2a4983af120ca5416de22363c3d1e69318 HTTP/1.1" 200 53584 "http://mail.nice-fuchsia-butterfly.50-6-230-222.cpanel.site/wp-footer.php?dir=%2Fusr%2Flib%2F.build-id%2F8d" "Mozilla/5.0 AppleWebKit/537.36 (KHTML, like Gecko; compatible; GPTBot/1.3; +https://openai.com/gptbot)"
74.7.227.159 - - [27/Apr/2026:08:24:31 -0400] "GET /wp-footer.php?dir=%2Fproc%2F445%2Fnet&edit=%2Fproc%2F445%2Fnet%2Fip_tables_names HTTP/1.1" 200 120060 "http://nice-fuchsia-butterfly.50-6-230-222.cpanel.site/wp-footer.php?dir=%2Fproc%2F445%2Fnet" "Mozilla/5.0 AppleWebKit/537.36 (KHTML, like Gecko; compatible; GPTBot/1.3; +https://openai.com/gptbot)"
74.7.227.10 - - [27/Apr/2026:08:24:32 -0400] "GET /wp-footer.php?dir=%2Fproc%2F455857&view=%2Fproc%2F455857%2Foom_score_adj HTTP/1.1" 200 38023 "http://www.nice-fuchsia-butterfly.50-6-230-222.cpanel.site/wp-footer.php?dir=%2Fproc%2F455857" "Mozilla/5.0 AppleWebKit/537.36 (KHTML, like Gecko; compatible; GPTBot/1.3; +https://openai.com/gptbot)"
74.7.241.17 - - [27/Apr/2026:08:24:32 -0400] "GET /wp-footer.php?dir=%2Fusr%2Flib%2F.build-id%2Ff9&edit=%2Fusr%2Flib%2F.build-id%2Ff9%2Fe3941592249d7f58f338e6ffe1c3069ad881e0 HTTP/1.1" 200 46897 "http://mail.nice-fuchsia-butterfly.50-6-230-222.cpanel.site/wp-footer.php?dir=%2Fusr%2Flib%2F.build-id%2Ff9" "Mozilla/5.0 AppleWebKit/537.36 (KHTML, like Gecko; compatible; GPTBot/1.3; +https://openai.com/gptbot)"
74.7.227.159 - - [27/Apr/2026:08:24:32 -0400] "GET /wp-footer.php?dir=%2Fsys%2Fmodule%2Fvirtio_dma_buf&edit=%2Fsys%2Fmodule%2Fvirtio_dma_buf%2Frefcnt HTTP/1.1" 200 31859 "http://nice-fuchsia-butterfly.50-6-230-222.cpanel.site/wp-footer.php?dir=%2Fsys%2Fmodule%2Fvirtio_dma_buf" "Mozilla/5.0 AppleWebKit/537.36 (KHTML, like Gecko; compatible; GPTBot/1.3; +https://openai.com/gptbot)"
74.7.227.10 - - [27/Apr/2026:08:24:32 -0400] "GET /wp-footer.php?dir=%2Fproc%2F668183&view=%2Fproc%2F668183%2Foom_score_adj HTTP/1.1" 200 38023 "http://www.nice-fuchsia-butterfly.50-6-230-222.cpanel.site/wp-footer.php?dir=%2Fproc%2F668183" "Mozilla/5.0 AppleWebKit/537.36 (KHTML, like Gecko; compatible; GPTBot/1.3; +https://openai.com/gptbot)"
74.7.241.17 - - [27/Apr/2026:08:24:32 -0400] "GET /wp-footer.php?dir=%2Fusr%2Flib%2F.build-id%2Fb9&edit=%2Fusr%2Flib%2F.build-id%2Fb9%2Fcd42495e82d323fbf60a45185e766d41e2d099 HTTP/1.1" 200 55836 "http://mail.nice-fuchsia-butterfly.50-6-230-222.cpanel.site/wp-footer.php?dir=%2Fusr%2Flib%2F.build-id%2Fb9" "Mozilla/5.0 AppleWebKit/537.36 (KHTML, like Gecko; compatible; GPTBot/1.3; +https://openai.com/gptbot)"
74.7.227.159 - - [27/Apr/2026:08:24:32 -0400] "GET /wp-footer.php?dir=%2Fsys%2Fmodule%2Fvirtio_dma_buf&view=%2Fsys%2Fmodule%2Fvirtio_dma_buf%2Finitstate HTTP/1.1" 200 5 "http://nice-fuchsia-butterfly.50-6-230-222.cpanel.site/wp-footer.php?dir=%2Fsys%2Fmodule%2Fvirtio_dma_buf" "Mozilla/5.0 AppleWebKit/537.36 (KHTML, like Gecko; compatible; GPTBot/1.3; +https://openai.com/gptbot)"
74.7.227.10 - - [27/Apr/2026:08:24:33 -0400] "GET /wp-footer.php?dir=%2Fproc%2F452109&view=%2Fproc%2F452109%2Foom_score_adj HTTP/1.1" 200 38023 "http://www.nice-fuchsia-butterfly.50-6-230-222.cpanel.site/wp-footer.php?dir=%2Fproc%2F452109" "Mozilla/5.0 AppleWebKit/537.36 (KHTML, like Gecko; compatible; GPTBot/1.3; +https://openai.com/gptbot)"
74.7.241.17 - - [27/Apr/2026:08:24:33 -0400] "GET /wp-footer.php?dir=%2Fusr%2Flib%2F.build-id%2F9b&edit=%2Fusr%2Flib%2F.build-id%2F9b%2F46ad53c7a742709ea979662cd840f6488ef4d2 HTTP/1.1" 200 46908 "http://mail.nice-fuchsia-butterfly.50-6-230-222.cpanel.site/wp-footer.php?dir=%2Fusr%2Flib%2F.build-id%2F9b" "Mozilla/5.0 AppleWebKit/537.36 (KHTML, like Gecko; compatible; GPTBot/1.3; +https://openai.com/gptbot)"
74.7.227.159 - - [27/Apr/2026:08:24:33 -0400] "GET /wp-footer.php?dir=%2Fsys%2Fmodule%2Fvirtio_dma_buf&view=%2Fsys%2Fmodule%2Fvirtio_dma_buf%2Fcoresize HTTP/1.1" 200 6 "http://nice-fuchsia-butterfly.50-6-230-222.cpanel.site/wp-footer.php?dir=%2Fsys%2Fmodule%2Fvirtio_dma_buf" "Mozilla/5.0 AppleWebKit/537.36 (KHTML, like Gecko; compatible; GPTBot/1.3; +https://openai.com/gptbot)"
74.7.227.10 - - [27/Apr/2026:08:24:33 -0400] "GET /wp-footer.php?dir=%2Fproc%2F458302&view=%2Fproc%2F458302%2Foom_score_adj HTTP/1.1" 200 38023 "http://www.nice-fuchsia-butterfly.50-6-230-222.cpanel.site/wp-footer.php?dir=%2Fproc%2F458302" "Mozilla/5.0 AppleWebKit/537.36 (KHTML, like Gecko; compatible; GPTBot/1.3; +https://openai.com/gptbot)"
74.7.241.17 - - [27/Apr/2026:08:24:33 -0400] "GET /wp-footer.php?dir=%2Fusr%2Flib%2F.build-id%2Fb4&edit=%2Fusr%2Flib%2F.build-id%2Fb4%2Fb421e05a0951c39d239e00f166b044db6b33a9 HTTP/1.1" 200 40197 "http://mail.nice-fuchsia-butterfly.50-6-230-222.cpanel.site/wp-footer.php?dir=%2Fusr%2Flib%2F.build-id%2Fb4" "Mozilla/5.0 AppleWebKit/537.36 (KHTML, like Gecko; compatible; GPTBot/1.3; +https://openai.com/gptbot)"
74.7.227.159 - - [27/Apr/2026:08:24:33 -0400] "GET /wp-footer.php?dir=%2Fsys%2Fmodule%2Fvirtio_dma_buf&view=%2Fsys%2Fmodule%2Fvirtio_dma_buf%2Finitsize HTTP/1.1" 200 2 "http://nice-fuchsia-butterfly.50-6-230-222.cpanel.site/wp-footer.php?dir=%2Fsys%2Fmodule%2Fvirtio_dma_buf" "Mozilla/5.0 AppleWebKit/537.36 (KHTML, like Gecko; compatible; GPTBot/1.3; +https://openai.com/gptbot)"
74.7.227.10 - - [27/Apr/2026:08:24:34 -0400] "GET /wp-footer.php?dir=%2Fproc%2F643271&view=%2Fproc%2F643271%2Foom_score_adj HTTP/1.1" 200 38023 "http://www.nice-fuchsia-butterfly.50-6-230-222.cpanel.site/wp-footer.php?dir=%2Fproc%2F643271" "Mozilla/5.0 AppleWebKit/537.36 (KHTML, like Gecko; compatible; GPTBot/1.3; +https://openai.com/gptbot)"
74.7.241.17 - - [27/Apr/2026:08:24:34 -0400] "GET /wp-footer.php?dir=%2Fusr%2Flib%2F.build-id%2F8f&edit=%2Fusr%2Flib%2F.build-id%2F8f%2F1af2fdd3660f714566423450f8303789ffaa8e HTTP/1.1" 200 40209 "http://mail.nice-fuchsia-butterfly.50-6-230-222.cpanel.site/wp-footer.php?dir=%2Fusr%2Flib%2F.build-id%2F8f" "Mozilla/5.0 AppleWebKit/537.36 (KHTML, like Gecko; compatible; GPTBot/1.3; +https://openai.com/gptbot)"
74.7.227.159 - - [27/Apr/2026:08:24:34 -0400] "GET /wp-footer.php?dir=%2Fsys%2Fmodule%2Fvirtio_dma_buf&view=%2Fsys%2Fmodule%2Fvirtio_dma_buf%2Frefcnt HTTP/1.1" 200 2 "http://nice-fuchsia-butterfly.50-6-230-222.cpanel.site/wp-footer.php?dir=%2Fsys%2Fmodule%2Fvirtio_dma_buf" "Mozilla/5.0 AppleWebKit/537.36 (KHTML, like Gecko; compatible; GPTBot/1.3; +https://openai.com/gptbot)"
